{"id":209129,"date":"2026-01-09T17:36:19","date_gmt":"2026-01-09T22:36:19","guid":{"rendered":"https:\/\/arriendo.com\/co\/%es_type%\/\/%neighborhood%\/AR-0\/"},"modified":"2026-01-09T17:36:19","modified_gmt":"2026-01-09T22:36:19","slug":"ar-209129","status":"publish","type":"properties","link":"https:\/\/arriendo.com\/co\/apartamentos\/bogota\/ciudadela-del-portal\/ar-209129\/","title":{"rendered":"Apartamento en Arriendo en Ciudadela del Portal, Bogot\u00e1"},"content":{"rendered":"<p>APARTAMENTO CON VISTA INTERIOR, AMPLIO, SIN PARQUEADEADERO,  LAS DOS HABITACIONES CON CLOSET, COCINA INTEGRAL A GAS, AL IGUAL QUE EL CALENTADOR, PISOS EN CER\u00c1MICA, CERCA A LA ESTACI\u00d3N DANUBIO Y PORTAL USME DE TRANSMILENIO Y AL CENTRO COMERCIAL ALTA VISTA.   INMOBILIARIA SU\u00c1REZ Y CRESPO S.A.S. 3106186656 &#8211; WHATSAPP 3117061638.<\/p>\n","protected":false},"excerpt":{"rendered":"APARTAMENTO CON VISTA INTERIOR, AMPLIO, SIN PARQUEADEADERO, LAS DOS HABITACIONES...","protected":false},"author":4102,"featured_media":209131,"template":"","es_locations":[110,77,2577],"es_categories":[124],"es_types":[114],"es_rent_periods":[],"es_labels":[],"es_statuses":[126],"es_parkings":[],"es_roofs":[],"es_exterior_materials":[],"es_basements":[],"es_floor_coverings":[],"es_features":[131,2145,2211,133,2146,2147,2196,2179,145,2181,2135,2136,2151,2152],"es_amenities":[152,2153,2210,2154,2155,2156,2197,154,2160,2142,2143,161,162,2162],"es_neighborhoods":[],"es_tags":[],"class_list":["post-209129","properties","type-properties","status-publish","has-post-thumbnail","hentry","es_location-bogota","es_location-bogota-d-c","es_location-ciudadela-del-portal","es_category-arriendo","es_type-apartamentos","es_status-usado","es_feature-ascensor","es_feature-calentador","es_feature-canchas-deportivas","es_feature-citofono","es_feature-cocina-integral","es_feature-cocina-tipo-americano","es_feature-en-conjunto-cerrado","es_feature-gimnasio","es_feature-instalacion-de-gas","es_feature-porteria-vigilancia","es_feature-sobre-via-principal","es_feature-trans-publico-cercano","es_feature-zona-de-lavanderia","es_feature-zona-residencial","es_amenity-ascensor-privado","es_amenity-calentador","es_amenity-canchas-deportivas","es_amenity-citofono","es_amenity-cocina-integral","es_amenity-cocina-tipo-americano","es_amenity-en-conjunto-cerrado","es_amenity-gimnasio","es_amenity-instalacion-de-gas","es_amenity-sobre-via-principal","es_amenity-trans-publico-cercano","es_amenity-vigilancia-24-7","es_amenity-zona-de-lavanderia","es_amenity-zona-residencial","es-post-entity"],"_links":{"self":[{"href":"https:\/\/arriendo.com\/co\/wp-json\/wp\/v2\/properties\/209129","targetHints":{"allow":["GET"]}}],"collection":[{"href":"https:\/\/arriendo.com\/co\/wp-json\/wp\/v2\/properties"}],"about":[{"href":"https:\/\/arriendo.com\/co\/wp-json\/wp\/v2\/types\/properties"}],"author":[{"embeddable":true,"href":"https:\/\/arriendo.com\/co\/wp-json\/wp\/v2\/users\/4102"}],"version-history":[{"count":0,"href":"https:\/\/arriendo.com\/co\/wp-json\/wp\/v2\/properties\/209129\/revisions"}],"wp:featuredmedia":[{"embeddable":true,"href":"https:\/\/arriendo.com\/co\/wp-json\/wp\/v2\/media\/209131"}],"wp:attachment":[{"href":"https:\/\/arriendo.com\/co\/wp-json\/wp\/v2\/media?parent=209129"}],"wp:term":[{"taxonomy":"es_location","embeddable":true,"href":"https:\/\/arriendo.com\/co\/wp-json\/wp\/v2\/es_locations?post=209129"},{"taxonomy":"es_category","embeddable":true,"href":"https:\/\/arriendo.com\/co\/wp-json\/wp\/v2\/es_categories?post=209129"},{"taxonomy":"es_type","embeddable":true,"href":"https:\/\/arriendo.com\/co\/wp-json\/wp\/v2\/es_types?post=209129"},{"taxonomy":"es_rent_period","embeddable":true,"href":"https:\/\/arriendo.com\/co\/wp-json\/wp\/v2\/es_rent_periods?post=209129"},{"taxonomy":"es_label","embeddable":true,"href":"https:\/\/arriendo.com\/co\/wp-json\/wp\/v2\/es_labels?post=209129"},{"taxonomy":"es_status","embeddable":true,"href":"https:\/\/arriendo.com\/co\/wp-json\/wp\/v2\/es_statuses?post=209129"},{"taxonomy":"es_parking","embeddable":true,"href":"https:\/\/arriendo.com\/co\/wp-json\/wp\/v2\/es_parkings?post=209129"},{"taxonomy":"es_roof","embeddable":true,"href":"https:\/\/arriendo.com\/co\/wp-json\/wp\/v2\/es_roofs?post=209129"},{"taxonomy":"es_exterior_material","embeddable":true,"href":"https:\/\/arriendo.com\/co\/wp-json\/wp\/v2\/es_exterior_materials?post=209129"},{"taxonomy":"es_basement","embeddable":true,"href":"https:\/\/arriendo.com\/co\/wp-json\/wp\/v2\/es_basements?post=209129"},{"taxonomy":"es_floor_covering","embeddable":true,"href":"https:\/\/arriendo.com\/co\/wp-json\/wp\/v2\/es_floor_coverings?post=209129"},{"taxonomy":"es_feature","embeddable":true,"href":"https:\/\/arriendo.com\/co\/wp-json\/wp\/v2\/es_features?post=209129"},{"taxonomy":"es_amenity","embeddable":true,"href":"https:\/\/arriendo.com\/co\/wp-json\/wp\/v2\/es_amenities?post=209129"},{"taxonomy":"es_neighborhood","embeddable":true,"href":"https:\/\/arriendo.com\/co\/wp-json\/wp\/v2\/es_neighborhoods?post=209129"},{"taxonomy":"es_tag","embeddable":true,"href":"https:\/\/arriendo.com\/co\/wp-json\/wp\/v2\/es_tags?post=209129"}],"curies":[{"name":"wp","href":"https:\/\/api.w.org\/{rel}","templated":true}]}}

Apartamento en Arriendo en Ciudadela del Portal, Bogotá

<p>APARTAMENTO CON VISTA INTERIOR, AMPLIO, SIN PARQUEADEADERO,  LAS DOS HABITACIONES CON CLOSET, COCINA INTEGRAL A GAS, AL IGUAL QUE EL CALENTADOR, PISOS EN CERÁMICA, CERCA A LA ESTACIÓN DANUBIO Y PORTAL USME DE TRANSMILENIO Y AL CENTRO COMERCIAL ALTA VISTA.   INMOBILIARIA SUÁREZ Y CRESPO S.A.S. 3106186656 &#8211; WHATSAPP 3117061638.</p>
