{"id":208995,"date":"2026-01-09T17:26:41","date_gmt":"2026-01-09T22:26:41","guid":{"rendered":"https:\/\/arriendo.com\/co\/%es_type%\/\/%neighborhood%\/AR-0\/"},"modified":"2026-01-09T17:26:41","modified_gmt":"2026-01-09T22:26:41","slug":"ar-208995","status":"publish","type":"properties","link":"https:\/\/arriendo.com\/co\/locales\/cartagena\/el-centro\/ar-208995\/","title":{"rendered":"Local en Arriendo en El centro, Cartagena"},"content":{"rendered":"<p>Ubicado en el coraz\u00f3n comercial de Cartagena, este local en el tercer piso de Centro Uno ofrece un espacio funcional y bien ubicado para negocios que busquen visibilidad y accesibilidad en una zona de alto movimiento. Con 77 m\u00b2, es ideal para showroom, oficina comercial, consultorio, punto de servicios, cowork peque\u00f1o o atenci\u00f3n al p\u00fablico.<\/p>\n","protected":false},"excerpt":{"rendered":"Ubicado en el coraz\u00f3n comercial de Cartagena, este local en...","protected":false},"author":4102,"featured_media":208997,"template":"","es_locations":[419,402,975],"es_categories":[124],"es_types":[117],"es_rent_periods":[],"es_labels":[],"es_statuses":[126],"es_parkings":[],"es_roofs":[],"es_exterior_materials":[],"es_basements":[],"es_floor_coverings":[],"es_features":[149,131,2454,2201,2455,2272,2365,2283,2135,2228,2137],"es_amenities":[2329,152,2456,2206,2457,2273,2366,2288,2142,2258,2144],"es_neighborhoods":[],"es_tags":[],"class_list":["post-208995","properties","type-properties","status-publish","has-post-thumbnail","hentry","es_location-bolivar","es_location-cartagena","es_location-el-centro","es_category-arriendo","es_type-locales","es_status-usado","es_feature-aire-acondicionado","es_feature-ascensor","es_feature-en-centro-comercial","es_feature-en-zona-comercial","es_feature-local-interior","es_feature-piso-en-baldosa-marmol","es_feature-planta-electrica","es_feature-servicio-de-internet","es_feature-sobre-via-principal","es_feature-ventilacion-natural","es_feature-zona-comercial","es_amenity-aire-acondicionado","es_amenity-ascensor-privado","es_amenity-en-centro-comercial","es_amenity-en-zona-comercial","es_amenity-local-interior","es_amenity-piso-en-baldosa-marmol","es_amenity-planta-electrica","es_amenity-servicio-de-internet","es_amenity-sobre-via-principal","es_amenity-ventilacion-natural","es_amenity-zona-comercial","es-post-entity"],"_links":{"self":[{"href":"https:\/\/arriendo.com\/co\/wp-json\/wp\/v2\/properties\/208995","targetHints":{"allow":["GET"]}}],"collection":[{"href":"https:\/\/arriendo.com\/co\/wp-json\/wp\/v2\/properties"}],"about":[{"href":"https:\/\/arriendo.com\/co\/wp-json\/wp\/v2\/types\/properties"}],"author":[{"embeddable":true,"href":"https:\/\/arriendo.com\/co\/wp-json\/wp\/v2\/users\/4102"}],"version-history":[{"count":0,"href":"https:\/\/arriendo.com\/co\/wp-json\/wp\/v2\/properties\/208995\/revisions"}],"wp:featuredmedia":[{"embeddable":true,"href":"https:\/\/arriendo.com\/co\/wp-json\/wp\/v2\/media\/208997"}],"wp:attachment":[{"href":"https:\/\/arriendo.com\/co\/wp-json\/wp\/v2\/media?parent=208995"}],"wp:term":[{"taxonomy":"es_location","embeddable":true,"href":"https:\/\/arriendo.com\/co\/wp-json\/wp\/v2\/es_locations?post=208995"},{"taxonomy":"es_category","embeddable":true,"href":"https:\/\/arriendo.com\/co\/wp-json\/wp\/v2\/es_categories?post=208995"},{"taxonomy":"es_type","embeddable":true,"href":"https:\/\/arriendo.com\/co\/wp-json\/wp\/v2\/es_types?post=208995"},{"taxonomy":"es_rent_period","embeddable":true,"href":"https:\/\/arriendo.com\/co\/wp-json\/wp\/v2\/es_rent_periods?post=208995"},{"taxonomy":"es_label","embeddable":true,"href":"https:\/\/arriendo.com\/co\/wp-json\/wp\/v2\/es_labels?post=208995"},{"taxonomy":"es_status","embeddable":true,"href":"https:\/\/arriendo.com\/co\/wp-json\/wp\/v2\/es_statuses?post=208995"},{"taxonomy":"es_parking","embeddable":true,"href":"https:\/\/arriendo.com\/co\/wp-json\/wp\/v2\/es_parkings?post=208995"},{"taxonomy":"es_roof","embeddable":true,"href":"https:\/\/arriendo.com\/co\/wp-json\/wp\/v2\/es_roofs?post=208995"},{"taxonomy":"es_exterior_material","embeddable":true,"href":"https:\/\/arriendo.com\/co\/wp-json\/wp\/v2\/es_exterior_materials?post=208995"},{"taxonomy":"es_basement","embeddable":true,"href":"https:\/\/arriendo.com\/co\/wp-json\/wp\/v2\/es_basements?post=208995"},{"taxonomy":"es_floor_covering","embeddable":true,"href":"https:\/\/arriendo.com\/co\/wp-json\/wp\/v2\/es_floor_coverings?post=208995"},{"taxonomy":"es_feature","embeddable":true,"href":"https:\/\/arriendo.com\/co\/wp-json\/wp\/v2\/es_features?post=208995"},{"taxonomy":"es_amenity","embeddable":true,"href":"https:\/\/arriendo.com\/co\/wp-json\/wp\/v2\/es_amenities?post=208995"},{"taxonomy":"es_neighborhood","embeddable":true,"href":"https:\/\/arriendo.com\/co\/wp-json\/wp\/v2\/es_neighborhoods?post=208995"},{"taxonomy":"es_tag","embeddable":true,"href":"https:\/\/arriendo.com\/co\/wp-json\/wp\/v2\/es_tags?post=208995"}],"curies":[{"name":"wp","href":"https:\/\/api.w.org\/{rel}","templated":true}]}}

<p>Ubicado en el corazón comercial de Cartagena, este local en el tercer piso de Centro Uno ofrece un espacio funcional y bien ubicado para negocios que busquen visibilidad y accesibilidad en una zona de alto movimiento. Con 77 m², es ideal para showroom, oficina comercial, consultorio, punto de servicios, cowork pequeño o atención al público.</p>

Ubicado en el corazón comercial de Cartagena, este local en...
