{"id":208799,"date":"2026-01-09T17:12:09","date_gmt":"2026-01-09T22:12:09","guid":{"rendered":"https:\/\/arriendo.com\/co\/%es_type%\/\/%neighborhood%\/AR-0\/"},"modified":"2026-01-09T17:12:09","modified_gmt":"2026-01-09T22:12:09","slug":"ar-208799","status":"publish","type":"properties","link":"https:\/\/arriendo.com\/co\/locales\/bogota\/entre-rios\/ar-208799\/","title":{"rendered":"Local en Arriendo en Entre Rios, Bogot\u00e1"},"content":{"rendered":"<p>Espectacular Local para su desarrollo de su actividad equipado con las siguientes elementos:<br \/>\n1-Salon principal bastante generoso en espacio, un espacio para adecuar una mini oficina, ba\u00f1o y lavadero y en la parte de atr\u00e1s un espacio que se puede adecuar para bodega, cuenta con servicios publicos como lo son agua y energ\u00eda el\u00e9ctrica, la administracion esta incluida en el valor del Canon, reci\u00e9n remodelado para estrenar nuevamente.<\/p>\n","protected":false},"excerpt":{"rendered":"Espectacular Local para su desarrollo de su actividad equipado con...","protected":false},"author":4102,"featured_media":208801,"template":"","es_locations":[110,77,2573],"es_categories":[124],"es_types":[117],"es_rent_periods":[],"es_labels":[],"es_statuses":[126],"es_parkings":[],"es_roofs":[],"es_exterior_materials":[],"es_basements":[],"es_floor_coverings":[],"es_features":[2265,2176,2385,2132,2272,2181,2135,2228,2242,2152],"es_amenities":[2268,2191,2386,2140,2273,2142,2258,161,2260,2162],"es_neighborhoods":[],"es_tags":[],"class_list":["post-208799","properties","type-properties","status-publish","has-post-thumbnail","hentry","es_location-bogota","es_location-bogota-d-c","es_location-entre-rios","es_category-arriendo","es_type-locales","es_status-usado","es_feature-bahia-exterior-de-parqueo","es_feature-en-zona-residencial","es_feature-local-exterior","es_feature-parques-cercanos","es_feature-piso-en-baldosa-marmol","es_feature-porteria-vigilancia","es_feature-sobre-via-principal","es_feature-ventilacion-natural","es_feature-vigilancia-privada-247","es_feature-zona-residencial","es_amenity-bahia-exterior-de-parqueo","es_amenity-en-zona-residencial","es_amenity-local-exterior","es_amenity-parques-cercanos","es_amenity-piso-en-baldosa-marmol","es_amenity-sobre-via-principal","es_amenity-ventilacion-natural","es_amenity-vigilancia-24-7","es_amenity-vigilancia-privada-247","es_amenity-zona-residencial","es-post-entity"],"_links":{"self":[{"href":"https:\/\/arriendo.com\/co\/wp-json\/wp\/v2\/properties\/208799","targetHints":{"allow":["GET"]}}],"collection":[{"href":"https:\/\/arriendo.com\/co\/wp-json\/wp\/v2\/properties"}],"about":[{"href":"https:\/\/arriendo.com\/co\/wp-json\/wp\/v2\/types\/properties"}],"author":[{"embeddable":true,"href":"https:\/\/arriendo.com\/co\/wp-json\/wp\/v2\/users\/4102"}],"version-history":[{"count":0,"href":"https:\/\/arriendo.com\/co\/wp-json\/wp\/v2\/properties\/208799\/revisions"}],"wp:featuredmedia":[{"embeddable":true,"href":"https:\/\/arriendo.com\/co\/wp-json\/wp\/v2\/media\/208801"}],"wp:attachment":[{"href":"https:\/\/arriendo.com\/co\/wp-json\/wp\/v2\/media?parent=208799"}],"wp:term":[{"taxonomy":"es_location","embeddable":true,"href":"https:\/\/arriendo.com\/co\/wp-json\/wp\/v2\/es_locations?post=208799"},{"taxonomy":"es_category","embeddable":true,"href":"https:\/\/arriendo.com\/co\/wp-json\/wp\/v2\/es_categories?post=208799"},{"taxonomy":"es_type","embeddable":true,"href":"https:\/\/arriendo.com\/co\/wp-json\/wp\/v2\/es_types?post=208799"},{"taxonomy":"es_rent_period","embeddable":true,"href":"https:\/\/arriendo.com\/co\/wp-json\/wp\/v2\/es_rent_periods?post=208799"},{"taxonomy":"es_label","embeddable":true,"href":"https:\/\/arriendo.com\/co\/wp-json\/wp\/v2\/es_labels?post=208799"},{"taxonomy":"es_status","embeddable":true,"href":"https:\/\/arriendo.com\/co\/wp-json\/wp\/v2\/es_statuses?post=208799"},{"taxonomy":"es_parking","embeddable":true,"href":"https:\/\/arriendo.com\/co\/wp-json\/wp\/v2\/es_parkings?post=208799"},{"taxonomy":"es_roof","embeddable":true,"href":"https:\/\/arriendo.com\/co\/wp-json\/wp\/v2\/es_roofs?post=208799"},{"taxonomy":"es_exterior_material","embeddable":true,"href":"https:\/\/arriendo.com\/co\/wp-json\/wp\/v2\/es_exterior_materials?post=208799"},{"taxonomy":"es_basement","embeddable":true,"href":"https:\/\/arriendo.com\/co\/wp-json\/wp\/v2\/es_basements?post=208799"},{"taxonomy":"es_floor_covering","embeddable":true,"href":"https:\/\/arriendo.com\/co\/wp-json\/wp\/v2\/es_floor_coverings?post=208799"},{"taxonomy":"es_feature","embeddable":true,"href":"https:\/\/arriendo.com\/co\/wp-json\/wp\/v2\/es_features?post=208799"},{"taxonomy":"es_amenity","embeddable":true,"href":"https:\/\/arriendo.com\/co\/wp-json\/wp\/v2\/es_amenities?post=208799"},{"taxonomy":"es_neighborhood","embeddable":true,"href":"https:\/\/arriendo.com\/co\/wp-json\/wp\/v2\/es_neighborhoods?post=208799"},{"taxonomy":"es_tag","embeddable":true,"href":"https:\/\/arriendo.com\/co\/wp-json\/wp\/v2\/es_tags?post=208799"}],"curies":[{"name":"wp","href":"https:\/\/api.w.org\/{rel}","templated":true}]}}

Local en Arriendo en Entre Rios, Bogotá

<p>Espectacular Local para su desarrollo de su actividad equipado con las siguientes elementos:<br />
1-Salon principal bastante generoso en espacio, un espacio para adecuar una mini oficina, baño y lavadero y en la parte de atrás un espacio que se puede adecuar para bodega, cuenta con servicios publicos como lo son agua y energía eléctrica, la administracion esta incluida en el valor del Canon, recién remodelado para estrenar nuevamente.</p>
