{"id":208649,"date":"2026-01-09T17:01:20","date_gmt":"2026-01-09T22:01:20","guid":{"rendered":"https:\/\/arriendo.com\/co\/%es_type%\/\/%neighborhood%\/AR-0\/"},"modified":"2026-01-09T17:01:20","modified_gmt":"2026-01-09T22:01:20","slug":"ar-208649","status":"publish","type":"properties","link":"https:\/\/arriendo.com\/co\/apartamentos\/bogota\/santa-barbara-occidental\/ar-208649\/","title":{"rendered":"Apartamento en  Arriendo en Santa barbara occidental, Bogot\u00e1"},"content":{"rendered":"<p>Excelente apartamento AMOBLADO. Se caracteriza por su iluminaci\u00f3n, comodidad y ubicaci\u00f3n. Cuenta con una cocina abierta de dise\u00f1o moderno, una acogedora sala-comedor y una elegante alcoba con vestier y ba\u00f1o privado, este espacio est\u00e1 dise\u00f1ado para tu bienestar con mobiliario de calidad. Aprovecha las ventajas de vivir cerca de Unicentro y disfruta de las excelentes amenidades del edificio, como sal\u00f3n social, gimnasio y terraza con BBQ. \u00a1Cont\u00e1ctanos y haz realidad tu sue\u00f1o de vivir aqu\u00ed! Al valor del arriendo se debe sumar el valor de la administraci\u00f3n.  196-315<\/p>\n","protected":false},"excerpt":{"rendered":"Excelente apartamento AMOBLADO. Se caracteriza por su iluminaci\u00f3n, comodidad y...","protected":false},"author":8369,"featured_media":208651,"template":"","es_locations":[110,77,211],"es_categories":[124],"es_types":[114],"es_rent_periods":[],"es_labels":[],"es_statuses":[126],"es_parkings":[],"es_roofs":[],"es_exterior_materials":[],"es_basements":[],"es_floor_coverings":[],"es_features":[2212,2263,2165,2166,2213,2202,2178,2179,2216,2418,2182,2167,2241,2184,2151,2185],"es_amenities":[2217,2269,2188,2189,2218,2207,2193,154,156,2419,159,2171,2259,2172,162,2173],"es_neighborhoods":[],"es_tags":[],"class_list":["post-208649","properties","type-properties","status-publish","has-post-thumbnail","hentry","es_location-bogota","es_location-bogota-d-c","es_location-santa-barbara-occidental","es_category-arriendo","es_type-apartamentos","es_status-usado","es_feature-bano-auxiliar","es_feature-barra-estilo-americano","es_feature-caldera","es_feature-closet","es_feature-comedor","es_feature-garaje-parqueaderos","es_feature-garaje-cubierto","es_feature-gimnasio","es_feature-parqueadero-visitantes","es_feature-piso-en-madera","es_feature-salon-comunal","es_feature-sauna-turco-jacuzzi","es_feature-vigilancia-24x7","es_feature-zona-de-bbq","es_feature-zona-de-lavanderia","es_feature-zona-infantil","es_amenity-bano-auxiliar","es_amenity-barra-estilo-americano","es_amenity-caldera","es_amenity-closet","es_amenity-comedor","es_amenity-garaje-parqueaderos","es_amenity-garaje-cubierto","es_amenity-gimnasio","es_amenity-parqueadero-visitantes","es_amenity-piso-en-madera","es_amenity-salon-comunal","es_amenity-sauna-turco-jacuzzi","es_amenity-vigilancia-24x7","es_amenity-zona-de-bbq","es_amenity-zona-de-lavanderia","es_amenity-zona-infantil","es-post-entity"],"_links":{"self":[{"href":"https:\/\/arriendo.com\/co\/wp-json\/wp\/v2\/properties\/208649","targetHints":{"allow":["GET"]}}],"collection":[{"href":"https:\/\/arriendo.com\/co\/wp-json\/wp\/v2\/properties"}],"about":[{"href":"https:\/\/arriendo.com\/co\/wp-json\/wp\/v2\/types\/properties"}],"author":[{"embeddable":true,"href":"https:\/\/arriendo.com\/co\/wp-json\/wp\/v2\/users\/8369"}],"version-history":[{"count":0,"href":"https:\/\/arriendo.com\/co\/wp-json\/wp\/v2\/properties\/208649\/revisions"}],"wp:featuredmedia":[{"embeddable":true,"href":"https:\/\/arriendo.com\/co\/wp-json\/wp\/v2\/media\/208651"}],"wp:attachment":[{"href":"https:\/\/arriendo.com\/co\/wp-json\/wp\/v2\/media?parent=208649"}],"wp:term":[{"taxonomy":"es_location","embeddable":true,"href":"https:\/\/arriendo.com\/co\/wp-json\/wp\/v2\/es_locations?post=208649"},{"taxonomy":"es_category","embeddable":true,"href":"https:\/\/arriendo.com\/co\/wp-json\/wp\/v2\/es_categories?post=208649"},{"taxonomy":"es_type","embeddable":true,"href":"https:\/\/arriendo.com\/co\/wp-json\/wp\/v2\/es_types?post=208649"},{"taxonomy":"es_rent_period","embeddable":true,"href":"https:\/\/arriendo.com\/co\/wp-json\/wp\/v2\/es_rent_periods?post=208649"},{"taxonomy":"es_label","embeddable":true,"href":"https:\/\/arriendo.com\/co\/wp-json\/wp\/v2\/es_labels?post=208649"},{"taxonomy":"es_status","embeddable":true,"href":"https:\/\/arriendo.com\/co\/wp-json\/wp\/v2\/es_statuses?post=208649"},{"taxonomy":"es_parking","embeddable":true,"href":"https:\/\/arriendo.com\/co\/wp-json\/wp\/v2\/es_parkings?post=208649"},{"taxonomy":"es_roof","embeddable":true,"href":"https:\/\/arriendo.com\/co\/wp-json\/wp\/v2\/es_roofs?post=208649"},{"taxonomy":"es_exterior_material","embeddable":true,"href":"https:\/\/arriendo.com\/co\/wp-json\/wp\/v2\/es_exterior_materials?post=208649"},{"taxonomy":"es_basement","embeddable":true,"href":"https:\/\/arriendo.com\/co\/wp-json\/wp\/v2\/es_basements?post=208649"},{"taxonomy":"es_floor_covering","embeddable":true,"href":"https:\/\/arriendo.com\/co\/wp-json\/wp\/v2\/es_floor_coverings?post=208649"},{"taxonomy":"es_feature","embeddable":true,"href":"https:\/\/arriendo.com\/co\/wp-json\/wp\/v2\/es_features?post=208649"},{"taxonomy":"es_amenity","embeddable":true,"href":"https:\/\/arriendo.com\/co\/wp-json\/wp\/v2\/es_amenities?post=208649"},{"taxonomy":"es_neighborhood","embeddable":true,"href":"https:\/\/arriendo.com\/co\/wp-json\/wp\/v2\/es_neighborhoods?post=208649"},{"taxonomy":"es_tag","embeddable":true,"href":"https:\/\/arriendo.com\/co\/wp-json\/wp\/v2\/es_tags?post=208649"}],"curies":[{"name":"wp","href":"https:\/\/api.w.org\/{rel}","templated":true}]}}

Apartamento en  Arriendo en Santa barbara occidental, Bogotá

<p>Excelente apartamento AMOBLADO. Se caracteriza por su iluminación, comodidad y ubicación. Cuenta con una cocina abierta de diseño moderno, una acogedora sala-comedor y una elegante alcoba con vestier y baño privado, este espacio está diseñado para tu bienestar con mobiliario de calidad. Aprovecha las ventajas de vivir cerca de Unicentro y disfruta de las excelentes amenidades del edificio, como salón social, gimnasio y terraza con BBQ. ¡Contáctanos y haz realidad tu sueño de vivir aquí! Al valor del arriendo se debe sumar el valor de la administración.  196-315</p>

Excelente apartamento AMOBLADO. Se caracteriza por su iluminación, comodidad y...
