{"id":208571,"date":"2026-01-09T16:55:13","date_gmt":"2026-01-09T21:55:13","guid":{"rendered":"https:\/\/arriendo.com\/co\/%es_type%\/\/%neighborhood%\/AR-0\/"},"modified":"2026-01-09T16:55:13","modified_gmt":"2026-01-09T21:55:13","slug":"ar-208571","status":"publish","type":"properties","link":"https:\/\/arriendo.com\/co\/apartamentos\/chia\/bojaca\/ar-208571\/","title":{"rendered":"Apartamento en Arriendo en Bojaca, Ch\u00eda"},"content":{"rendered":"<p>Apartamento tipo loft en Ch\u00eda, con vista interior, te ofrece una combinaci\u00f3n de valor, comodidad y ubicaci\u00f3n.<br \/>\nUbicaci\u00f3n Estrat\u00e9gica:<br \/>\nA solo 5 minutos de la v\u00eda Ch\u00eda-Cajic\u00e1 y a 100 metros de la Av. 9, NO se ingresa por la avenida pradilla, con acceso r\u00e1pido a todo lo que necesitas.<br \/>\nCerca de los mejores centros comerciales, supermercados, colegios, universidades, cl\u00ednicas y restaurantes.<br \/>\nAmenidades de Primer Nivel:<br \/>\nM\u00e1s de 8 \u00e1reas sociales: turco, sauna, jacuzzi, sal\u00f3n infantil, sal\u00f3n social, gimnasio, zona verde y recepci\u00f3n.<br \/>\nTerraza 360\u00b0 para relajarte, celebrar con tu familia una tarde de BBQ y disfrutar de la vista de Ch\u00eda.<br \/>\nCaracter\u00edsticas del Apartamento:<br \/>\n88 m\u00b2 bien distribuidos, con espacios amplios y luminosos.<br \/>\nPisos en cer\u00e1mica y acabados de buena calidad.<br \/>\nSala con balc\u00f3n y sonido multizona,  2 habitaciones, 2 ba\u00f1os. Tiene un amplio hall de alcobas que perfectamente se puede adecuar como espacio para homeoffice.<br \/>\nCocina americana con estufa y calentador a gas, horno el\u00e9ctrico, campana digital y mesones con amplio almacenamiento.<br \/>\nZona de lavander\u00eda independiente.<br \/>\nPersianas en todo el apartamento<br \/>\n1 Parqueadero privado<br \/>\nInternet de fibra \u00f3ptica, camaras de television por piso, 2 tanques de agua, 2 ascensores por torre y estrato 3.<br \/>\nSe arrienda con poliza de arrendamiento.<\/p>\n","protected":false},"excerpt":{"rendered":"Apartamento tipo loft en Ch\u00eda, con vista interior, te ofrece...","protected":false},"author":5245,"featured_media":208573,"template":"","es_locations":[1247,203,91],"es_categories":[124],"es_types":[114],"es_rent_periods":[],"es_labels":[],"es_statuses":[126],"es_parkings":[],"es_roofs":[],"es_exterior_materials":[],"es_basements":[],"es_floor_coverings":[],"es_features":[131,132,2212,2263,2145,2131,2147,2148,2196,2179,2282,145,2203,2368,2370,2216,2272,2365,2133,2181,2182,2183,2167,2150,143,2136,144,2376,2151,2185,2152,2204],"es_amenities":[152,2186,2217,2269,2153,2139,2156,2157,2197,154,2287,2160,2208,2369,2371,156,2273,2366,158,159,2170,2171,2161,2290,2143,161,2289,2377,162,2173,2162,2209],"es_neighborhoods":[],"es_tags":[],"class_list":["post-208571","properties","type-properties","status-publish","has-post-thumbnail","hentry","es_location-bojaca","es_location-chia","es_location-cundinamarca","es_category-arriendo","es_type-apartamentos","es_status-usado","es_feature-ascensor","es_feature-balcon","es_feature-bano-auxiliar","es_feature-barra-estilo-americano","es_feature-calentador","es_feature-circuito-cerrado-de-tv","es_feature-cocina-tipo-americano","es_feature-colegios-universidades","es_feature-en-conjunto-cerrado","es_feature-gimnasio","es_feature-hall-de-alcobas","es_feature-instalacion-de-gas","es_feature-jardines-exteriores","es_feature-loft","es_feature-oficina-de-negocios","es_feature-parqueadero-visitantes","es_feature-piso-en-baldosa-marmol","es_feature-planta-electrica","es_feature-porteria-recepcion","es_feature-porteria-vigilancia","es_feature-salon-comunal","es_feature-salon-de-juegos","es_feature-sauna-turco-jacuzzi","es_feature-supermercados-c-comerciales","es_feature-terraza","es_feature-trans-publico-cercano","es_feature-vista-panoramica","es_feature-vivienda-multifamiliar","es_feature-zona-de-lavanderia","es_feature-zona-infantil","es_feature-zona-residencial","es_feature-zonas-verdes","es_amenity-ascensor-privado","es_amenity-balcon","es_amenity-bano-auxiliar","es_amenity-barra-estilo-americano","es_amenity-calentador","es_amenity-circuito-cerrado-de-tv","es_amenity-cocina-tipo-americano","es_amenity-colegios-universidades","es_amenity-en-conjunto-cerrado","es_amenity-gimnasio","es_amenity-hall-de-alcobas","es_amenity-instalacion-de-gas","es_amenity-jardines-exteriores","es_amenity-loft","es_amenity-oficina-de-negocios","es_amenity-parqueadero-visitantes","es_amenity-piso-en-baldosa-marmol","es_amenity-planta-electrica","es_amenity-porteria-recepcion","es_amenity-salon-comunal","es_amenity-salon-de-juegos","es_amenity-sauna-turco-jacuzzi","es_amenity-supermercados-c-comerciales","es_amenity-terraza","es_amenity-trans-publico-cercano","es_amenity-vigilancia-24-7","es_amenity-vista-panoramica","es_amenity-vivienda-multifamiliar","es_amenity-zona-de-lavanderia","es_amenity-zona-infantil","es_amenity-zona-residencial","es_amenity-zonas-verdes","es-post-entity"],"_links":{"self":[{"href":"https:\/\/arriendo.com\/co\/wp-json\/wp\/v2\/properties\/208571","targetHints":{"allow":["GET"]}}],"collection":[{"href":"https:\/\/arriendo.com\/co\/wp-json\/wp\/v2\/properties"}],"about":[{"href":"https:\/\/arriendo.com\/co\/wp-json\/wp\/v2\/types\/properties"}],"author":[{"embeddable":true,"href":"https:\/\/arriendo.com\/co\/wp-json\/wp\/v2\/users\/5245"}],"version-history":[{"count":0,"href":"https:\/\/arriendo.com\/co\/wp-json\/wp\/v2\/properties\/208571\/revisions"}],"wp:featuredmedia":[{"embeddable":true,"href":"https:\/\/arriendo.com\/co\/wp-json\/wp\/v2\/media\/208573"}],"wp:attachment":[{"href":"https:\/\/arriendo.com\/co\/wp-json\/wp\/v2\/media?parent=208571"}],"wp:term":[{"taxonomy":"es_location","embeddable":true,"href":"https:\/\/arriendo.com\/co\/wp-json\/wp\/v2\/es_locations?post=208571"},{"taxonomy":"es_category","embeddable":true,"href":"https:\/\/arriendo.com\/co\/wp-json\/wp\/v2\/es_categories?post=208571"},{"taxonomy":"es_type","embeddable":true,"href":"https:\/\/arriendo.com\/co\/wp-json\/wp\/v2\/es_types?post=208571"},{"taxonomy":"es_rent_period","embeddable":true,"href":"https:\/\/arriendo.com\/co\/wp-json\/wp\/v2\/es_rent_periods?post=208571"},{"taxonomy":"es_label","embeddable":true,"href":"https:\/\/arriendo.com\/co\/wp-json\/wp\/v2\/es_labels?post=208571"},{"taxonomy":"es_status","embeddable":true,"href":"https:\/\/arriendo.com\/co\/wp-json\/wp\/v2\/es_statuses?post=208571"},{"taxonomy":"es_parking","embeddable":true,"href":"https:\/\/arriendo.com\/co\/wp-json\/wp\/v2\/es_parkings?post=208571"},{"taxonomy":"es_roof","embeddable":true,"href":"https:\/\/arriendo.com\/co\/wp-json\/wp\/v2\/es_roofs?post=208571"},{"taxonomy":"es_exterior_material","embeddable":true,"href":"https:\/\/arriendo.com\/co\/wp-json\/wp\/v2\/es_exterior_materials?post=208571"},{"taxonomy":"es_basement","embeddable":true,"href":"https:\/\/arriendo.com\/co\/wp-json\/wp\/v2\/es_basements?post=208571"},{"taxonomy":"es_floor_covering","embeddable":true,"href":"https:\/\/arriendo.com\/co\/wp-json\/wp\/v2\/es_floor_coverings?post=208571"},{"taxonomy":"es_feature","embeddable":true,"href":"https:\/\/arriendo.com\/co\/wp-json\/wp\/v2\/es_features?post=208571"},{"taxonomy":"es_amenity","embeddable":true,"href":"https:\/\/arriendo.com\/co\/wp-json\/wp\/v2\/es_amenities?post=208571"},{"taxonomy":"es_neighborhood","embeddable":true,"href":"https:\/\/arriendo.com\/co\/wp-json\/wp\/v2\/es_neighborhoods?post=208571"},{"taxonomy":"es_tag","embeddable":true,"href":"https:\/\/arriendo.com\/co\/wp-json\/wp\/v2\/es_tags?post=208571"}],"curies":[{"name":"wp","href":"https:\/\/api.w.org\/{rel}","templated":true}]}}

Apartamento en Arriendo en Bojaca, Chía

<p>Apartamento tipo loft en Chía, con vista interior, te ofrece una combinación de valor, comodidad y ubicación.<br />
Ubicación Estratégica:<br />
A solo 5 minutos de la vía Chía-Cajicá y a 100 metros de la Av. 9, NO se ingresa por la avenida pradilla, con acceso rápido a todo lo que necesitas.<br />
Cerca de los mejores centros comerciales, supermercados, colegios, universidades, clínicas y restaurantes.<br />
Amenidades de Primer Nivel:<br />
Más de 8 áreas sociales: turco, sauna, jacuzzi, salón infantil, salón social, gimnasio, zona verde y recepción.<br />
Terraza 360° para relajarte, celebrar con tu familia una tarde de BBQ y disfrutar de la vista de Chía.<br />
Características del Apartamento:<br />
88 m² bien distribuidos, con espacios amplios y luminosos.<br />
Pisos en cerámica y acabados de buena calidad.<br />
Sala con balcón y sonido multizona,  2 habitaciones, 2 baños. Tiene un amplio hall de alcobas que perfectamente se puede adecuar como espacio para homeoffice.<br />
Cocina americana con estufa y calentador a gas, horno eléctrico, campana digital y mesones con amplio almacenamiento.<br />
Zona de lavandería independiente.<br />
Persianas en todo el apartamento<br />
1 Parqueadero privado<br />
Internet de fibra óptica, camaras de television por piso, 2 tanques de agua, 2 ascensores por torre y estrato 3.<br />
Se arrienda con poliza de arrendamiento.</p>

Apartamento tipo loft en Chía, con vista interior, te ofrece...
