{"id":208555,"date":"2026-01-09T16:54:08","date_gmt":"2026-01-09T21:54:08","guid":{"rendered":"https:\/\/arriendo.com\/co\/%es_type%\/\/%neighborhood%\/AR-0\/"},"modified":"2026-01-09T16:54:08","modified_gmt":"2026-01-09T21:54:08","slug":"ar-208555","status":"publish","type":"properties","link":"https:\/\/arriendo.com\/co\/casas\/bucaramanga\/mejoras-publicas\/ar-208555\/","title":{"rendered":"Casa en Arriendo en Mejoras publicas, Bucaramanga"},"content":{"rendered":"<p>Descubra una oportunidad inigualable para posicionar su negocio en el coraz\u00f3n vibrante del barrio La Aurora. Esta espaciosa casa en un primer piso, idealmente dise\u00f1ada para uso comercial, le ofrece la visibilidad y el acceso que su empresa merece. Ubicada estrat\u00e9gicamente a pocos metros de la Cl\u00ednica Comuneros, el Parque de los Ni\u00f1os, droguer\u00edas, corresponsales bancarios y tiendas locales, garantiza un flujo constante de clientes potenciales y una conveniencia excepcional para sus operaciones diarias.<\/p>\n<p>La propiedad cuenta con dos amplias habitaciones que pueden adaptarse f\u00e1cilmente como oficinas privadas o salas de reuniones, una cocina espaciosa perfecta para un \u00e1rea de descanso o preparaci\u00f3n, y tres vers\u00e1tiles salones que ofrecen m\u00faltiples configuraciones para su negocio, desde espacios de exhibici\u00f3n hasta \u00e1reas de trabajo colaborativo. Adem\u00e1s, dispone de una bodega o cornisa, ideal para almacenamiento o archivo, optimizando as\u00ed su espacio de trabajo.<\/p>\n<p>Esta es la ubicaci\u00f3n perfecta para establecer o expandir su empresa, benefici\u00e1ndose de un entorno din\u00e1mico y una infraestructura completa. La gesti\u00f3n de esta propiedad se realiza a trav\u00e9s de inmobiliaria, asegurando un proceso profesional y transparente. No deje pasar la oportunidad de colocar su negocio en un sector de alto crecimiento y gran proyecci\u00f3n.<\/p>\n","protected":false},"excerpt":{"rendered":"Descubra una oportunidad inigualable para posicionar su negocio en el...","protected":false},"author":8250,"featured_media":208557,"template":"","es_locations":[175,318,104],"es_categories":[124],"es_types":[115],"es_rent_periods":[],"es_labels":[],"es_statuses":[126],"es_parkings":[],"es_roofs":[],"es_exterior_materials":[],"es_basements":[],"es_floor_coverings":[],"es_features":[2148,2132,2150,2136,2137,2152],"es_amenities":[2157,2140,2161,2143,2144,2162],"es_neighborhoods":[],"es_tags":[],"class_list":["post-208555","properties","type-properties","status-publish","has-post-thumbnail","hentry","es_location-bucaramanga","es_location-mejoras-publicas","es_location-santander","es_category-arriendo","es_type-casas","es_status-usado","es_feature-colegios-universidades","es_feature-parques-cercanos","es_feature-supermercados-c-comerciales","es_feature-trans-publico-cercano","es_feature-zona-comercial","es_feature-zona-residencial","es_amenity-colegios-universidades","es_amenity-parques-cercanos","es_amenity-supermercados-c-comerciales","es_amenity-trans-publico-cercano","es_amenity-zona-comercial","es_amenity-zona-residencial","es-post-entity"],"_links":{"self":[{"href":"https:\/\/arriendo.com\/co\/wp-json\/wp\/v2\/properties\/208555","targetHints":{"allow":["GET"]}}],"collection":[{"href":"https:\/\/arriendo.com\/co\/wp-json\/wp\/v2\/properties"}],"about":[{"href":"https:\/\/arriendo.com\/co\/wp-json\/wp\/v2\/types\/properties"}],"author":[{"embeddable":true,"href":"https:\/\/arriendo.com\/co\/wp-json\/wp\/v2\/users\/8250"}],"version-history":[{"count":0,"href":"https:\/\/arriendo.com\/co\/wp-json\/wp\/v2\/properties\/208555\/revisions"}],"wp:featuredmedia":[{"embeddable":true,"href":"https:\/\/arriendo.com\/co\/wp-json\/wp\/v2\/media\/208557"}],"wp:attachment":[{"href":"https:\/\/arriendo.com\/co\/wp-json\/wp\/v2\/media?parent=208555"}],"wp:term":[{"taxonomy":"es_location","embeddable":true,"href":"https:\/\/arriendo.com\/co\/wp-json\/wp\/v2\/es_locations?post=208555"},{"taxonomy":"es_category","embeddable":true,"href":"https:\/\/arriendo.com\/co\/wp-json\/wp\/v2\/es_categories?post=208555"},{"taxonomy":"es_type","embeddable":true,"href":"https:\/\/arriendo.com\/co\/wp-json\/wp\/v2\/es_types?post=208555"},{"taxonomy":"es_rent_period","embeddable":true,"href":"https:\/\/arriendo.com\/co\/wp-json\/wp\/v2\/es_rent_periods?post=208555"},{"taxonomy":"es_label","embeddable":true,"href":"https:\/\/arriendo.com\/co\/wp-json\/wp\/v2\/es_labels?post=208555"},{"taxonomy":"es_status","embeddable":true,"href":"https:\/\/arriendo.com\/co\/wp-json\/wp\/v2\/es_statuses?post=208555"},{"taxonomy":"es_parking","embeddable":true,"href":"https:\/\/arriendo.com\/co\/wp-json\/wp\/v2\/es_parkings?post=208555"},{"taxonomy":"es_roof","embeddable":true,"href":"https:\/\/arriendo.com\/co\/wp-json\/wp\/v2\/es_roofs?post=208555"},{"taxonomy":"es_exterior_material","embeddable":true,"href":"https:\/\/arriendo.com\/co\/wp-json\/wp\/v2\/es_exterior_materials?post=208555"},{"taxonomy":"es_basement","embeddable":true,"href":"https:\/\/arriendo.com\/co\/wp-json\/wp\/v2\/es_basements?post=208555"},{"taxonomy":"es_floor_covering","embeddable":true,"href":"https:\/\/arriendo.com\/co\/wp-json\/wp\/v2\/es_floor_coverings?post=208555"},{"taxonomy":"es_feature","embeddable":true,"href":"https:\/\/arriendo.com\/co\/wp-json\/wp\/v2\/es_features?post=208555"},{"taxonomy":"es_amenity","embeddable":true,"href":"https:\/\/arriendo.com\/co\/wp-json\/wp\/v2\/es_amenities?post=208555"},{"taxonomy":"es_neighborhood","embeddable":true,"href":"https:\/\/arriendo.com\/co\/wp-json\/wp\/v2\/es_neighborhoods?post=208555"},{"taxonomy":"es_tag","embeddable":true,"href":"https:\/\/arriendo.com\/co\/wp-json\/wp\/v2\/es_tags?post=208555"}],"curies":[{"name":"wp","href":"https:\/\/api.w.org\/{rel}","templated":true}]}}

<p>Descubra una oportunidad inigualable para posicionar su negocio en el corazón vibrante del barrio La Aurora. Esta espaciosa casa en un primer piso, idealmente diseñada para uso comercial, le ofrece la visibilidad y el acceso que su empresa merece. Ubicada estratégicamente a pocos metros de la Clínica Comuneros, el Parque de los Niños, droguerías, corresponsales bancarios y tiendas locales, garantiza un flujo constante de clientes potenciales y una conveniencia excepcional para sus operaciones diarias.</p>
<p>La propiedad cuenta con dos amplias habitaciones que pueden adaptarse fácilmente como oficinas privadas o salas de reuniones, una cocina espaciosa perfecta para un área de descanso o preparación, y tres versátiles salones que ofrecen múltiples configuraciones para su negocio, desde espacios de exhibición hasta áreas de trabajo colaborativo. Además, dispone de una bodega o cornisa, ideal para almacenamiento o archivo, optimizando así su espacio de trabajo.</p>
<p>Esta es la ubicación perfecta para establecer o expandir su empresa, beneficiándose de un entorno dinámico y una infraestructura completa. La gestión de esta propiedad se realiza a través de inmobiliaria, asegurando un proceso profesional y transparente. No deje pasar la oportunidad de colocar su negocio en un sector de alto crecimiento y gran proyección.</p>
