{"id":208229,"date":"2026-01-09T16:28:02","date_gmt":"2026-01-09T21:28:02","guid":{"rendered":"https:\/\/arriendo.com\/co\/%es_type%\/\/%neighborhood%\/AR-0\/"},"modified":"2026-01-09T16:28:02","modified_gmt":"2026-01-09T21:28:02","slug":"ar-208229","status":"publish","type":"properties","link":"https:\/\/arriendo.com\/co\/apartamentos\/bogota\/santa-ana-centro-comercial-boutique\/ar-208229\/","title":{"rendered":"Apartamento en  Arriendo en Santa Ana Centro Comercial Boutique, Bogot\u00e1"},"content":{"rendered":"<p>Agradable y espacioso apartamento completamente amoblado en todos sus ambientes. Cocina totalmente equipada, zona de lavander\u00eda independiente, sala-comedor, dos habitaciones, la principal conecta con terraza cubierta, dos ba\u00f1os completos, ubicado en una casa adecuada para varios apartamentos residenciales. Ubicada en lugar estrat\u00e9gico por cercan\u00eda a m\u00faltiples v\u00edas de acceso tales como avenida s\u00e9ptima, carrera novena, calle ciento seis, calle ciento diez. Rodeada de parques, restaurantes, centros comerciales, farmacias, supermercados, entre otros.<\/p>\n","protected":false},"excerpt":{"rendered":"Agradable y espacioso apartamento completamente amoblado en todos sus ambientes....","protected":false},"author":8114,"featured_media":208231,"template":"","es_locations":[110,77,2567],"es_categories":[124],"es_types":[114],"es_rent_periods":[],"es_labels":[],"es_statuses":[126],"es_parkings":[],"es_roofs":[],"es_exterior_materials":[],"es_basements":[],"es_floor_coverings":[],"es_features":[2262,2145,134,2146,2312,2149,2282,145,2132,2220,2272,2150,143,2136,2437,2151,2152],"es_amenities":[2267,2153,2313,2155,2314,2159,2287,2160,2140,2221,2273,2161,2290,2143,2438,162,2162],"es_neighborhoods":[],"es_tags":[],"class_list":["post-208229","properties","type-properties","status-publish","has-post-thumbnail","hentry","es_location-bogota","es_location-bogota-d-c","es_location-santa-ana-centro-comercial-boutique","es_category-arriendo","es_type-apartamentos","es_status-usado","es_feature-amoblado","es_feature-calentador","es_feature-chimenea","es_feature-cocina-integral","es_feature-comedor-auxiliar","es_feature-garajes","es_feature-hall-de-alcobas","es_feature-instalacion-de-gas","es_feature-parques-cercanos","es_feature-patio","es_feature-piso-en-baldosa-marmol","es_feature-supermercados-c-comerciales","es_feature-terraza","es_feature-trans-publico-cercano","es_feature-vivienda-bifamiliar","es_feature-zona-de-lavanderia","es_feature-zona-residencial","es_amenity-amoblado","es_amenity-calentador","es_amenity-chimenea","es_amenity-cocina-integral","es_amenity-comedor-auxiliar","es_amenity-garajes","es_amenity-hall-de-alcobas","es_amenity-instalacion-de-gas","es_amenity-parques-cercanos","es_amenity-patio","es_amenity-piso-en-baldosa-marmol","es_amenity-supermercados-c-comerciales","es_amenity-terraza","es_amenity-trans-publico-cercano","es_amenity-vivienda-bifamiliar","es_amenity-zona-de-lavanderia","es_amenity-zona-residencial","es-post-entity"],"_links":{"self":[{"href":"https:\/\/arriendo.com\/co\/wp-json\/wp\/v2\/properties\/208229","targetHints":{"allow":["GET"]}}],"collection":[{"href":"https:\/\/arriendo.com\/co\/wp-json\/wp\/v2\/properties"}],"about":[{"href":"https:\/\/arriendo.com\/co\/wp-json\/wp\/v2\/types\/properties"}],"author":[{"embeddable":true,"href":"https:\/\/arriendo.com\/co\/wp-json\/wp\/v2\/users\/8114"}],"version-history":[{"count":0,"href":"https:\/\/arriendo.com\/co\/wp-json\/wp\/v2\/properties\/208229\/revisions"}],"wp:featuredmedia":[{"embeddable":true,"href":"https:\/\/arriendo.com\/co\/wp-json\/wp\/v2\/media\/208231"}],"wp:attachment":[{"href":"https:\/\/arriendo.com\/co\/wp-json\/wp\/v2\/media?parent=208229"}],"wp:term":[{"taxonomy":"es_location","embeddable":true,"href":"https:\/\/arriendo.com\/co\/wp-json\/wp\/v2\/es_locations?post=208229"},{"taxonomy":"es_category","embeddable":true,"href":"https:\/\/arriendo.com\/co\/wp-json\/wp\/v2\/es_categories?post=208229"},{"taxonomy":"es_type","embeddable":true,"href":"https:\/\/arriendo.com\/co\/wp-json\/wp\/v2\/es_types?post=208229"},{"taxonomy":"es_rent_period","embeddable":true,"href":"https:\/\/arriendo.com\/co\/wp-json\/wp\/v2\/es_rent_periods?post=208229"},{"taxonomy":"es_label","embeddable":true,"href":"https:\/\/arriendo.com\/co\/wp-json\/wp\/v2\/es_labels?post=208229"},{"taxonomy":"es_status","embeddable":true,"href":"https:\/\/arriendo.com\/co\/wp-json\/wp\/v2\/es_statuses?post=208229"},{"taxonomy":"es_parking","embeddable":true,"href":"https:\/\/arriendo.com\/co\/wp-json\/wp\/v2\/es_parkings?post=208229"},{"taxonomy":"es_roof","embeddable":true,"href":"https:\/\/arriendo.com\/co\/wp-json\/wp\/v2\/es_roofs?post=208229"},{"taxonomy":"es_exterior_material","embeddable":true,"href":"https:\/\/arriendo.com\/co\/wp-json\/wp\/v2\/es_exterior_materials?post=208229"},{"taxonomy":"es_basement","embeddable":true,"href":"https:\/\/arriendo.com\/co\/wp-json\/wp\/v2\/es_basements?post=208229"},{"taxonomy":"es_floor_covering","embeddable":true,"href":"https:\/\/arriendo.com\/co\/wp-json\/wp\/v2\/es_floor_coverings?post=208229"},{"taxonomy":"es_feature","embeddable":true,"href":"https:\/\/arriendo.com\/co\/wp-json\/wp\/v2\/es_features?post=208229"},{"taxonomy":"es_amenity","embeddable":true,"href":"https:\/\/arriendo.com\/co\/wp-json\/wp\/v2\/es_amenities?post=208229"},{"taxonomy":"es_neighborhood","embeddable":true,"href":"https:\/\/arriendo.com\/co\/wp-json\/wp\/v2\/es_neighborhoods?post=208229"},{"taxonomy":"es_tag","embeddable":true,"href":"https:\/\/arriendo.com\/co\/wp-json\/wp\/v2\/es_tags?post=208229"}],"curies":[{"name":"wp","href":"https:\/\/api.w.org\/{rel}","templated":true}]}}

Apartamento en  Arriendo en Santa Ana Centro Comercial Boutique, Bogotá

<p>Agradable y espacioso apartamento completamente amoblado en todos sus ambientes. Cocina totalmente equipada, zona de lavandería independiente, sala-comedor, dos habitaciones, la principal conecta con terraza cubierta, dos baños completos, ubicado en una casa adecuada para varios apartamentos residenciales. Ubicada en lugar estratégico por cercanía a múltiples vías de acceso tales como avenida séptima, carrera novena, calle ciento seis, calle ciento diez. Rodeada de parques, restaurantes, centros comerciales, farmacias, supermercados, entre otros.</p>
