{"id":207833,"date":"2026-01-09T15:57:05","date_gmt":"2026-01-09T20:57:05","guid":{"rendered":"https:\/\/arriendo.com\/co\/%es_type%\/\/%neighborhood%\/AR-0\/"},"modified":"2026-01-09T15:57:05","modified_gmt":"2026-01-09T20:57:05","slug":"ar-207833","status":"publish","type":"properties","link":"https:\/\/arriendo.com\/co\/edificios\/bogota\/niza-norte\/ar-207833\/","title":{"rendered":"Edificio en Arriendo en Niza norte, Bogot\u00e1"},"content":{"rendered":"<p>Estupendo Edificio Ubicado en Niza Para Arriendo, Sobre La Calle 127, 50 Metros abajo de la Av. Suba, frente al Centro Comercial Niza y diagonal al Centro Comercial Bulevar Niza, con Excelentes V\u00edas de Acceso. 935 M\u00b2, \u00c1rea del lote 371.7 M\u00b2 \u00c1rea del Primer Piso 290 M\u00b2 Tiene una divisi\u00f3n y Ba\u00f1os. \u00c1rea del Mezanine 181 M\u00b2 con algunas divisiones, Ba\u00f1os y Cocineta. \u00c1rea del Segundo Piso 232 M\u00b2 con algunas divisiones, archivo en madera, Ba\u00f1os y Cocineta. \u00c1rea del Tercer Piso 232 M\u00b2 sin divisiones, Tiene Ba\u00f1os y cocineta. Precio del Arriendo $23.5 Millones + IVA<\/p>\n","protected":false},"excerpt":{"rendered":"Estupendo Edificio Ubicado en Niza Para Arriendo, Sobre La Calle...","protected":false},"author":7935,"featured_media":207835,"template":"","es_locations":[110,77,587],"es_categories":[124],"es_types":[122],"es_rent_periods":[],"es_labels":[],"es_statuses":[126],"es_parkings":[],"es_roofs":[],"es_exterior_materials":[],"es_basements":[],"es_floor_coverings":[],"es_features":[2293,2302,2501,2132,2272,2134,2135,2136,2137,2152],"es_amenities":[2295,2303,2503,2140,2273,2141,2142,2143,2144,2162],"es_neighborhoods":[],"es_tags":[],"class_list":["post-207833","properties","type-properties","status-publish","has-post-thumbnail","hentry","es_location-bogota","es_location-bogota-d-c","es_location-niza-norte","es_category-arriendo","es_type-edificios","es_status-usado","es_feature-cerca-centro-comercial","es_feature-cocineta","es_feature-parqueadero-a-nivel","es_feature-parques-cercanos","es_feature-piso-en-baldosa-marmol","es_feature-servicios-publicos","es_feature-sobre-via-principal","es_feature-trans-publico-cercano","es_feature-zona-comercial","es_feature-zona-residencial","es_amenity-cerca-centro-comercial","es_amenity-cocineta","es_amenity-parqueadero-a-nivel","es_amenity-parques-cercanos","es_amenity-piso-en-baldosa-marmol","es_amenity-servicios-publicos","es_amenity-sobre-via-principal","es_amenity-trans-publico-cercano","es_amenity-zona-comercial","es_amenity-zona-residencial","es-post-entity"],"_links":{"self":[{"href":"https:\/\/arriendo.com\/co\/wp-json\/wp\/v2\/properties\/207833","targetHints":{"allow":["GET"]}}],"collection":[{"href":"https:\/\/arriendo.com\/co\/wp-json\/wp\/v2\/properties"}],"about":[{"href":"https:\/\/arriendo.com\/co\/wp-json\/wp\/v2\/types\/properties"}],"author":[{"embeddable":true,"href":"https:\/\/arriendo.com\/co\/wp-json\/wp\/v2\/users\/7935"}],"version-history":[{"count":0,"href":"https:\/\/arriendo.com\/co\/wp-json\/wp\/v2\/properties\/207833\/revisions"}],"wp:featuredmedia":[{"embeddable":true,"href":"https:\/\/arriendo.com\/co\/wp-json\/wp\/v2\/media\/207835"}],"wp:attachment":[{"href":"https:\/\/arriendo.com\/co\/wp-json\/wp\/v2\/media?parent=207833"}],"wp:term":[{"taxonomy":"es_location","embeddable":true,"href":"https:\/\/arriendo.com\/co\/wp-json\/wp\/v2\/es_locations?post=207833"},{"taxonomy":"es_category","embeddable":true,"href":"https:\/\/arriendo.com\/co\/wp-json\/wp\/v2\/es_categories?post=207833"},{"taxonomy":"es_type","embeddable":true,"href":"https:\/\/arriendo.com\/co\/wp-json\/wp\/v2\/es_types?post=207833"},{"taxonomy":"es_rent_period","embeddable":true,"href":"https:\/\/arriendo.com\/co\/wp-json\/wp\/v2\/es_rent_periods?post=207833"},{"taxonomy":"es_label","embeddable":true,"href":"https:\/\/arriendo.com\/co\/wp-json\/wp\/v2\/es_labels?post=207833"},{"taxonomy":"es_status","embeddable":true,"href":"https:\/\/arriendo.com\/co\/wp-json\/wp\/v2\/es_statuses?post=207833"},{"taxonomy":"es_parking","embeddable":true,"href":"https:\/\/arriendo.com\/co\/wp-json\/wp\/v2\/es_parkings?post=207833"},{"taxonomy":"es_roof","embeddable":true,"href":"https:\/\/arriendo.com\/co\/wp-json\/wp\/v2\/es_roofs?post=207833"},{"taxonomy":"es_exterior_material","embeddable":true,"href":"https:\/\/arriendo.com\/co\/wp-json\/wp\/v2\/es_exterior_materials?post=207833"},{"taxonomy":"es_basement","embeddable":true,"href":"https:\/\/arriendo.com\/co\/wp-json\/wp\/v2\/es_basements?post=207833"},{"taxonomy":"es_floor_covering","embeddable":true,"href":"https:\/\/arriendo.com\/co\/wp-json\/wp\/v2\/es_floor_coverings?post=207833"},{"taxonomy":"es_feature","embeddable":true,"href":"https:\/\/arriendo.com\/co\/wp-json\/wp\/v2\/es_features?post=207833"},{"taxonomy":"es_amenity","embeddable":true,"href":"https:\/\/arriendo.com\/co\/wp-json\/wp\/v2\/es_amenities?post=207833"},{"taxonomy":"es_neighborhood","embeddable":true,"href":"https:\/\/arriendo.com\/co\/wp-json\/wp\/v2\/es_neighborhoods?post=207833"},{"taxonomy":"es_tag","embeddable":true,"href":"https:\/\/arriendo.com\/co\/wp-json\/wp\/v2\/es_tags?post=207833"}],"curies":[{"name":"wp","href":"https:\/\/api.w.org\/{rel}","templated":true}]}}

Edificio en Arriendo en Niza norte, Bogotá

<p>Estupendo Edificio Ubicado en Niza Para Arriendo, Sobre La Calle 127, 50 Metros abajo de la Av. Suba, frente al Centro Comercial Niza y diagonal al Centro Comercial Bulevar Niza, con Excelentes Vías de Acceso. 935 M², Área del lote 371.7 M² Área del Primer Piso 290 M² Tiene una división y Baños. Área del Mezanine 181 M² con algunas divisiones, Baños y Cocineta. Área del Segundo Piso 232 M² con algunas divisiones, archivo en madera, Baños y Cocineta. Área del Tercer Piso 232 M² sin divisiones, Tiene Baños y cocineta. Precio del Arriendo $23.5 Millones + IVA</p>
