{"id":207658,"date":"2026-01-09T15:45:10","date_gmt":"2026-01-09T20:45:10","guid":{"rendered":"https:\/\/arriendo.com\/co\/%es_type%\/\/%neighborhood%\/AR-0\/"},"modified":"2026-01-09T15:45:10","modified_gmt":"2026-01-09T20:45:10","slug":"ar-207658","status":"publish","type":"properties","link":"https:\/\/arriendo.com\/co\/locales\/barranquilla\/riomar\/ar-207658\/","title":{"rendered":"Local en  Arriendo en Riomar, Barranquilla"},"content":{"rendered":"<p>Excepcional local comercial en primera planta, estrat\u00e9gicamente ubicado frente a la vibrante Calle 84, dentro del prestigioso C.C. Plaza 59. Este espacio se encuentra en un sector de alta valorizaci\u00f3n, fusionando la comodidad residencial con una din\u00e1mica actividad comercial. Disfrute de una exclusiva terraza de uso privativo, ideal para expandir su negocio o crear un ambiente \u00fanico. El centro comercial ofrece una robusta infraestructura con 43 plazas de parqueo distribuidas en el primer nivel y semis\u00f3tano, planta de emergencia para operaci\u00f3n ininterrumpida y ascensor para f\u00e1cil acceso. La fachada y puerta de ingreso al local, ambas en vidrio, garantizan m\u00e1xima visibilidad y una est\u00e9tica moderna. Con accesos privilegiados tanto por la Calle 84 como por la Carrera 59, su negocio se beneficiar\u00e1 de una afluencia constante. La ubicaci\u00f3n es inmejorable, rodeada de colegios de prestigio, supermercados, farmacias, hoteles, plazas y centros comerciales, asegurando un flujo constante de clientes potenciales.<\/p>\n<p>El C.C. Plaza 59 es un epicentro de \u00e9xito, albergando 17 locales y dos exhibidores con una selecta mezcla de marcas reconocidas como Garmin, Agua Bendita, la tienda de calzado deportivo Darunner, la distribuidora de productos asi\u00e1ticos Global Gourmet, restaurantes de renombre como Artesano, Caf\u00e9 \u00c9poca y Mot Cocina, la tienda de ropa deportiva femenina Be You, el sal\u00f3n de belleza Liso Saludable, el centro de rehabilitaci\u00f3n terap\u00e9utica Wake Up y el centro de aprendizaje de idiomas E.F. Educaci\u00f3n Internacional. Esta sinergia comercial crea un ambiente vibrante y atractivo, garantizando un alto tr\u00e1fico y excelentes oportunidades para su negocio.<\/p>\n","protected":false},"excerpt":{"rendered":"Excepcional local comercial en primera planta, estrat\u00e9gicamente ubicado frente a...","protected":false},"author":7878,"featured_media":207660,"template":"","es_locations":[81,281,329],"es_categories":[124],"es_types":[117],"es_rent_periods":[],"es_labels":[],"es_statuses":[126],"es_parkings":[],"es_roofs":[],"es_exterior_materials":[],"es_basements":[],"es_floor_coverings":[],"es_features":[131,2265,2131,2454,2201,2176,2203,2385,2216,2132,2272,2365,2181,2135,143,2241,2242,2137,2152],"es_amenities":[152,2268,2139,2456,2206,2191,2208,2386,156,2140,2273,2366,2142,2290,161,2259,2260,2144,2162],"es_neighborhoods":[],"es_tags":[],"class_list":["post-207658","properties","type-properties","status-publish","has-post-thumbnail","hentry","es_location-atlantico","es_location-barranquilla","es_location-riomar","es_category-arriendo","es_type-locales","es_status-usado","es_feature-ascensor","es_feature-bahia-exterior-de-parqueo","es_feature-circuito-cerrado-de-tv","es_feature-en-centro-comercial","es_feature-en-zona-comercial","es_feature-en-zona-residencial","es_feature-jardines-exteriores","es_feature-local-exterior","es_feature-parqueadero-visitantes","es_feature-parques-cercanos","es_feature-piso-en-baldosa-marmol","es_feature-planta-electrica","es_feature-porteria-vigilancia","es_feature-sobre-via-principal","es_feature-terraza","es_feature-vigilancia-24x7","es_feature-vigilancia-privada-247","es_feature-zona-comercial","es_feature-zona-residencial","es_amenity-ascensor-privado","es_amenity-bahia-exterior-de-parqueo","es_amenity-circuito-cerrado-de-tv","es_amenity-en-centro-comercial","es_amenity-en-zona-comercial","es_amenity-en-zona-residencial","es_amenity-jardines-exteriores","es_amenity-local-exterior","es_amenity-parqueadero-visitantes","es_amenity-parques-cercanos","es_amenity-piso-en-baldosa-marmol","es_amenity-planta-electrica","es_amenity-sobre-via-principal","es_amenity-terraza","es_amenity-vigilancia-24-7","es_amenity-vigilancia-24x7","es_amenity-vigilancia-privada-247","es_amenity-zona-comercial","es_amenity-zona-residencial","es-post-entity"],"_links":{"self":[{"href":"https:\/\/arriendo.com\/co\/wp-json\/wp\/v2\/properties\/207658","targetHints":{"allow":["GET"]}}],"collection":[{"href":"https:\/\/arriendo.com\/co\/wp-json\/wp\/v2\/properties"}],"about":[{"href":"https:\/\/arriendo.com\/co\/wp-json\/wp\/v2\/types\/properties"}],"author":[{"embeddable":true,"href":"https:\/\/arriendo.com\/co\/wp-json\/wp\/v2\/users\/7878"}],"version-history":[{"count":0,"href":"https:\/\/arriendo.com\/co\/wp-json\/wp\/v2\/properties\/207658\/revisions"}],"wp:featuredmedia":[{"embeddable":true,"href":"https:\/\/arriendo.com\/co\/wp-json\/wp\/v2\/media\/207660"}],"wp:attachment":[{"href":"https:\/\/arriendo.com\/co\/wp-json\/wp\/v2\/media?parent=207658"}],"wp:term":[{"taxonomy":"es_location","embeddable":true,"href":"https:\/\/arriendo.com\/co\/wp-json\/wp\/v2\/es_locations?post=207658"},{"taxonomy":"es_category","embeddable":true,"href":"https:\/\/arriendo.com\/co\/wp-json\/wp\/v2\/es_categories?post=207658"},{"taxonomy":"es_type","embeddable":true,"href":"https:\/\/arriendo.com\/co\/wp-json\/wp\/v2\/es_types?post=207658"},{"taxonomy":"es_rent_period","embeddable":true,"href":"https:\/\/arriendo.com\/co\/wp-json\/wp\/v2\/es_rent_periods?post=207658"},{"taxonomy":"es_label","embeddable":true,"href":"https:\/\/arriendo.com\/co\/wp-json\/wp\/v2\/es_labels?post=207658"},{"taxonomy":"es_status","embeddable":true,"href":"https:\/\/arriendo.com\/co\/wp-json\/wp\/v2\/es_statuses?post=207658"},{"taxonomy":"es_parking","embeddable":true,"href":"https:\/\/arriendo.com\/co\/wp-json\/wp\/v2\/es_parkings?post=207658"},{"taxonomy":"es_roof","embeddable":true,"href":"https:\/\/arriendo.com\/co\/wp-json\/wp\/v2\/es_roofs?post=207658"},{"taxonomy":"es_exterior_material","embeddable":true,"href":"https:\/\/arriendo.com\/co\/wp-json\/wp\/v2\/es_exterior_materials?post=207658"},{"taxonomy":"es_basement","embeddable":true,"href":"https:\/\/arriendo.com\/co\/wp-json\/wp\/v2\/es_basements?post=207658"},{"taxonomy":"es_floor_covering","embeddable":true,"href":"https:\/\/arriendo.com\/co\/wp-json\/wp\/v2\/es_floor_coverings?post=207658"},{"taxonomy":"es_feature","embeddable":true,"href":"https:\/\/arriendo.com\/co\/wp-json\/wp\/v2\/es_features?post=207658"},{"taxonomy":"es_amenity","embeddable":true,"href":"https:\/\/arriendo.com\/co\/wp-json\/wp\/v2\/es_amenities?post=207658"},{"taxonomy":"es_neighborhood","embeddable":true,"href":"https:\/\/arriendo.com\/co\/wp-json\/wp\/v2\/es_neighborhoods?post=207658"},{"taxonomy":"es_tag","embeddable":true,"href":"https:\/\/arriendo.com\/co\/wp-json\/wp\/v2\/es_tags?post=207658"}],"curies":[{"name":"wp","href":"https:\/\/api.w.org\/{rel}","templated":true}]}}

<p>Excepcional local comercial en primera planta, estratégicamente ubicado frente a la vibrante Calle 84, dentro del prestigioso C.C. Plaza 59. Este espacio se encuentra en un sector de alta valorización, fusionando la comodidad residencial con una dinámica actividad comercial. Disfrute de una exclusiva terraza de uso privativo, ideal para expandir su negocio o crear un ambiente único. El centro comercial ofrece una robusta infraestructura con 43 plazas de parqueo distribuidas en el primer nivel y semisótano, planta de emergencia para operación ininterrumpida y ascensor para fácil acceso. La fachada y puerta de ingreso al local, ambas en vidrio, garantizan máxima visibilidad y una estética moderna. Con accesos privilegiados tanto por la Calle 84 como por la Carrera 59, su negocio se beneficiará de una afluencia constante. La ubicación es inmejorable, rodeada de colegios de prestigio, supermercados, farmacias, hoteles, plazas y centros comerciales, asegurando un flujo constante de clientes potenciales.</p>
<p>El C.C. Plaza 59 es un epicentro de éxito, albergando 17 locales y dos exhibidores con una selecta mezcla de marcas reconocidas como Garmin, Agua Bendita, la tienda de calzado deportivo Darunner, la distribuidora de productos asiáticos Global Gourmet, restaurantes de renombre como Artesano, Café Época y Mot Cocina, la tienda de ropa deportiva femenina Be You, el salón de belleza Liso Saludable, el centro de rehabilitación terapéutica Wake Up y el centro de aprendizaje de idiomas E.F. Educación Internacional. Esta sinergia comercial crea un ambiente vibrante y atractivo, garantizando un alto tráfico y excelentes oportunidades para su negocio.</p>

Excepcional local comercial en primera planta, estratégicamente ubicado frente a...
