{"id":207466,"date":"2026-01-09T15:32:46","date_gmt":"2026-01-09T20:32:46","guid":{"rendered":"https:\/\/arriendo.com\/co\/%es_type%\/\/%neighborhood%\/AR-0\/"},"modified":"2026-01-09T15:32:46","modified_gmt":"2026-01-09T20:32:46","slug":"ar-207466","status":"publish","type":"properties","link":"https:\/\/arriendo.com\/co\/locales\/bogota\/villas-de-granada\/ar-207466\/","title":{"rendered":"Local en Arriendo en Villas de Granada, Bogot\u00e1"},"content":{"rendered":"<p>\u00a1Tu oportunidad de emprender en El Morti\u00f1o! Local comercial ubicado en segundo piso, con alto tr\u00e1fico peatonal y excelente visibilidad. Cuenta con un \u00e1rea de treinta y ocho metros cuadrados, medidas de 3.40 metros de frente por 12 metros de fondo, un ba\u00f1o y servicios de agua y luz independientes. A poca distancia de almacenes de cadena, instituciones educativas y zonas de recreaci\u00f3n. Con acceso por v\u00edas principales como la calle ochenta, setenta y dos y sesenta y tres. Espacio ideal para iniciar o expandir tu negocio. ID sesenta y tres<\/p>\n","protected":false},"excerpt":{"rendered":"\u00a1Tu oportunidad de emprender en El Morti\u00f1o! Local comercial ubicado...","protected":false},"author":7768,"featured_media":207468,"template":"","es_locations":[110,77,216],"es_categories":[124],"es_types":[117],"es_rent_periods":[],"es_labels":[],"es_statuses":[126],"es_parkings":[],"es_roofs":[],"es_exterior_materials":[],"es_basements":[],"es_floor_coverings":[],"es_features":[2442,2201,2176,2385,2132,2272,2239,2228,2137,2152],"es_amenities":[2443,2206,2191,2386,2140,2273,2256,2258,2144,2162],"es_neighborhoods":[],"es_tags":[],"class_list":["post-207466","properties","type-properties","status-publish","has-post-thumbnail","hentry","es_location-bogota","es_location-bogota-d-c","es_location-villas-de-granada","es_category-arriendo","es_type-locales","es_status-usado","es_feature-en-casa","es_feature-en-zona-comercial","es_feature-en-zona-residencial","es_feature-local-exterior","es_feature-parques-cercanos","es_feature-piso-en-baldosa-marmol","es_feature-sobre-via-secundaria","es_feature-ventilacion-natural","es_feature-zona-comercial","es_feature-zona-residencial","es_amenity-en-casa","es_amenity-en-zona-comercial","es_amenity-en-zona-residencial","es_amenity-local-exterior","es_amenity-parques-cercanos","es_amenity-piso-en-baldosa-marmol","es_amenity-sobre-via-secundaria","es_amenity-ventilacion-natural","es_amenity-zona-comercial","es_amenity-zona-residencial","es-post-entity"],"_links":{"self":[{"href":"https:\/\/arriendo.com\/co\/wp-json\/wp\/v2\/properties\/207466","targetHints":{"allow":["GET"]}}],"collection":[{"href":"https:\/\/arriendo.com\/co\/wp-json\/wp\/v2\/properties"}],"about":[{"href":"https:\/\/arriendo.com\/co\/wp-json\/wp\/v2\/types\/properties"}],"author":[{"embeddable":true,"href":"https:\/\/arriendo.com\/co\/wp-json\/wp\/v2\/users\/7768"}],"version-history":[{"count":0,"href":"https:\/\/arriendo.com\/co\/wp-json\/wp\/v2\/properties\/207466\/revisions"}],"wp:featuredmedia":[{"embeddable":true,"href":"https:\/\/arriendo.com\/co\/wp-json\/wp\/v2\/media\/207468"}],"wp:attachment":[{"href":"https:\/\/arriendo.com\/co\/wp-json\/wp\/v2\/media?parent=207466"}],"wp:term":[{"taxonomy":"es_location","embeddable":true,"href":"https:\/\/arriendo.com\/co\/wp-json\/wp\/v2\/es_locations?post=207466"},{"taxonomy":"es_category","embeddable":true,"href":"https:\/\/arriendo.com\/co\/wp-json\/wp\/v2\/es_categories?post=207466"},{"taxonomy":"es_type","embeddable":true,"href":"https:\/\/arriendo.com\/co\/wp-json\/wp\/v2\/es_types?post=207466"},{"taxonomy":"es_rent_period","embeddable":true,"href":"https:\/\/arriendo.com\/co\/wp-json\/wp\/v2\/es_rent_periods?post=207466"},{"taxonomy":"es_label","embeddable":true,"href":"https:\/\/arriendo.com\/co\/wp-json\/wp\/v2\/es_labels?post=207466"},{"taxonomy":"es_status","embeddable":true,"href":"https:\/\/arriendo.com\/co\/wp-json\/wp\/v2\/es_statuses?post=207466"},{"taxonomy":"es_parking","embeddable":true,"href":"https:\/\/arriendo.com\/co\/wp-json\/wp\/v2\/es_parkings?post=207466"},{"taxonomy":"es_roof","embeddable":true,"href":"https:\/\/arriendo.com\/co\/wp-json\/wp\/v2\/es_roofs?post=207466"},{"taxonomy":"es_exterior_material","embeddable":true,"href":"https:\/\/arriendo.com\/co\/wp-json\/wp\/v2\/es_exterior_materials?post=207466"},{"taxonomy":"es_basement","embeddable":true,"href":"https:\/\/arriendo.com\/co\/wp-json\/wp\/v2\/es_basements?post=207466"},{"taxonomy":"es_floor_covering","embeddable":true,"href":"https:\/\/arriendo.com\/co\/wp-json\/wp\/v2\/es_floor_coverings?post=207466"},{"taxonomy":"es_feature","embeddable":true,"href":"https:\/\/arriendo.com\/co\/wp-json\/wp\/v2\/es_features?post=207466"},{"taxonomy":"es_amenity","embeddable":true,"href":"https:\/\/arriendo.com\/co\/wp-json\/wp\/v2\/es_amenities?post=207466"},{"taxonomy":"es_neighborhood","embeddable":true,"href":"https:\/\/arriendo.com\/co\/wp-json\/wp\/v2\/es_neighborhoods?post=207466"},{"taxonomy":"es_tag","embeddable":true,"href":"https:\/\/arriendo.com\/co\/wp-json\/wp\/v2\/es_tags?post=207466"}],"curies":[{"name":"wp","href":"https:\/\/api.w.org\/{rel}","templated":true}]}}

Local en Arriendo en Villas de Granada, Bogotá

<p>¡Tu oportunidad de emprender en El Mortiño! Local comercial ubicado en segundo piso, con alto tráfico peatonal y excelente visibilidad. Cuenta con un área de treinta y ocho metros cuadrados, medidas de 3.40 metros de frente por 12 metros de fondo, un baño y servicios de agua y luz independientes. A poca distancia de almacenes de cadena, instituciones educativas y zonas de recreación. Con acceso por vías principales como la calle ochenta, setenta y dos y sesenta y tres. Espacio ideal para iniciar o expandir tu negocio. ID sesenta y tres</p>

¡Tu oportunidad de emprender en El Mortiño! Local comercial ubicado...
