{"id":207375,"date":"2026-01-09T15:25:50","date_gmt":"2026-01-09T20:25:50","guid":{"rendered":"https:\/\/arriendo.com\/co\/%es_type%\/\/%neighborhood%\/AR-0\/"},"modified":"2026-01-09T15:25:50","modified_gmt":"2026-01-09T20:25:50","slug":"ar-207375","status":"publish","type":"properties","link":"https:\/\/arriendo.com\/co\/apartamentos\/medellin\/altos-del-poblado\/ar-207375\/","title":{"rendered":"Apartamento en Arriendo en Altos del poblado, Medell\u00edn"},"content":{"rendered":"<p>Apartamento amoblado en arriendo en Altos del Poblado. Cuenta con una \u00e1rea generosa, distribuida de manera \u00f3ptima. Sus 3 alcobas son amplias y muy iluminadas, gracias a que sus ventanas tienen una vista despejada a lo verde y a la ciudad. El piso del apartamento es en m\u00e1rmol italiano, una excelente elecci\u00f3n que le brinda un gran toque de elegancia. El edificio se encuentra en una calle cerrada, proporcionando un ambiente m\u00e1s tranquilo. Tambi\u00e9n cuenta con sitios de inter\u00e9s cercanos como: CC El Tesoro, iglesias, colegios, entre otros. Si quieres un equilibrio entre ubicaci\u00f3n, \u00e1rea y acabados, este es el apartamento para ti.<\/p>\n","protected":false},"excerpt":{"rendered":"Apartamento amoblado en arriendo en Altos del Poblado. Cuenta con...","protected":false},"author":7759,"featured_media":207377,"template":"","es_locations":[631,79,305],"es_categories":[124],"es_types":[114],"es_rent_periods":[],"es_labels":[],"es_statuses":[126],"es_parkings":[],"es_roofs":[],"es_exterior_materials":[],"es_basements":[],"es_floor_coverings":[],"es_features":[2262,131,2164,2145,2131,2166,2146,2148,2331,151,2196,136,2216,2133,2181,2150,144,2137,2151,2152,2204],"es_amenities":[2267,152,2187,2153,2139,2189,2155,2157,2332,2270,2197,2158,156,158,2161,161,2289,2144,162,2162,2209],"es_neighborhoods":[],"es_tags":[],"class_list":["post-207375","properties","type-properties","status-publish","has-post-thumbnail","hentry","es_location-altos-del-poblado","es_location-antioquia","es_location-medellin","es_category-arriendo","es_type-apartamentos","es_status-usado","es_feature-amoblado","es_feature-ascensor","es_feature-bano-independiente","es_feature-calentador","es_feature-circuito-cerrado-de-tv","es_feature-closet","es_feature-cocina-integral","es_feature-colegios-universidades","es_feature-cuarto-de-servicio","es_feature-deposito-bodega","es_feature-en-conjunto-cerrado","es_feature-estudio","es_feature-parqueadero-visitantes","es_feature-porteria-recepcion","es_feature-porteria-vigilancia","es_feature-supermercados-c-comerciales","es_feature-vista-panoramica","es_feature-zona-comercial","es_feature-zona-de-lavanderia","es_feature-zona-residencial","es_feature-zonas-verdes","es_amenity-amoblado","es_amenity-ascensor-privado","es_amenity-bano-independiente","es_amenity-calentador","es_amenity-circuito-cerrado-de-tv","es_amenity-closet","es_amenity-cocina-integral","es_amenity-colegios-universidades","es_amenity-cuarto-de-servicio","es_amenity-deposito-bodega","es_amenity-en-conjunto-cerrado","es_amenity-estudio","es_amenity-parqueadero-visitantes","es_amenity-porteria-recepcion","es_amenity-supermercados-c-comerciales","es_amenity-vigilancia-24-7","es_amenity-vista-panoramica","es_amenity-zona-comercial","es_amenity-zona-de-lavanderia","es_amenity-zona-residencial","es_amenity-zonas-verdes","es-post-entity"],"_links":{"self":[{"href":"https:\/\/arriendo.com\/co\/wp-json\/wp\/v2\/properties\/207375","targetHints":{"allow":["GET"]}}],"collection":[{"href":"https:\/\/arriendo.com\/co\/wp-json\/wp\/v2\/properties"}],"about":[{"href":"https:\/\/arriendo.com\/co\/wp-json\/wp\/v2\/types\/properties"}],"author":[{"embeddable":true,"href":"https:\/\/arriendo.com\/co\/wp-json\/wp\/v2\/users\/7759"}],"version-history":[{"count":0,"href":"https:\/\/arriendo.com\/co\/wp-json\/wp\/v2\/properties\/207375\/revisions"}],"wp:featuredmedia":[{"embeddable":true,"href":"https:\/\/arriendo.com\/co\/wp-json\/wp\/v2\/media\/207377"}],"wp:attachment":[{"href":"https:\/\/arriendo.com\/co\/wp-json\/wp\/v2\/media?parent=207375"}],"wp:term":[{"taxonomy":"es_location","embeddable":true,"href":"https:\/\/arriendo.com\/co\/wp-json\/wp\/v2\/es_locations?post=207375"},{"taxonomy":"es_category","embeddable":true,"href":"https:\/\/arriendo.com\/co\/wp-json\/wp\/v2\/es_categories?post=207375"},{"taxonomy":"es_type","embeddable":true,"href":"https:\/\/arriendo.com\/co\/wp-json\/wp\/v2\/es_types?post=207375"},{"taxonomy":"es_rent_period","embeddable":true,"href":"https:\/\/arriendo.com\/co\/wp-json\/wp\/v2\/es_rent_periods?post=207375"},{"taxonomy":"es_label","embeddable":true,"href":"https:\/\/arriendo.com\/co\/wp-json\/wp\/v2\/es_labels?post=207375"},{"taxonomy":"es_status","embeddable":true,"href":"https:\/\/arriendo.com\/co\/wp-json\/wp\/v2\/es_statuses?post=207375"},{"taxonomy":"es_parking","embeddable":true,"href":"https:\/\/arriendo.com\/co\/wp-json\/wp\/v2\/es_parkings?post=207375"},{"taxonomy":"es_roof","embeddable":true,"href":"https:\/\/arriendo.com\/co\/wp-json\/wp\/v2\/es_roofs?post=207375"},{"taxonomy":"es_exterior_material","embeddable":true,"href":"https:\/\/arriendo.com\/co\/wp-json\/wp\/v2\/es_exterior_materials?post=207375"},{"taxonomy":"es_basement","embeddable":true,"href":"https:\/\/arriendo.com\/co\/wp-json\/wp\/v2\/es_basements?post=207375"},{"taxonomy":"es_floor_covering","embeddable":true,"href":"https:\/\/arriendo.com\/co\/wp-json\/wp\/v2\/es_floor_coverings?post=207375"},{"taxonomy":"es_feature","embeddable":true,"href":"https:\/\/arriendo.com\/co\/wp-json\/wp\/v2\/es_features?post=207375"},{"taxonomy":"es_amenity","embeddable":true,"href":"https:\/\/arriendo.com\/co\/wp-json\/wp\/v2\/es_amenities?post=207375"},{"taxonomy":"es_neighborhood","embeddable":true,"href":"https:\/\/arriendo.com\/co\/wp-json\/wp\/v2\/es_neighborhoods?post=207375"},{"taxonomy":"es_tag","embeddable":true,"href":"https:\/\/arriendo.com\/co\/wp-json\/wp\/v2\/es_tags?post=207375"}],"curies":[{"name":"wp","href":"https:\/\/api.w.org\/{rel}","templated":true}]}}

Apartamento en Arriendo en Altos del poblado, Medellín

<p>Apartamento amoblado en arriendo en Altos del Poblado. Cuenta con una área generosa, distribuida de manera óptima. Sus 3 alcobas son amplias y muy iluminadas, gracias a que sus ventanas tienen una vista despejada a lo verde y a la ciudad. El piso del apartamento es en mármol italiano, una excelente elección que le brinda un gran toque de elegancia. El edificio se encuentra en una calle cerrada, proporcionando un ambiente más tranquilo. También cuenta con sitios de interés cercanos como: CC El Tesoro, iglesias, colegios, entre otros. Si quieres un equilibrio entre ubicación, área y acabados, este es el apartamento para ti.</p>
