{"id":206757,"date":"2026-01-09T14:43:03","date_gmt":"2026-01-09T19:43:03","guid":{"rendered":"https:\/\/arriendo.com\/co\/%es_type%\/\/%neighborhood%\/AR-0\/"},"modified":"2026-01-09T14:43:03","modified_gmt":"2026-01-09T19:43:03","slug":"ar-206757","status":"publish","type":"properties","link":"https:\/\/arriendo.com\/co\/locales\/cali\/la-flora\/ar-206757\/","title":{"rendered":"Local en Arriendo en La flora, Cali"},"content":{"rendered":"<p>Local en primer piso, esquinero en edificio de rentas cortas, el local tiene un \u00e1rea total de 71m2 distribuidos en 21M2 de local comercial y 50M2 de terraza, muy bien situado dentro de edificio nuevo, de rentas cortas, ideal para una cafeter\u00eda, pasteleria o reposteria, brinda una opci\u00f3n muy interesante ya que tiene una amplia terraza que se puede adecuar, muy cerca a zona gastron\u00f3mica y a la estaci\u00f3n de polic\u00eda de la flora.<\/p>\n","protected":false},"excerpt":{"rendered":"Local en primer piso, esquinero en edificio de rentas cortas,...","protected":false},"author":7421,"featured_media":206759,"template":"","es_locations":[179,829],"es_categories":[124],"es_types":[117],"es_rent_periods":[],"es_labels":[],"es_statuses":[126],"es_parkings":[],"es_roofs":[],"es_exterior_materials":[],"es_basements":[],"es_floor_coverings":[],"es_features":[2265,2296,2201,2176,2385,2132,2272,2135,143,2228,2137,2152],"es_amenities":[2268,2298,2206,2191,2386,2140,2273,2142,2290,2258,2144,2162],"es_neighborhoods":[],"es_tags":[],"class_list":["post-206757","properties","type-properties","status-publish","has-post-thumbnail","hentry","es_location-cali","es_location-la-flora","es_category-arriendo","es_type-locales","es_status-usado","es_feature-bahia-exterior-de-parqueo","es_feature-en-edificio","es_feature-en-zona-comercial","es_feature-en-zona-residencial","es_feature-local-exterior","es_feature-parques-cercanos","es_feature-piso-en-baldosa-marmol","es_feature-sobre-via-principal","es_feature-terraza","es_feature-ventilacion-natural","es_feature-zona-comercial","es_feature-zona-residencial","es_amenity-bahia-exterior-de-parqueo","es_amenity-en-edificio","es_amenity-en-zona-comercial","es_amenity-en-zona-residencial","es_amenity-local-exterior","es_amenity-parques-cercanos","es_amenity-piso-en-baldosa-marmol","es_amenity-sobre-via-principal","es_amenity-terraza","es_amenity-ventilacion-natural","es_amenity-zona-comercial","es_amenity-zona-residencial","es-post-entity"],"_links":{"self":[{"href":"https:\/\/arriendo.com\/co\/wp-json\/wp\/v2\/properties\/206757","targetHints":{"allow":["GET"]}}],"collection":[{"href":"https:\/\/arriendo.com\/co\/wp-json\/wp\/v2\/properties"}],"about":[{"href":"https:\/\/arriendo.com\/co\/wp-json\/wp\/v2\/types\/properties"}],"author":[{"embeddable":true,"href":"https:\/\/arriendo.com\/co\/wp-json\/wp\/v2\/users\/7421"}],"version-history":[{"count":0,"href":"https:\/\/arriendo.com\/co\/wp-json\/wp\/v2\/properties\/206757\/revisions"}],"wp:featuredmedia":[{"embeddable":true,"href":"https:\/\/arriendo.com\/co\/wp-json\/wp\/v2\/media\/206759"}],"wp:attachment":[{"href":"https:\/\/arriendo.com\/co\/wp-json\/wp\/v2\/media?parent=206757"}],"wp:term":[{"taxonomy":"es_location","embeddable":true,"href":"https:\/\/arriendo.com\/co\/wp-json\/wp\/v2\/es_locations?post=206757"},{"taxonomy":"es_category","embeddable":true,"href":"https:\/\/arriendo.com\/co\/wp-json\/wp\/v2\/es_categories?post=206757"},{"taxonomy":"es_type","embeddable":true,"href":"https:\/\/arriendo.com\/co\/wp-json\/wp\/v2\/es_types?post=206757"},{"taxonomy":"es_rent_period","embeddable":true,"href":"https:\/\/arriendo.com\/co\/wp-json\/wp\/v2\/es_rent_periods?post=206757"},{"taxonomy":"es_label","embeddable":true,"href":"https:\/\/arriendo.com\/co\/wp-json\/wp\/v2\/es_labels?post=206757"},{"taxonomy":"es_status","embeddable":true,"href":"https:\/\/arriendo.com\/co\/wp-json\/wp\/v2\/es_statuses?post=206757"},{"taxonomy":"es_parking","embeddable":true,"href":"https:\/\/arriendo.com\/co\/wp-json\/wp\/v2\/es_parkings?post=206757"},{"taxonomy":"es_roof","embeddable":true,"href":"https:\/\/arriendo.com\/co\/wp-json\/wp\/v2\/es_roofs?post=206757"},{"taxonomy":"es_exterior_material","embeddable":true,"href":"https:\/\/arriendo.com\/co\/wp-json\/wp\/v2\/es_exterior_materials?post=206757"},{"taxonomy":"es_basement","embeddable":true,"href":"https:\/\/arriendo.com\/co\/wp-json\/wp\/v2\/es_basements?post=206757"},{"taxonomy":"es_floor_covering","embeddable":true,"href":"https:\/\/arriendo.com\/co\/wp-json\/wp\/v2\/es_floor_coverings?post=206757"},{"taxonomy":"es_feature","embeddable":true,"href":"https:\/\/arriendo.com\/co\/wp-json\/wp\/v2\/es_features?post=206757"},{"taxonomy":"es_amenity","embeddable":true,"href":"https:\/\/arriendo.com\/co\/wp-json\/wp\/v2\/es_amenities?post=206757"},{"taxonomy":"es_neighborhood","embeddable":true,"href":"https:\/\/arriendo.com\/co\/wp-json\/wp\/v2\/es_neighborhoods?post=206757"},{"taxonomy":"es_tag","embeddable":true,"href":"https:\/\/arriendo.com\/co\/wp-json\/wp\/v2\/es_tags?post=206757"}],"curies":[{"name":"wp","href":"https:\/\/api.w.org\/{rel}","templated":true}]}}

<p>Local en primer piso, esquinero en edificio de rentas cortas, el local tiene un área total de 71m2 distribuidos en 21M2 de local comercial y 50M2 de terraza, muy bien situado dentro de edificio nuevo, de rentas cortas, ideal para una cafetería, pasteleria o reposteria, brinda una opción muy interesante ya que tiene una amplia terraza que se puede adecuar, muy cerca a zona gastronómica y a la estación de policía de la flora.</p>
