{"id":206748,"date":"2026-01-09T14:42:30","date_gmt":"2026-01-09T19:42:30","guid":{"rendered":"https:\/\/arriendo.com\/co\/%es_type%\/\/%neighborhood%\/AR-0\/"},"modified":"2026-01-09T14:42:30","modified_gmt":"2026-01-09T19:42:30","slug":"ar-206748","status":"publish","type":"properties","link":"https:\/\/arriendo.com\/co\/oficinas\/cajica\/canelon\/ar-206748\/","title":{"rendered":"Oficina en  Arriendo en Canelon, Cajic\u00e1"},"content":{"rendered":"<p>Tu pr\u00f3xima oficina te espera en Cajic\u00e1. Nou Centro Empresarial, Quinto piso, 30 m2.<br \/>\nCanon Arriendo, $ 1.500.00, m\u00e1s administraci\u00f3n, m\u00e1s IVA. Parqueadero en s\u00f3tano. Amenidades exclusivas, Business center con salas de reuniones, Auditorio de conferencias, Terraza verde panor\u00e1mica, Gimnasio, sauna y turco, Ubicaci\u00f3n privilegiada en la v\u00eda Ch\u00eda \u2013 Cajic\u00e1. Lleva tu negocio al siguiente nivel.<br \/>\nFernando Salazar +(57) 315-236-5437<br \/>\n#oficinas #oficinassabana #oficinascajica #oficinasarriendo #oficinaspeque\u00f1as #oficinasmodernas<\/p>\n","protected":false},"excerpt":{"rendered":"Tu pr\u00f3xima oficina te espera en Cajic\u00e1. Nou Centro Empresarial,...","protected":false},"author":7419,"featured_media":206750,"template":"","es_locations":[243,1230,91],"es_categories":[124],"es_types":[116],"es_rent_periods":[],"es_labels":[],"es_statuses":[126],"es_parkings":[],"es_roofs":[],"es_exterior_materials":[],"es_basements":[],"es_floor_coverings":[],"es_features":[2427,131,2130,2131,133,2430,2226,2354,2178,2216,2418,2133,2389,2239,2390,143,2137],"es_amenities":[2431,152,2138,2139,2154,2434,2251,2359,2193,156,2419,158,2397,2256,2398,2290,2144],"es_neighborhoods":[],"es_tags":[],"class_list":["post-206748","properties","type-properties","status-publish","has-post-thumbnail","hentry","es_location-cajica","es_location-canelon","es_location-cundinamarca","es_category-arriendo","es_type-oficinas","es_status-usado","es_feature-alarma-contra-incendio","es_feature-ascensor","es_feature-banos-comunales","es_feature-circuito-cerrado-de-tv","es_feature-citofono","es_feature-deteccion-de-humo","es_feature-escalera-de-emergencia","es_feature-gabinete-de-incendios","es_feature-garaje-cubierto","es_feature-parqueadero-visitantes","es_feature-piso-en-madera","es_feature-porteria-recepcion","es_feature-salon-de-videoconferencias","es_feature-sobre-via-secundaria","es_feature-tarjetas-inteligentes","es_feature-terraza","es_feature-zona-comercial","es_amenity-alarma-contra-incendio","es_amenity-ascensor-privado","es_amenity-banos-comunales","es_amenity-circuito-cerrado-de-tv","es_amenity-citofono","es_amenity-deteccion-de-humo","es_amenity-escalera-de-emergencia","es_amenity-gabinete-de-incendios","es_amenity-garaje-cubierto","es_amenity-parqueadero-visitantes","es_amenity-piso-en-madera","es_amenity-porteria-recepcion","es_amenity-salon-de-videoconferencias","es_amenity-sobre-via-secundaria","es_amenity-tarjetas-inteligentes","es_amenity-terraza","es_amenity-zona-comercial","es-post-entity"],"_links":{"self":[{"href":"https:\/\/arriendo.com\/co\/wp-json\/wp\/v2\/properties\/206748","targetHints":{"allow":["GET"]}}],"collection":[{"href":"https:\/\/arriendo.com\/co\/wp-json\/wp\/v2\/properties"}],"about":[{"href":"https:\/\/arriendo.com\/co\/wp-json\/wp\/v2\/types\/properties"}],"author":[{"embeddable":true,"href":"https:\/\/arriendo.com\/co\/wp-json\/wp\/v2\/users\/7419"}],"version-history":[{"count":0,"href":"https:\/\/arriendo.com\/co\/wp-json\/wp\/v2\/properties\/206748\/revisions"}],"wp:featuredmedia":[{"embeddable":true,"href":"https:\/\/arriendo.com\/co\/wp-json\/wp\/v2\/media\/206750"}],"wp:attachment":[{"href":"https:\/\/arriendo.com\/co\/wp-json\/wp\/v2\/media?parent=206748"}],"wp:term":[{"taxonomy":"es_location","embeddable":true,"href":"https:\/\/arriendo.com\/co\/wp-json\/wp\/v2\/es_locations?post=206748"},{"taxonomy":"es_category","embeddable":true,"href":"https:\/\/arriendo.com\/co\/wp-json\/wp\/v2\/es_categories?post=206748"},{"taxonomy":"es_type","embeddable":true,"href":"https:\/\/arriendo.com\/co\/wp-json\/wp\/v2\/es_types?post=206748"},{"taxonomy":"es_rent_period","embeddable":true,"href":"https:\/\/arriendo.com\/co\/wp-json\/wp\/v2\/es_rent_periods?post=206748"},{"taxonomy":"es_label","embeddable":true,"href":"https:\/\/arriendo.com\/co\/wp-json\/wp\/v2\/es_labels?post=206748"},{"taxonomy":"es_status","embeddable":true,"href":"https:\/\/arriendo.com\/co\/wp-json\/wp\/v2\/es_statuses?post=206748"},{"taxonomy":"es_parking","embeddable":true,"href":"https:\/\/arriendo.com\/co\/wp-json\/wp\/v2\/es_parkings?post=206748"},{"taxonomy":"es_roof","embeddable":true,"href":"https:\/\/arriendo.com\/co\/wp-json\/wp\/v2\/es_roofs?post=206748"},{"taxonomy":"es_exterior_material","embeddable":true,"href":"https:\/\/arriendo.com\/co\/wp-json\/wp\/v2\/es_exterior_materials?post=206748"},{"taxonomy":"es_basement","embeddable":true,"href":"https:\/\/arriendo.com\/co\/wp-json\/wp\/v2\/es_basements?post=206748"},{"taxonomy":"es_floor_covering","embeddable":true,"href":"https:\/\/arriendo.com\/co\/wp-json\/wp\/v2\/es_floor_coverings?post=206748"},{"taxonomy":"es_feature","embeddable":true,"href":"https:\/\/arriendo.com\/co\/wp-json\/wp\/v2\/es_features?post=206748"},{"taxonomy":"es_amenity","embeddable":true,"href":"https:\/\/arriendo.com\/co\/wp-json\/wp\/v2\/es_amenities?post=206748"},{"taxonomy":"es_neighborhood","embeddable":true,"href":"https:\/\/arriendo.com\/co\/wp-json\/wp\/v2\/es_neighborhoods?post=206748"},{"taxonomy":"es_tag","embeddable":true,"href":"https:\/\/arriendo.com\/co\/wp-json\/wp\/v2\/es_tags?post=206748"}],"curies":[{"name":"wp","href":"https:\/\/api.w.org\/{rel}","templated":true}]}}

Oficina en  Arriendo en Canelon, Cajicá

<p>Tu próxima oficina te espera en Cajicá. Nou Centro Empresarial, Quinto piso, 30 m2.<br />
Canon Arriendo, $ 1.500.00, más administración, más IVA. Parqueadero en sótano. Amenidades exclusivas, Business center con salas de reuniones, Auditorio de conferencias, Terraza verde panorámica, Gimnasio, sauna y turco, Ubicación privilegiada en la vía Chía – Cajicá. Lleva tu negocio al siguiente nivel.<br />
Fernando Salazar +(57) 315-236-5437<br />
#oficinas #oficinassabana #oficinascajica #oficinasarriendo #oficinaspequeñas #oficinasmodernas</p>

Tu próxima oficina te espera en Cajicá. Nou Centro Empresarial,...
