{"id":206358,"date":"2026-01-09T14:12:45","date_gmt":"2026-01-09T19:12:45","guid":{"rendered":"https:\/\/arriendo.com\/co\/%es_type%\/\/%neighborhood%\/AR-0\/"},"modified":"2026-01-09T14:12:45","modified_gmt":"2026-01-09T19:12:45","slug":"ar-206358","status":"publish","type":"properties","link":"https:\/\/arriendo.com\/co\/oficinas\/cajica\/canelon\/ar-206358\/","title":{"rendered":"Oficina en Arriendo en Canelon, Cajic\u00e1"},"content":{"rendered":"<p>Descubra un espacio excepcional en arriendo, ideal para transformar en su pr\u00f3xima oficina. Esta oficina ubicada en Nou Centro Empresarial, con una vista sin igual, ofrece un ambiente moderno y minimalista, perfecto para aquellos que buscan funcionalidad y estilo en un mismo lugar. El espacio se destaca por su buenna distribuci\u00f3n, 10 puntos de tomas electricas, dise\u00f1ado para aprovechar al m\u00e1ximo cada metro cuadrado. Goza de abundante luz natural que ingresa a trav\u00e9s de grandes ventanales, los cuales ofrecen vistas panor\u00e1micas urbanas y verdes, creando un entorno inspirador. Los acabados de alta calidad, con elegantes pisos de baldosa clara, complementan su dise\u00f1o contempor\u00e1neo. Entre sus caracter\u00edsticas clave, destacan su luminosidad, ventilaci\u00f3n natural y un piso en baldosa\/m\u00e1rmol que aporta sofisticaci\u00f3n y f\u00e1cil mantenimiento.  Su configuraci\u00f3n vers\u00e1til permite adaptar el espacio a diversas necesidades, ya sea una vibrante sala de estar, una productiva oficina o un exclusivo espacio comercial.    Esta oficina en arriendo por $1.850.000 es una oportunidad \u00fanica para establecer su negocio en un entorno que promueve la creatividad y el bienestar, con un dise\u00f1o que se adapta a las exigencias del mundo profesional actual.<\/p>\n","protected":false},"excerpt":{"rendered":"Descubra un espacio excepcional en arriendo, ideal para transformar en...","protected":false},"author":6928,"featured_media":206360,"template":"","es_locations":[243,1230,91],"es_categories":[124],"es_types":[116],"es_rent_periods":[],"es_labels":[],"es_statuses":[126],"es_parkings":[],"es_roofs":[],"es_exterior_materials":[],"es_basements":[],"es_floor_coverings":[],"es_features":[2427,131,2130,2224,2131,133,2388,2430,2178,2393,2216,2272,2133,2414,2183,2389,2134,2135,2391,143,2136,2297,2137],"es_amenities":[2431,152,2138,2247,2139,2154,2395,2434,2193,2396,156,2273,158,2416,2170,2397,2141,2142,2399,2290,2143,2299,2144],"es_neighborhoods":[],"es_tags":[],"class_list":["post-206358","properties","type-properties","status-publish","has-post-thumbnail","hentry","es_location-cajica","es_location-canelon","es_location-cundinamarca","es_category-arriendo","es_type-oficinas","es_status-usado","es_feature-alarma-contra-incendio","es_feature-ascensor","es_feature-banos-comunales","es_feature-cableado-de-red","es_feature-circuito-cerrado-de-tv","es_feature-citofono","es_feature-control-de-acceso-digital","es_feature-deteccion-de-humo","es_feature-garaje-cubierto","es_feature-parqueadero-inteligente","es_feature-parqueadero-visitantes","es_feature-piso-en-baldosa-marmol","es_feature-porteria-recepcion","es_feature-rociadores-de-agua","es_feature-salon-de-juegos","es_feature-salon-de-videoconferencias","es_feature-servicios-publicos","es_feature-sobre-via-principal","es_feature-tarjetas-magneticas","es_feature-terraza","es_feature-trans-publico-cercano","es_feature-ubicada-en-edificio","es_feature-zona-comercial","es_amenity-alarma-contra-incendio","es_amenity-ascensor-privado","es_amenity-banos-comunales","es_amenity-cableado-de-red","es_amenity-circuito-cerrado-de-tv","es_amenity-citofono","es_amenity-control-de-acceso-digital","es_amenity-deteccion-de-humo","es_amenity-garaje-cubierto","es_amenity-parqueadero-inteligente","es_amenity-parqueadero-visitantes","es_amenity-piso-en-baldosa-marmol","es_amenity-porteria-recepcion","es_amenity-rociadores-de-agua","es_amenity-salon-de-juegos","es_amenity-salon-de-videoconferencias","es_amenity-servicios-publicos","es_amenity-sobre-via-principal","es_amenity-tarjetas-magneticas","es_amenity-terraza","es_amenity-trans-publico-cercano","es_amenity-ubicada-en-edificio","es_amenity-zona-comercial","es-post-entity"],"_links":{"self":[{"href":"https:\/\/arriendo.com\/co\/wp-json\/wp\/v2\/properties\/206358","targetHints":{"allow":["GET"]}}],"collection":[{"href":"https:\/\/arriendo.com\/co\/wp-json\/wp\/v2\/properties"}],"about":[{"href":"https:\/\/arriendo.com\/co\/wp-json\/wp\/v2\/types\/properties"}],"author":[{"embeddable":true,"href":"https:\/\/arriendo.com\/co\/wp-json\/wp\/v2\/users\/6928"}],"version-history":[{"count":0,"href":"https:\/\/arriendo.com\/co\/wp-json\/wp\/v2\/properties\/206358\/revisions"}],"wp:featuredmedia":[{"embeddable":true,"href":"https:\/\/arriendo.com\/co\/wp-json\/wp\/v2\/media\/206360"}],"wp:attachment":[{"href":"https:\/\/arriendo.com\/co\/wp-json\/wp\/v2\/media?parent=206358"}],"wp:term":[{"taxonomy":"es_location","embeddable":true,"href":"https:\/\/arriendo.com\/co\/wp-json\/wp\/v2\/es_locations?post=206358"},{"taxonomy":"es_category","embeddable":true,"href":"https:\/\/arriendo.com\/co\/wp-json\/wp\/v2\/es_categories?post=206358"},{"taxonomy":"es_type","embeddable":true,"href":"https:\/\/arriendo.com\/co\/wp-json\/wp\/v2\/es_types?post=206358"},{"taxonomy":"es_rent_period","embeddable":true,"href":"https:\/\/arriendo.com\/co\/wp-json\/wp\/v2\/es_rent_periods?post=206358"},{"taxonomy":"es_label","embeddable":true,"href":"https:\/\/arriendo.com\/co\/wp-json\/wp\/v2\/es_labels?post=206358"},{"taxonomy":"es_status","embeddable":true,"href":"https:\/\/arriendo.com\/co\/wp-json\/wp\/v2\/es_statuses?post=206358"},{"taxonomy":"es_parking","embeddable":true,"href":"https:\/\/arriendo.com\/co\/wp-json\/wp\/v2\/es_parkings?post=206358"},{"taxonomy":"es_roof","embeddable":true,"href":"https:\/\/arriendo.com\/co\/wp-json\/wp\/v2\/es_roofs?post=206358"},{"taxonomy":"es_exterior_material","embeddable":true,"href":"https:\/\/arriendo.com\/co\/wp-json\/wp\/v2\/es_exterior_materials?post=206358"},{"taxonomy":"es_basement","embeddable":true,"href":"https:\/\/arriendo.com\/co\/wp-json\/wp\/v2\/es_basements?post=206358"},{"taxonomy":"es_floor_covering","embeddable":true,"href":"https:\/\/arriendo.com\/co\/wp-json\/wp\/v2\/es_floor_coverings?post=206358"},{"taxonomy":"es_feature","embeddable":true,"href":"https:\/\/arriendo.com\/co\/wp-json\/wp\/v2\/es_features?post=206358"},{"taxonomy":"es_amenity","embeddable":true,"href":"https:\/\/arriendo.com\/co\/wp-json\/wp\/v2\/es_amenities?post=206358"},{"taxonomy":"es_neighborhood","embeddable":true,"href":"https:\/\/arriendo.com\/co\/wp-json\/wp\/v2\/es_neighborhoods?post=206358"},{"taxonomy":"es_tag","embeddable":true,"href":"https:\/\/arriendo.com\/co\/wp-json\/wp\/v2\/es_tags?post=206358"}],"curies":[{"name":"wp","href":"https:\/\/api.w.org\/{rel}","templated":true}]}}

Oficina en Arriendo en Canelon, Cajicá

<p>Descubra un espacio excepcional en arriendo, ideal para transformar en su próxima oficina. Esta oficina ubicada en Nou Centro Empresarial, con una vista sin igual, ofrece un ambiente moderno y minimalista, perfecto para aquellos que buscan funcionalidad y estilo en un mismo lugar. El espacio se destaca por su buenna distribución, 10 puntos de tomas electricas, diseñado para aprovechar al máximo cada metro cuadrado. Goza de abundante luz natural que ingresa a través de grandes ventanales, los cuales ofrecen vistas panorámicas urbanas y verdes, creando un entorno inspirador. Los acabados de alta calidad, con elegantes pisos de baldosa clara, complementan su diseño contemporáneo. Entre sus características clave, destacan su luminosidad, ventilación natural y un piso en baldosa/mármol que aporta sofisticación y fácil mantenimiento.  Su configuración versátil permite adaptar el espacio a diversas necesidades, ya sea una vibrante sala de estar, una productiva oficina o un exclusivo espacio comercial.    Esta oficina en arriendo por $1.850.000 es una oportunidad única para establecer su negocio en un entorno que promueve la creatividad y el bienestar, con un diseño que se adapta a las exigencias del mundo profesional actual.</p>
