{"id":206341,"date":"2026-01-09T14:11:06","date_gmt":"2026-01-09T19:11:06","guid":{"rendered":"https:\/\/arriendo.com\/co\/%es_type%\/\/%neighborhood%\/AR-0\/"},"modified":"2026-01-09T14:11:06","modified_gmt":"2026-01-09T19:11:06","slug":"ar-206341","status":"publish","type":"properties","link":"https:\/\/arriendo.com\/co\/apartamentos\/cajica\/vda-canelon\/ar-206341\/","title":{"rendered":"Apartamento en Arriendo en Vda canelon, Cajic\u00e1"},"content":{"rendered":"<p>\u00a1Apartaestudio con luz so\u00f1ada en Pietra, Cajic\u00e1!<\/p>\n<p>En tercer piso del Conjunto Pietra, este c\u00f3modo espacio de 46,46 m\u00b2 destaca por su excelente ubicaci\u00f3n interna, orientaci\u00f3n occidente (recibe sol de tarde) y ventanales de piso a techo que garantizan una iluminaci\u00f3n natural excepcional y vista abierta.<\/p>\n<p>Distribuci\u00f3n:<\/p>\n<p>Zona social amplia tipo loft con mueble divisor\/centro de entretenimiento.<\/p>\n<p>Cocina abierta en L con mes\u00f3n en granito, estufa y horno a gas, campana y espacio de barra\/comedor.<\/p>\n<p>Zona de ropas independiente con punto para lavadora y calentador a gas.<\/p>\n<p>Ba\u00f1o completo.<\/p>\n<p>Pisos laminados en \u00e1reas sociales y cer\u00e1mica en cocina.<\/p>\n<p>Conjunto y entorno:<\/p>\n<p>Ubicado en Carrera 5 No. 4A Sur \u2013 53, Cajic\u00e1 (sector central del municipio). El proyecto cuenta con dos torres de cinco pisos y zonas comunes como gimnasio dotado, lounge\/TV y lavander\u00eda comunal, entre otras.<br \/>\nMorandi Construcciones S.A.S<\/p>\n<p>Cajic\u00e1 pertenece a la Sabana Centro de Cundinamarca, al norte de Bogot\u00e1, con clima templado de monta\u00f1a y ambiente residencial tranquilo.<br \/>\nWikipedia<br \/>\nCundinamarca Government<\/p>\n<p>Ideal para quien busca un hogar moderno, iluminado y pr\u00e1ctico, cerca de comercio, servicios y transporte del casco urbano de Cajic\u00e1.<\/p>\n<p>Detalles clave:<\/p>\n<p>\u00c1rea privada: 46,46 m\u00b2<\/p>\n<p>Piso: 3<\/p>\n<p>Sol de la tarde y excelente iluminaci\u00f3n natural<\/p>\n<p>Buenas condiciones internas y moderna cocina<\/p>\n<p>\u00a1Lista para habitar! Agenda tu visita y con\u00f3celo.<\/p>\n","protected":false},"excerpt":{"rendered":"\u00a1Apartaestudio con luz so\u00f1ada en Pietra, Cajic\u00e1! En tercer piso...","protected":false},"author":6928,"featured_media":206343,"template":"","es_locations":[243,91,2528],"es_categories":[124],"es_types":[114],"es_rent_periods":[],"es_labels":[],"es_statuses":[126],"es_parkings":[],"es_roofs":[],"es_exterior_materials":[],"es_basements":[],"es_floor_coverings":[],"es_features":[131,2263,2145,2131,133,2146,2147,2148,2196,136,2149,2179,145,2203,2368,2216,2132,2272,2365,2133,2181,2182,2167,2150,143,2136,144,2376,2151,2152],"es_amenities":[152,2269,2153,2139,2154,2155,2156,2157,2197,2158,2159,154,2160,2208,2369,156,2140,2273,2366,158,159,2171,2161,2290,2143,161,2289,2377,162,2162],"es_neighborhoods":[],"es_tags":[],"class_list":["post-206341","properties","type-properties","status-publish","has-post-thumbnail","hentry","es_location-cajica","es_location-cundinamarca","es_location-vda-canelon","es_category-arriendo","es_type-apartamentos","es_status-usado","es_feature-ascensor","es_feature-barra-estilo-americano","es_feature-calentador","es_feature-circuito-cerrado-de-tv","es_feature-citofono","es_feature-cocina-integral","es_feature-cocina-tipo-americano","es_feature-colegios-universidades","es_feature-en-conjunto-cerrado","es_feature-estudio","es_feature-garajes","es_feature-gimnasio","es_feature-instalacion-de-gas","es_feature-jardines-exteriores","es_feature-loft","es_feature-parqueadero-visitantes","es_feature-parques-cercanos","es_feature-piso-en-baldosa-marmol","es_feature-planta-electrica","es_feature-porteria-recepcion","es_feature-porteria-vigilancia","es_feature-salon-comunal","es_feature-sauna-turco-jacuzzi","es_feature-supermercados-c-comerciales","es_feature-terraza","es_feature-trans-publico-cercano","es_feature-vista-panoramica","es_feature-vivienda-multifamiliar","es_feature-zona-de-lavanderia","es_feature-zona-residencial","es_amenity-ascensor-privado","es_amenity-barra-estilo-americano","es_amenity-calentador","es_amenity-circuito-cerrado-de-tv","es_amenity-citofono","es_amenity-cocina-integral","es_amenity-cocina-tipo-americano","es_amenity-colegios-universidades","es_amenity-en-conjunto-cerrado","es_amenity-estudio","es_amenity-garajes","es_amenity-gimnasio","es_amenity-instalacion-de-gas","es_amenity-jardines-exteriores","es_amenity-loft","es_amenity-parqueadero-visitantes","es_amenity-parques-cercanos","es_amenity-piso-en-baldosa-marmol","es_amenity-planta-electrica","es_amenity-porteria-recepcion","es_amenity-salon-comunal","es_amenity-sauna-turco-jacuzzi","es_amenity-supermercados-c-comerciales","es_amenity-terraza","es_amenity-trans-publico-cercano","es_amenity-vigilancia-24-7","es_amenity-vista-panoramica","es_amenity-vivienda-multifamiliar","es_amenity-zona-de-lavanderia","es_amenity-zona-residencial","es-post-entity"],"_links":{"self":[{"href":"https:\/\/arriendo.com\/co\/wp-json\/wp\/v2\/properties\/206341","targetHints":{"allow":["GET"]}}],"collection":[{"href":"https:\/\/arriendo.com\/co\/wp-json\/wp\/v2\/properties"}],"about":[{"href":"https:\/\/arriendo.com\/co\/wp-json\/wp\/v2\/types\/properties"}],"author":[{"embeddable":true,"href":"https:\/\/arriendo.com\/co\/wp-json\/wp\/v2\/users\/6928"}],"version-history":[{"count":0,"href":"https:\/\/arriendo.com\/co\/wp-json\/wp\/v2\/properties\/206341\/revisions"}],"wp:featuredmedia":[{"embeddable":true,"href":"https:\/\/arriendo.com\/co\/wp-json\/wp\/v2\/media\/206343"}],"wp:attachment":[{"href":"https:\/\/arriendo.com\/co\/wp-json\/wp\/v2\/media?parent=206341"}],"wp:term":[{"taxonomy":"es_location","embeddable":true,"href":"https:\/\/arriendo.com\/co\/wp-json\/wp\/v2\/es_locations?post=206341"},{"taxonomy":"es_category","embeddable":true,"href":"https:\/\/arriendo.com\/co\/wp-json\/wp\/v2\/es_categories?post=206341"},{"taxonomy":"es_type","embeddable":true,"href":"https:\/\/arriendo.com\/co\/wp-json\/wp\/v2\/es_types?post=206341"},{"taxonomy":"es_rent_period","embeddable":true,"href":"https:\/\/arriendo.com\/co\/wp-json\/wp\/v2\/es_rent_periods?post=206341"},{"taxonomy":"es_label","embeddable":true,"href":"https:\/\/arriendo.com\/co\/wp-json\/wp\/v2\/es_labels?post=206341"},{"taxonomy":"es_status","embeddable":true,"href":"https:\/\/arriendo.com\/co\/wp-json\/wp\/v2\/es_statuses?post=206341"},{"taxonomy":"es_parking","embeddable":true,"href":"https:\/\/arriendo.com\/co\/wp-json\/wp\/v2\/es_parkings?post=206341"},{"taxonomy":"es_roof","embeddable":true,"href":"https:\/\/arriendo.com\/co\/wp-json\/wp\/v2\/es_roofs?post=206341"},{"taxonomy":"es_exterior_material","embeddable":true,"href":"https:\/\/arriendo.com\/co\/wp-json\/wp\/v2\/es_exterior_materials?post=206341"},{"taxonomy":"es_basement","embeddable":true,"href":"https:\/\/arriendo.com\/co\/wp-json\/wp\/v2\/es_basements?post=206341"},{"taxonomy":"es_floor_covering","embeddable":true,"href":"https:\/\/arriendo.com\/co\/wp-json\/wp\/v2\/es_floor_coverings?post=206341"},{"taxonomy":"es_feature","embeddable":true,"href":"https:\/\/arriendo.com\/co\/wp-json\/wp\/v2\/es_features?post=206341"},{"taxonomy":"es_amenity","embeddable":true,"href":"https:\/\/arriendo.com\/co\/wp-json\/wp\/v2\/es_amenities?post=206341"},{"taxonomy":"es_neighborhood","embeddable":true,"href":"https:\/\/arriendo.com\/co\/wp-json\/wp\/v2\/es_neighborhoods?post=206341"},{"taxonomy":"es_tag","embeddable":true,"href":"https:\/\/arriendo.com\/co\/wp-json\/wp\/v2\/es_tags?post=206341"}],"curies":[{"name":"wp","href":"https:\/\/api.w.org\/{rel}","templated":true}]}}

Apartamento en Arriendo en Vda canelon, Cajicá

<p>¡Apartaestudio con luz soñada en Pietra, Cajicá!</p>
<p>En tercer piso del Conjunto Pietra, este cómodo espacio de 46,46 m² destaca por su excelente ubicación interna, orientación occidente (recibe sol de tarde) y ventanales de piso a techo que garantizan una iluminación natural excepcional y vista abierta.</p>
<p>Distribución:</p>
<p>Zona social amplia tipo loft con mueble divisor/centro de entretenimiento.</p>
<p>Cocina abierta en L con mesón en granito, estufa y horno a gas, campana y espacio de barra/comedor.</p>
<p>Zona de ropas independiente con punto para lavadora y calentador a gas.</p>
<p>Baño completo.</p>
<p>Pisos laminados en áreas sociales y cerámica en cocina.</p>
<p>Conjunto y entorno:</p>
<p>Ubicado en Carrera 5 No. 4A Sur – 53, Cajicá (sector central del municipio). El proyecto cuenta con dos torres de cinco pisos y zonas comunes como gimnasio dotado, lounge/TV y lavandería comunal, entre otras.<br />
Morandi Construcciones S.A.S</p>
<p>Cajicá pertenece a la Sabana Centro de Cundinamarca, al norte de Bogotá, con clima templado de montaña y ambiente residencial tranquilo.<br />
Wikipedia<br />
Cundinamarca Government</p>
<p>Ideal para quien busca un hogar moderno, iluminado y práctico, cerca de comercio, servicios y transporte del casco urbano de Cajicá.</p>
<p>Detalles clave:</p>
<p>Área privada: 46,46 m²</p>
<p>Piso: 3</p>
<p>Sol de la tarde y excelente iluminación natural</p>
<p>Buenas condiciones internas y moderna cocina</p>
<p>¡Lista para habitar! Agenda tu visita y conócelo.</p>

¡Apartaestudio con luz soñada en Pietra, Cajicá! En tercer piso...
