{"id":206170,"date":"2026-01-09T12:30:22","date_gmt":"2026-01-09T17:30:22","guid":{"rendered":"https:\/\/arriendo.com\/co\/%es_type%\/\/%neighborhood%\/AR-0\/"},"modified":"2026-01-09T12:30:22","modified_gmt":"2026-01-09T17:30:22","slug":"ar-206170","status":"publish","type":"properties","link":"https:\/\/arriendo.com\/co\/locales\/bogota\/la-esmeralda\/ar-206170\/","title":{"rendered":"Local en arriendo en La esmeralda, Bogot\u00e1"},"content":{"rendered":"<p>!Atenci\u00f3n emprendedores y comerciantes! Tenemos este espacio de 25 metros, estrato 4, perfecto para tu pr\u00f3ximo negocio, en el coraz\u00f3n  del Barrio La Esmeralda.  Apto para comercio y servicios, cuenta con servicios independientes de agua, y energ\u00eda.  El arriendo $ ***incluye IVA. Estrato 4. Ubicaci\u00f3n estrat\u00e9gica, en casa esquinera sobre la carrera 50. Estrato 4.<\/p>\n","protected":false},"excerpt":{"rendered":"!Atenci\u00f3n emprendedores y comerciantes! Tenemos este espacio de 25 metros,...","protected":false},"author":7727,"featured_media":206173,"template":"","es_locations":[110,77,1881],"es_categories":[124],"es_types":[117],"es_rent_periods":[],"es_labels":[],"es_statuses":[],"es_parkings":[],"es_roofs":[],"es_exterior_materials":[],"es_basements":[],"es_floor_coverings":[],"es_features":[151,2442,2176,2385,2132,2272,2239,2228,2152],"es_amenities":[2270,2443,2191,2386,2140,2273,2256,2258,2162],"es_neighborhoods":[],"es_tags":[],"class_list":["post-206170","properties","type-properties","status-publish","has-post-thumbnail","hentry","es_location-bogota","es_location-bogota-d-c","es_location-la-esmeralda","es_category-arriendo","es_type-locales","es_feature-deposito-bodega","es_feature-en-casa","es_feature-en-zona-residencial","es_feature-local-exterior","es_feature-parques-cercanos","es_feature-piso-en-baldosa-marmol","es_feature-sobre-via-secundaria","es_feature-ventilacion-natural","es_feature-zona-residencial","es_amenity-deposito-bodega","es_amenity-en-casa","es_amenity-en-zona-residencial","es_amenity-local-exterior","es_amenity-parques-cercanos","es_amenity-piso-en-baldosa-marmol","es_amenity-sobre-via-secundaria","es_amenity-ventilacion-natural","es_amenity-zona-residencial","es-post-entity"],"_links":{"self":[{"href":"https:\/\/arriendo.com\/co\/wp-json\/wp\/v2\/properties\/206170","targetHints":{"allow":["GET"]}}],"collection":[{"href":"https:\/\/arriendo.com\/co\/wp-json\/wp\/v2\/properties"}],"about":[{"href":"https:\/\/arriendo.com\/co\/wp-json\/wp\/v2\/types\/properties"}],"author":[{"embeddable":true,"href":"https:\/\/arriendo.com\/co\/wp-json\/wp\/v2\/users\/7727"}],"version-history":[{"count":0,"href":"https:\/\/arriendo.com\/co\/wp-json\/wp\/v2\/properties\/206170\/revisions"}],"wp:featuredmedia":[{"embeddable":true,"href":"https:\/\/arriendo.com\/co\/wp-json\/wp\/v2\/media\/206173"}],"wp:attachment":[{"href":"https:\/\/arriendo.com\/co\/wp-json\/wp\/v2\/media?parent=206170"}],"wp:term":[{"taxonomy":"es_location","embeddable":true,"href":"https:\/\/arriendo.com\/co\/wp-json\/wp\/v2\/es_locations?post=206170"},{"taxonomy":"es_category","embeddable":true,"href":"https:\/\/arriendo.com\/co\/wp-json\/wp\/v2\/es_categories?post=206170"},{"taxonomy":"es_type","embeddable":true,"href":"https:\/\/arriendo.com\/co\/wp-json\/wp\/v2\/es_types?post=206170"},{"taxonomy":"es_rent_period","embeddable":true,"href":"https:\/\/arriendo.com\/co\/wp-json\/wp\/v2\/es_rent_periods?post=206170"},{"taxonomy":"es_label","embeddable":true,"href":"https:\/\/arriendo.com\/co\/wp-json\/wp\/v2\/es_labels?post=206170"},{"taxonomy":"es_status","embeddable":true,"href":"https:\/\/arriendo.com\/co\/wp-json\/wp\/v2\/es_statuses?post=206170"},{"taxonomy":"es_parking","embeddable":true,"href":"https:\/\/arriendo.com\/co\/wp-json\/wp\/v2\/es_parkings?post=206170"},{"taxonomy":"es_roof","embeddable":true,"href":"https:\/\/arriendo.com\/co\/wp-json\/wp\/v2\/es_roofs?post=206170"},{"taxonomy":"es_exterior_material","embeddable":true,"href":"https:\/\/arriendo.com\/co\/wp-json\/wp\/v2\/es_exterior_materials?post=206170"},{"taxonomy":"es_basement","embeddable":true,"href":"https:\/\/arriendo.com\/co\/wp-json\/wp\/v2\/es_basements?post=206170"},{"taxonomy":"es_floor_covering","embeddable":true,"href":"https:\/\/arriendo.com\/co\/wp-json\/wp\/v2\/es_floor_coverings?post=206170"},{"taxonomy":"es_feature","embeddable":true,"href":"https:\/\/arriendo.com\/co\/wp-json\/wp\/v2\/es_features?post=206170"},{"taxonomy":"es_amenity","embeddable":true,"href":"https:\/\/arriendo.com\/co\/wp-json\/wp\/v2\/es_amenities?post=206170"},{"taxonomy":"es_neighborhood","embeddable":true,"href":"https:\/\/arriendo.com\/co\/wp-json\/wp\/v2\/es_neighborhoods?post=206170"},{"taxonomy":"es_tag","embeddable":true,"href":"https:\/\/arriendo.com\/co\/wp-json\/wp\/v2\/es_tags?post=206170"}],"curies":[{"name":"wp","href":"https:\/\/api.w.org\/{rel}","templated":true}]}}

Local en arriendo en La esmeralda, Bogotá

<p>!Atención emprendedores y comerciantes! Tenemos este espacio de 25 metros, estrato 4, perfecto para tu próximo negocio, en el corazón  del Barrio La Esmeralda.  Apto para comercio y servicios, cuenta con servicios independientes de agua, y energía.  El arriendo $ ***incluye IVA. Estrato 4. Ubicación estratégica, en casa esquinera sobre la carrera 50. Estrato 4.</p>

!Atención emprendedores y comerciantes! Tenemos este espacio de 25 metros,...
