{"id":206127,"date":"2026-01-09T12:27:45","date_gmt":"2026-01-09T17:27:45","guid":{"rendered":"https:\/\/arriendo.com\/co\/%es_type%\/\/%neighborhood%\/AR-0\/"},"modified":"2026-01-09T12:27:45","modified_gmt":"2026-01-09T17:27:45","slug":"ar-206127","status":"publish","type":"properties","link":"https:\/\/arriendo.com\/co\/oficinas\/bogota\/la-capuchina\/ar-206127\/","title":{"rendered":"Oficina en arriendo en La capuchina, Bogot\u00e1"},"content":{"rendered":"<p>OPORTUNIDAD OFICINA EDIFICIO LARA,  O BODEGA en el centro de Bogot\u00e1,  interior,  con iluminaci\u00f3n natural,  ventilaci\u00f3n,  \u00e1rea 27m2 que comprende tres oficinas independientes,  ba\u00f1os comunales para caballeros,  damas,  discapacitados,   escalera de emergencia,   vigilancia 24\/7 consta de recepci\u00f3n,   tres ascensores,   excelente ubicaci\u00f3n,  sobre la carrera 13, .<\/p>\n","protected":false},"excerpt":{"rendered":"OPORTUNIDAD OFICINA EDIFICIO LARA, O BODEGA en el centro de...","protected":false},"author":7723,"featured_media":206130,"template":"","es_locations":[110,77,250],"es_categories":[124],"es_types":[116],"es_rent_periods":[],"es_labels":[],"es_statuses":[],"es_parkings":[],"es_roofs":[],"es_exterior_materials":[],"es_basements":[],"es_floor_coverings":[],"es_features":[131,2130,2131,133,2508,2132,2400,2133,2134,2135,2136,2297,2137],"es_amenities":[152,2138,2139,2154,2509,2140,2403,158,2141,2142,2143,2299,2144],"es_neighborhoods":[],"es_tags":[],"class_list":["post-206127","properties","type-properties","status-publish","has-post-thumbnail","hentry","es_location-bogota","es_location-bogota-d-c","es_location-la-capuchina","es_category-arriendo","es_type-oficinas","es_feature-ascensor","es_feature-banos-comunales","es_feature-circuito-cerrado-de-tv","es_feature-citofono","es_feature-escaleras-electricas","es_feature-parques-cercanos","es_feature-piso-en-alfombra","es_feature-porteria-recepcion","es_feature-servicios-publicos","es_feature-sobre-via-principal","es_feature-trans-publico-cercano","es_feature-ubicada-en-edificio","es_feature-zona-comercial","es_amenity-ascensor-privado","es_amenity-banos-comunales","es_amenity-circuito-cerrado-de-tv","es_amenity-citofono","es_amenity-escaleras-electricas","es_amenity-parques-cercanos","es_amenity-piso-en-alfombra","es_amenity-porteria-recepcion","es_amenity-servicios-publicos","es_amenity-sobre-via-principal","es_amenity-trans-publico-cercano","es_amenity-ubicada-en-edificio","es_amenity-zona-comercial","es-post-entity"],"_links":{"self":[{"href":"https:\/\/arriendo.com\/co\/wp-json\/wp\/v2\/properties\/206127","targetHints":{"allow":["GET"]}}],"collection":[{"href":"https:\/\/arriendo.com\/co\/wp-json\/wp\/v2\/properties"}],"about":[{"href":"https:\/\/arriendo.com\/co\/wp-json\/wp\/v2\/types\/properties"}],"author":[{"embeddable":true,"href":"https:\/\/arriendo.com\/co\/wp-json\/wp\/v2\/users\/7723"}],"version-history":[{"count":0,"href":"https:\/\/arriendo.com\/co\/wp-json\/wp\/v2\/properties\/206127\/revisions"}],"wp:featuredmedia":[{"embeddable":true,"href":"https:\/\/arriendo.com\/co\/wp-json\/wp\/v2\/media\/206130"}],"wp:attachment":[{"href":"https:\/\/arriendo.com\/co\/wp-json\/wp\/v2\/media?parent=206127"}],"wp:term":[{"taxonomy":"es_location","embeddable":true,"href":"https:\/\/arriendo.com\/co\/wp-json\/wp\/v2\/es_locations?post=206127"},{"taxonomy":"es_category","embeddable":true,"href":"https:\/\/arriendo.com\/co\/wp-json\/wp\/v2\/es_categories?post=206127"},{"taxonomy":"es_type","embeddable":true,"href":"https:\/\/arriendo.com\/co\/wp-json\/wp\/v2\/es_types?post=206127"},{"taxonomy":"es_rent_period","embeddable":true,"href":"https:\/\/arriendo.com\/co\/wp-json\/wp\/v2\/es_rent_periods?post=206127"},{"taxonomy":"es_label","embeddable":true,"href":"https:\/\/arriendo.com\/co\/wp-json\/wp\/v2\/es_labels?post=206127"},{"taxonomy":"es_status","embeddable":true,"href":"https:\/\/arriendo.com\/co\/wp-json\/wp\/v2\/es_statuses?post=206127"},{"taxonomy":"es_parking","embeddable":true,"href":"https:\/\/arriendo.com\/co\/wp-json\/wp\/v2\/es_parkings?post=206127"},{"taxonomy":"es_roof","embeddable":true,"href":"https:\/\/arriendo.com\/co\/wp-json\/wp\/v2\/es_roofs?post=206127"},{"taxonomy":"es_exterior_material","embeddable":true,"href":"https:\/\/arriendo.com\/co\/wp-json\/wp\/v2\/es_exterior_materials?post=206127"},{"taxonomy":"es_basement","embeddable":true,"href":"https:\/\/arriendo.com\/co\/wp-json\/wp\/v2\/es_basements?post=206127"},{"taxonomy":"es_floor_covering","embeddable":true,"href":"https:\/\/arriendo.com\/co\/wp-json\/wp\/v2\/es_floor_coverings?post=206127"},{"taxonomy":"es_feature","embeddable":true,"href":"https:\/\/arriendo.com\/co\/wp-json\/wp\/v2\/es_features?post=206127"},{"taxonomy":"es_amenity","embeddable":true,"href":"https:\/\/arriendo.com\/co\/wp-json\/wp\/v2\/es_amenities?post=206127"},{"taxonomy":"es_neighborhood","embeddable":true,"href":"https:\/\/arriendo.com\/co\/wp-json\/wp\/v2\/es_neighborhoods?post=206127"},{"taxonomy":"es_tag","embeddable":true,"href":"https:\/\/arriendo.com\/co\/wp-json\/wp\/v2\/es_tags?post=206127"}],"curies":[{"name":"wp","href":"https:\/\/api.w.org\/{rel}","templated":true}]}}

Oficina en arriendo en La capuchina, Bogotá

<p>OPORTUNIDAD OFICINA EDIFICIO LARA,  O BODEGA en el centro de Bogotá,  interior,  con iluminación natural,  ventilación,  área 27m2 que comprende tres oficinas independientes,  baños comunales para caballeros,  damas,  discapacitados,   escalera de emergencia,   vigilancia 24/7 consta de recepción,   tres ascensores,   excelente ubicación,  sobre la carrera 13, .</p>
