{"id":206064,"date":"2026-01-09T12:22:33","date_gmt":"2026-01-09T17:22:33","guid":{"rendered":"https:\/\/arriendo.com\/co\/%es_type%\/\/%neighborhood%\/AR-0\/"},"modified":"2026-01-09T12:22:33","modified_gmt":"2026-01-09T17:22:33","slug":"ar-206064","status":"publish","type":"properties","link":"https:\/\/arriendo.com\/co\/locales\/bogota\/ciudad-salitre\/ar-206064\/","title":{"rendered":"Local en Arriendo en Ciudad salitre, Bogot\u00e1"},"content":{"rendered":"<p>Ubicado estrat\u00e9gicamente en la prestigiosa Avenida El Dorado, este excepcional local comercial de 206 m\u00b2 con doble altura representa una oportunidad inigualable para el crecimiento y la expansi\u00f3n de su marca. Su posici\u00f3n privilegiada, contigua a reconocidas marcas comerciales, garantiza una visibilidad y afluencia de p\u00fablico constantes, asegurando el \u00e9xito de su negocio. La versatilidad de su espacio de doble altura ofrece infinitas posibilidades para un dise\u00f1o innovador y una experiencia de cliente memorable. Para mayor informaci\u00f3n y coordinar una visita, por favor contacte a Alexandra Toro Meneses al celular ***.<\/p>\n","protected":false},"excerpt":{"rendered":"Ubicado estrat\u00e9gicamente en la prestigiosa Avenida El Dorado, este excepcional...","protected":false},"author":7620,"featured_media":206067,"template":"","es_locations":[110,77,1100],"es_categories":[124],"es_types":[117],"es_rent_periods":[],"es_labels":[],"es_statuses":[126],"es_parkings":[],"es_roofs":[],"es_exterior_materials":[],"es_basements":[],"es_floor_coverings":[],"es_features":[150,2131,2302,151,2454,2201,2176,2216,2132,2365,2181,2135,2239,2228,2241,2242,2137,2300,2152],"es_amenities":[2387,2139,2303,2270,2456,2206,2191,156,2140,2366,2142,2256,2258,161,2259,2260,2144,2301,2162],"es_neighborhoods":[],"es_tags":[],"class_list":["post-206064","properties","type-properties","status-publish","has-post-thumbnail","hentry","es_location-bogota","es_location-bogota-d-c","es_location-ciudad-salitre","es_category-arriendo","es_type-locales","es_status-usado","es_feature-alarma","es_feature-circuito-cerrado-de-tv","es_feature-cocineta","es_feature-deposito-bodega","es_feature-en-centro-comercial","es_feature-en-zona-comercial","es_feature-en-zona-residencial","es_feature-parqueadero-visitantes","es_feature-parques-cercanos","es_feature-planta-electrica","es_feature-porteria-vigilancia","es_feature-sobre-via-principal","es_feature-sobre-via-secundaria","es_feature-ventilacion-natural","es_feature-vigilancia-24x7","es_feature-vigilancia-privada-247","es_feature-zona-comercial","es_feature-zona-industrial","es_feature-zona-residencial","es_amenity-alarma","es_amenity-circuito-cerrado-de-tv","es_amenity-cocineta","es_amenity-deposito-bodega","es_amenity-en-centro-comercial","es_amenity-en-zona-comercial","es_amenity-en-zona-residencial","es_amenity-parqueadero-visitantes","es_amenity-parques-cercanos","es_amenity-planta-electrica","es_amenity-sobre-via-principal","es_amenity-sobre-via-secundaria","es_amenity-ventilacion-natural","es_amenity-vigilancia-24-7","es_amenity-vigilancia-24x7","es_amenity-vigilancia-privada-247","es_amenity-zona-comercial","es_amenity-zona-industrial","es_amenity-zona-residencial","es-post-entity"],"_links":{"self":[{"href":"https:\/\/arriendo.com\/co\/wp-json\/wp\/v2\/properties\/206064","targetHints":{"allow":["GET"]}}],"collection":[{"href":"https:\/\/arriendo.com\/co\/wp-json\/wp\/v2\/properties"}],"about":[{"href":"https:\/\/arriendo.com\/co\/wp-json\/wp\/v2\/types\/properties"}],"author":[{"embeddable":true,"href":"https:\/\/arriendo.com\/co\/wp-json\/wp\/v2\/users\/7620"}],"version-history":[{"count":0,"href":"https:\/\/arriendo.com\/co\/wp-json\/wp\/v2\/properties\/206064\/revisions"}],"wp:featuredmedia":[{"embeddable":true,"href":"https:\/\/arriendo.com\/co\/wp-json\/wp\/v2\/media\/206067"}],"wp:attachment":[{"href":"https:\/\/arriendo.com\/co\/wp-json\/wp\/v2\/media?parent=206064"}],"wp:term":[{"taxonomy":"es_location","embeddable":true,"href":"https:\/\/arriendo.com\/co\/wp-json\/wp\/v2\/es_locations?post=206064"},{"taxonomy":"es_category","embeddable":true,"href":"https:\/\/arriendo.com\/co\/wp-json\/wp\/v2\/es_categories?post=206064"},{"taxonomy":"es_type","embeddable":true,"href":"https:\/\/arriendo.com\/co\/wp-json\/wp\/v2\/es_types?post=206064"},{"taxonomy":"es_rent_period","embeddable":true,"href":"https:\/\/arriendo.com\/co\/wp-json\/wp\/v2\/es_rent_periods?post=206064"},{"taxonomy":"es_label","embeddable":true,"href":"https:\/\/arriendo.com\/co\/wp-json\/wp\/v2\/es_labels?post=206064"},{"taxonomy":"es_status","embeddable":true,"href":"https:\/\/arriendo.com\/co\/wp-json\/wp\/v2\/es_statuses?post=206064"},{"taxonomy":"es_parking","embeddable":true,"href":"https:\/\/arriendo.com\/co\/wp-json\/wp\/v2\/es_parkings?post=206064"},{"taxonomy":"es_roof","embeddable":true,"href":"https:\/\/arriendo.com\/co\/wp-json\/wp\/v2\/es_roofs?post=206064"},{"taxonomy":"es_exterior_material","embeddable":true,"href":"https:\/\/arriendo.com\/co\/wp-json\/wp\/v2\/es_exterior_materials?post=206064"},{"taxonomy":"es_basement","embeddable":true,"href":"https:\/\/arriendo.com\/co\/wp-json\/wp\/v2\/es_basements?post=206064"},{"taxonomy":"es_floor_covering","embeddable":true,"href":"https:\/\/arriendo.com\/co\/wp-json\/wp\/v2\/es_floor_coverings?post=206064"},{"taxonomy":"es_feature","embeddable":true,"href":"https:\/\/arriendo.com\/co\/wp-json\/wp\/v2\/es_features?post=206064"},{"taxonomy":"es_amenity","embeddable":true,"href":"https:\/\/arriendo.com\/co\/wp-json\/wp\/v2\/es_amenities?post=206064"},{"taxonomy":"es_neighborhood","embeddable":true,"href":"https:\/\/arriendo.com\/co\/wp-json\/wp\/v2\/es_neighborhoods?post=206064"},{"taxonomy":"es_tag","embeddable":true,"href":"https:\/\/arriendo.com\/co\/wp-json\/wp\/v2\/es_tags?post=206064"}],"curies":[{"name":"wp","href":"https:\/\/api.w.org\/{rel}","templated":true}]}}

Local en Arriendo en Ciudad salitre, Bogotá

<p>Ubicado estratégicamente en la prestigiosa Avenida El Dorado, este excepcional local comercial de 206 m² con doble altura representa una oportunidad inigualable para el crecimiento y la expansión de su marca. Su posición privilegiada, contigua a reconocidas marcas comerciales, garantiza una visibilidad y afluencia de público constantes, asegurando el éxito de su negocio. La versatilidad de su espacio de doble altura ofrece infinitas posibilidades para un diseño innovador y una experiencia de cliente memorable. Para mayor información y coordinar una visita, por favor contacte a Alexandra Toro Meneses al celular ***.</p>

Ubicado estratégicamente en la prestigiosa Avenida El Dorado, este excepcional...
