{"id":205444,"date":"2026-01-09T11:36:53","date_gmt":"2026-01-09T16:36:53","guid":{"rendered":"https:\/\/arriendo.com\/co\/%es_type%\/\/%neighborhood%\/AR-0\/"},"modified":"2026-01-09T11:36:53","modified_gmt":"2026-01-09T16:36:53","slug":"ar-205444","status":"publish","type":"properties","link":"https:\/\/arriendo.com\/co\/locales\/bogota\/fontibon\/ar-205444\/","title":{"rendered":"Local en Arriendo en Fontibon, Bogot\u00e1"},"content":{"rendered":"<p>\u00a1Oportunidad disponible para grandes marcas en el occidente de Bogot\u00e1!<br \/>\nSe arrienda amplio local comercial de 637 m\u00b2 ubicado en el Centro Comercial Hayuelos, ubicado en el segundo piso.<br \/>\nEspacio ideal para expansi\u00f3n o posicionamiento de marca en una de las zonas de mayor afluencia del occidente de Bogot\u00e1.<\/p>\n<p>El local cuenta con bodega interna, cuarto el\u00e9ctrico independiente y parqueaderos disponibles.<br \/>\nExcelente visibilidad, alto tr\u00e1fico peatonal y entorno consolidado con reconocidas marcas nacionales e internacionales.<\/p>\n<p>Con posibilidad de ampliarse hasta a un \u00e1rea de 732m2<br \/>\nTu pr\u00f3xima vitrina comercial est\u00e1 en Hayuelos.<br \/>\nCont\u00e1ctanos para m\u00e1s informaci\u00f3n y visitas.<\/p>\n","protected":false},"excerpt":{"rendered":"\u00a1Oportunidad disponible para grandes marcas en el occidente de Bogot\u00e1!...","protected":false},"author":7179,"featured_media":205447,"template":"","es_locations":[110,77,218],"es_categories":[124],"es_types":[117],"es_rent_periods":[],"es_labels":[],"es_statuses":[126],"es_parkings":[],"es_roofs":[],"es_exterior_materials":[],"es_basements":[],"es_floor_coverings":[],"es_features":[149,131,151,2454,2201,2455,2216,2132,2488,2418,2181,2241,2242,2152],"es_amenities":[2329,152,2270,2456,2206,2457,156,2140,2489,2419,161,2259,2260,2162],"es_neighborhoods":[],"es_tags":[],"class_list":["post-205444","properties","type-properties","status-publish","has-post-thumbnail","hentry","es_location-bogota","es_location-bogota-d-c","es_location-fontibon","es_category-arriendo","es_type-locales","es_status-usado","es_feature-aire-acondicionado","es_feature-ascensor","es_feature-deposito-bodega","es_feature-en-centro-comercial","es_feature-en-zona-comercial","es_feature-local-interior","es_feature-parqueadero-visitantes","es_feature-parques-cercanos","es_feature-pasaje-comercial","es_feature-piso-en-madera","es_feature-porteria-vigilancia","es_feature-vigilancia-24x7","es_feature-vigilancia-privada-247","es_feature-zona-residencial","es_amenity-aire-acondicionado","es_amenity-ascensor-privado","es_amenity-deposito-bodega","es_amenity-en-centro-comercial","es_amenity-en-zona-comercial","es_amenity-local-interior","es_amenity-parqueadero-visitantes","es_amenity-parques-cercanos","es_amenity-pasaje-comercial","es_amenity-piso-en-madera","es_amenity-vigilancia-24-7","es_amenity-vigilancia-24x7","es_amenity-vigilancia-privada-247","es_amenity-zona-residencial","es-post-entity"],"_links":{"self":[{"href":"https:\/\/arriendo.com\/co\/wp-json\/wp\/v2\/properties\/205444","targetHints":{"allow":["GET"]}}],"collection":[{"href":"https:\/\/arriendo.com\/co\/wp-json\/wp\/v2\/properties"}],"about":[{"href":"https:\/\/arriendo.com\/co\/wp-json\/wp\/v2\/types\/properties"}],"author":[{"embeddable":true,"href":"https:\/\/arriendo.com\/co\/wp-json\/wp\/v2\/users\/7179"}],"version-history":[{"count":0,"href":"https:\/\/arriendo.com\/co\/wp-json\/wp\/v2\/properties\/205444\/revisions"}],"wp:featuredmedia":[{"embeddable":true,"href":"https:\/\/arriendo.com\/co\/wp-json\/wp\/v2\/media\/205447"}],"wp:attachment":[{"href":"https:\/\/arriendo.com\/co\/wp-json\/wp\/v2\/media?parent=205444"}],"wp:term":[{"taxonomy":"es_location","embeddable":true,"href":"https:\/\/arriendo.com\/co\/wp-json\/wp\/v2\/es_locations?post=205444"},{"taxonomy":"es_category","embeddable":true,"href":"https:\/\/arriendo.com\/co\/wp-json\/wp\/v2\/es_categories?post=205444"},{"taxonomy":"es_type","embeddable":true,"href":"https:\/\/arriendo.com\/co\/wp-json\/wp\/v2\/es_types?post=205444"},{"taxonomy":"es_rent_period","embeddable":true,"href":"https:\/\/arriendo.com\/co\/wp-json\/wp\/v2\/es_rent_periods?post=205444"},{"taxonomy":"es_label","embeddable":true,"href":"https:\/\/arriendo.com\/co\/wp-json\/wp\/v2\/es_labels?post=205444"},{"taxonomy":"es_status","embeddable":true,"href":"https:\/\/arriendo.com\/co\/wp-json\/wp\/v2\/es_statuses?post=205444"},{"taxonomy":"es_parking","embeddable":true,"href":"https:\/\/arriendo.com\/co\/wp-json\/wp\/v2\/es_parkings?post=205444"},{"taxonomy":"es_roof","embeddable":true,"href":"https:\/\/arriendo.com\/co\/wp-json\/wp\/v2\/es_roofs?post=205444"},{"taxonomy":"es_exterior_material","embeddable":true,"href":"https:\/\/arriendo.com\/co\/wp-json\/wp\/v2\/es_exterior_materials?post=205444"},{"taxonomy":"es_basement","embeddable":true,"href":"https:\/\/arriendo.com\/co\/wp-json\/wp\/v2\/es_basements?post=205444"},{"taxonomy":"es_floor_covering","embeddable":true,"href":"https:\/\/arriendo.com\/co\/wp-json\/wp\/v2\/es_floor_coverings?post=205444"},{"taxonomy":"es_feature","embeddable":true,"href":"https:\/\/arriendo.com\/co\/wp-json\/wp\/v2\/es_features?post=205444"},{"taxonomy":"es_amenity","embeddable":true,"href":"https:\/\/arriendo.com\/co\/wp-json\/wp\/v2\/es_amenities?post=205444"},{"taxonomy":"es_neighborhood","embeddable":true,"href":"https:\/\/arriendo.com\/co\/wp-json\/wp\/v2\/es_neighborhoods?post=205444"},{"taxonomy":"es_tag","embeddable":true,"href":"https:\/\/arriendo.com\/co\/wp-json\/wp\/v2\/es_tags?post=205444"}],"curies":[{"name":"wp","href":"https:\/\/api.w.org\/{rel}","templated":true}]}}

Local en Arriendo en Fontibon, Bogotá

<p>¡Oportunidad disponible para grandes marcas en el occidente de Bogotá!<br />
Se arrienda amplio local comercial de 637 m² ubicado en el Centro Comercial Hayuelos, ubicado en el segundo piso.<br />
Espacio ideal para expansión o posicionamiento de marca en una de las zonas de mayor afluencia del occidente de Bogotá.</p>
<p>El local cuenta con bodega interna, cuarto eléctrico independiente y parqueaderos disponibles.<br />
Excelente visibilidad, alto tráfico peatonal y entorno consolidado con reconocidas marcas nacionales e internacionales.</p>
<p>Con posibilidad de ampliarse hasta a un área de 732m2<br />
Tu próxima vitrina comercial está en Hayuelos.<br />
Contáctanos para más información y visitas.</p>

¡Oportunidad disponible para grandes marcas en el occidente de Bogotá!...
