{"id":204725,"date":"2026-01-09T10:42:45","date_gmt":"2026-01-09T15:42:45","guid":{"rendered":"https:\/\/arriendo.com\/co\/%es_type%\/\/%neighborhood%\/AR-0\/"},"modified":"2026-01-23T11:00:25","modified_gmt":"2026-01-23T16:00:25","slug":"ar-204725","status":"publish","type":"properties","link":"https:\/\/arriendo.com\/co\/apartaestudios\/bogota\/bella-suiza\/ar-204725\/","title":{"rendered":"Apartaestudio en Arriendo en Bella suiza, Bogot\u00e1"},"content":{"rendered":"<p>Vive con estilo en Bella Suiza<\/p>\n<p>Canon $2.856.000 m\u00e1s administraci\u00f3n $644.000<\/p>\n<p>Apartamento amoblado de 74,93 m\u00b2, 1 alcoba, 2 ba\u00f1os, balc\u00f3n con vista exterior y luz natural todo el d\u00eda.<\/p>\n<p>Cocina moderna, sala-comedor amplia y acabados de calidad.<\/p>\n<p>Ubicado en zona exclusiva, segura y cerca de todo.<\/p>\n<p>\u00a1Perfecto para solteros o parejas que buscan confort y ubicaci\u00f3n!<\/p>\n<p>\u00a1Llama ya y agenda una visita para que disfrutes sus espacios !<\/p>\n","protected":false},"excerpt":{"rendered":"Vive con estilo en Bella Suiza Canon $2.856.000 m\u00e1s administraci\u00f3n...","protected":false},"author":4102,"featured_media":227142,"template":"","es_locations":[197,110,77],"es_categories":[124],"es_types":[299],"es_rent_periods":[],"es_labels":[],"es_statuses":[126],"es_parkings":[],"es_roofs":[],"es_exterior_materials":[],"es_basements":[],"es_floor_coverings":[],"es_features":[2262,131,132,2145,134,2131,133,2148,2179,2216,2132,2133,2181,2182,2150,2136,2151,2152],"es_amenities":[2267,152,2186,2153,2313,2139,2154,2157,154,156,2140,158,159,2161,2143,161,162,2162],"es_neighborhoods":[],"es_tags":[],"class_list":["post-204725","properties","type-properties","status-publish","has-post-thumbnail","hentry","es_location-bella-suiza","es_location-bogota","es_location-bogota-d-c","es_category-arriendo","es_type-apartaestudios","es_status-usado","es_feature-amoblado","es_feature-ascensor","es_feature-balcon","es_feature-calentador","es_feature-chimenea","es_feature-circuito-cerrado-de-tv","es_feature-citofono","es_feature-colegios-universidades","es_feature-gimnasio","es_feature-parqueadero-visitantes","es_feature-parques-cercanos","es_feature-porteria-recepcion","es_feature-porteria-vigilancia","es_feature-salon-comunal","es_feature-supermercados-c-comerciales","es_feature-trans-publico-cercano","es_feature-zona-de-lavanderia","es_feature-zona-residencial","es_amenity-amoblado","es_amenity-ascensor-privado","es_amenity-balcon","es_amenity-calentador","es_amenity-chimenea","es_amenity-circuito-cerrado-de-tv","es_amenity-citofono","es_amenity-colegios-universidades","es_amenity-gimnasio","es_amenity-parqueadero-visitantes","es_amenity-parques-cercanos","es_amenity-porteria-recepcion","es_amenity-salon-comunal","es_amenity-supermercados-c-comerciales","es_amenity-trans-publico-cercano","es_amenity-vigilancia-24-7","es_amenity-zona-de-lavanderia","es_amenity-zona-residencial","es-post-entity"],"_links":{"self":[{"href":"https:\/\/arriendo.com\/co\/wp-json\/wp\/v2\/properties\/204725","targetHints":{"allow":["GET"]}}],"collection":[{"href":"https:\/\/arriendo.com\/co\/wp-json\/wp\/v2\/properties"}],"about":[{"href":"https:\/\/arriendo.com\/co\/wp-json\/wp\/v2\/types\/properties"}],"author":[{"embeddable":true,"href":"https:\/\/arriendo.com\/co\/wp-json\/wp\/v2\/users\/4102"}],"version-history":[{"count":0,"href":"https:\/\/arriendo.com\/co\/wp-json\/wp\/v2\/properties\/204725\/revisions"}],"wp:featuredmedia":[{"embeddable":true,"href":"https:\/\/arriendo.com\/co\/wp-json\/wp\/v2\/media\/227142"}],"wp:attachment":[{"href":"https:\/\/arriendo.com\/co\/wp-json\/wp\/v2\/media?parent=204725"}],"wp:term":[{"taxonomy":"es_location","embeddable":true,"href":"https:\/\/arriendo.com\/co\/wp-json\/wp\/v2\/es_locations?post=204725"},{"taxonomy":"es_category","embeddable":true,"href":"https:\/\/arriendo.com\/co\/wp-json\/wp\/v2\/es_categories?post=204725"},{"taxonomy":"es_type","embeddable":true,"href":"https:\/\/arriendo.com\/co\/wp-json\/wp\/v2\/es_types?post=204725"},{"taxonomy":"es_rent_period","embeddable":true,"href":"https:\/\/arriendo.com\/co\/wp-json\/wp\/v2\/es_rent_periods?post=204725"},{"taxonomy":"es_label","embeddable":true,"href":"https:\/\/arriendo.com\/co\/wp-json\/wp\/v2\/es_labels?post=204725"},{"taxonomy":"es_status","embeddable":true,"href":"https:\/\/arriendo.com\/co\/wp-json\/wp\/v2\/es_statuses?post=204725"},{"taxonomy":"es_parking","embeddable":true,"href":"https:\/\/arriendo.com\/co\/wp-json\/wp\/v2\/es_parkings?post=204725"},{"taxonomy":"es_roof","embeddable":true,"href":"https:\/\/arriendo.com\/co\/wp-json\/wp\/v2\/es_roofs?post=204725"},{"taxonomy":"es_exterior_material","embeddable":true,"href":"https:\/\/arriendo.com\/co\/wp-json\/wp\/v2\/es_exterior_materials?post=204725"},{"taxonomy":"es_basement","embeddable":true,"href":"https:\/\/arriendo.com\/co\/wp-json\/wp\/v2\/es_basements?post=204725"},{"taxonomy":"es_floor_covering","embeddable":true,"href":"https:\/\/arriendo.com\/co\/wp-json\/wp\/v2\/es_floor_coverings?post=204725"},{"taxonomy":"es_feature","embeddable":true,"href":"https:\/\/arriendo.com\/co\/wp-json\/wp\/v2\/es_features?post=204725"},{"taxonomy":"es_amenity","embeddable":true,"href":"https:\/\/arriendo.com\/co\/wp-json\/wp\/v2\/es_amenities?post=204725"},{"taxonomy":"es_neighborhood","embeddable":true,"href":"https:\/\/arriendo.com\/co\/wp-json\/wp\/v2\/es_neighborhoods?post=204725"},{"taxonomy":"es_tag","embeddable":true,"href":"https:\/\/arriendo.com\/co\/wp-json\/wp\/v2\/es_tags?post=204725"}],"curies":[{"name":"wp","href":"https:\/\/api.w.org\/{rel}","templated":true}]}}

Apartaestudio en Arriendo en Bella suiza, Bogotá

<p>Vive con estilo en Bella Suiza</p>
<p>Canon $2.856.000 más administración $644.000</p>
<p>Apartamento amoblado de 74,93 m², 1 alcoba, 2 baños, balcón con vista exterior y luz natural todo el día.</p>
<p>Cocina moderna, sala-comedor amplia y acabados de calidad.</p>
<p>Ubicado en zona exclusiva, segura y cerca de todo.</p>
<p>¡Perfecto para solteros o parejas que buscan confort y ubicación!</p>
<p>¡Llama ya y agenda una visita para que disfrutes sus espacios !</p>

Vive con estilo en Bella Suiza Canon $2.856.000 más administración...
