{"id":203513,"date":"2026-01-08T12:43:05","date_gmt":"2026-01-08T17:43:05","guid":{"rendered":"https:\/\/arriendo.com\/co\/%es_type%\/\/%neighborhood%\/AR-0\/"},"modified":"2026-01-08T12:43:05","modified_gmt":"2026-01-08T17:43:05","slug":"ar-203513","status":"publish","type":"properties","link":"https:\/\/arriendo.com\/co\/apartamentos\/bogota\/la-cabrera\/ar-203513\/","title":{"rendered":"Apartamento en  Arriendo en La cabrera, Bogot\u00e1"},"content":{"rendered":"<p>LA CABRERA, CUARTO PISO EXTERIOR CON VISTA PRINCIPAL HACIA EL OCCIDENTE, SALON CON CHIMENEA, COMEDOR Y ESTUDIO INDEPENDIENTES, BA\u00d1O SOCIAL, TRES ALCOBAS, LA PRINCIPAL CON BA\u00d1O PRIVADO, OTRO BA\u00d1O PARA DOS ALCOBAS, ESTAR ALCOBAS, COCINA INTEGRAL CON ESTUFA DE GAS, COMEDOR AUXILIAR, ZONA DE LAVANDERIA, CUARTO Y BA\u00d1O DE SERVICIO, GARAJE PARA DOS CARROS. EDIFICIO CON PORTERIA 24 HORAS, DOS ASCENSORES, PLANTA ELECTRICA DE EMERGENCIA, SALON COMUNAL CON TERRAZA CON BBQ, SAUNA COMUNAL Y CUARTO PARA CONDUCTORES.<\/p>\n","protected":false},"excerpt":{"rendered":"LA CABRERA, CUARTO PISO EXTERIOR CON VISTA PRINCIPAL HACIA EL...","protected":false},"author":4102,"featured_media":203515,"template":"","es_locations":[110,77,226],"es_categories":[124],"es_types":[114],"es_rent_periods":[],"es_labels":[],"es_statuses":[126],"es_parkings":[],"es_roofs":[],"es_exterior_materials":[],"es_basements":[],"es_floor_coverings":[],"es_features":[131,2212,134,2131,133,2146,2312,2490,2331,136,2282,145,2132,2365,2133,2181,2182,2167,143,2136,2151,2185,2152],"es_amenities":[152,2217,2313,2139,2154,2155,2314,2491,2332,2158,2287,2160,2140,2366,158,159,2171,2290,2143,161,162,2173,2162],"es_neighborhoods":[],"es_tags":[],"class_list":["post-203513","properties","type-properties","status-publish","has-post-thumbnail","hentry","es_location-bogota","es_location-bogota-d-c","es_location-la-cabrera","es_category-arriendo","es_type-apartamentos","es_status-usado","es_feature-ascensor","es_feature-bano-auxiliar","es_feature-chimenea","es_feature-circuito-cerrado-de-tv","es_feature-citofono","es_feature-cocina-integral","es_feature-comedor-auxiliar","es_feature-cuarto-de-escoltas","es_feature-cuarto-de-servicio","es_feature-estudio","es_feature-hall-de-alcobas","es_feature-instalacion-de-gas","es_feature-parques-cercanos","es_feature-planta-electrica","es_feature-porteria-recepcion","es_feature-porteria-vigilancia","es_feature-salon-comunal","es_feature-sauna-turco-jacuzzi","es_feature-terraza","es_feature-trans-publico-cercano","es_feature-zona-de-lavanderia","es_feature-zona-infantil","es_feature-zona-residencial","es_amenity-ascensor-privado","es_amenity-bano-auxiliar","es_amenity-chimenea","es_amenity-circuito-cerrado-de-tv","es_amenity-citofono","es_amenity-cocina-integral","es_amenity-comedor-auxiliar","es_amenity-cuarto-de-escoltas","es_amenity-cuarto-de-servicio","es_amenity-estudio","es_amenity-hall-de-alcobas","es_amenity-instalacion-de-gas","es_amenity-parques-cercanos","es_amenity-planta-electrica","es_amenity-porteria-recepcion","es_amenity-salon-comunal","es_amenity-sauna-turco-jacuzzi","es_amenity-terraza","es_amenity-trans-publico-cercano","es_amenity-vigilancia-24-7","es_amenity-zona-de-lavanderia","es_amenity-zona-infantil","es_amenity-zona-residencial","es-post-entity"],"_links":{"self":[{"href":"https:\/\/arriendo.com\/co\/wp-json\/wp\/v2\/properties\/203513","targetHints":{"allow":["GET"]}}],"collection":[{"href":"https:\/\/arriendo.com\/co\/wp-json\/wp\/v2\/properties"}],"about":[{"href":"https:\/\/arriendo.com\/co\/wp-json\/wp\/v2\/types\/properties"}],"author":[{"embeddable":true,"href":"https:\/\/arriendo.com\/co\/wp-json\/wp\/v2\/users\/4102"}],"version-history":[{"count":0,"href":"https:\/\/arriendo.com\/co\/wp-json\/wp\/v2\/properties\/203513\/revisions"}],"wp:featuredmedia":[{"embeddable":true,"href":"https:\/\/arriendo.com\/co\/wp-json\/wp\/v2\/media\/203515"}],"wp:attachment":[{"href":"https:\/\/arriendo.com\/co\/wp-json\/wp\/v2\/media?parent=203513"}],"wp:term":[{"taxonomy":"es_location","embeddable":true,"href":"https:\/\/arriendo.com\/co\/wp-json\/wp\/v2\/es_locations?post=203513"},{"taxonomy":"es_category","embeddable":true,"href":"https:\/\/arriendo.com\/co\/wp-json\/wp\/v2\/es_categories?post=203513"},{"taxonomy":"es_type","embeddable":true,"href":"https:\/\/arriendo.com\/co\/wp-json\/wp\/v2\/es_types?post=203513"},{"taxonomy":"es_rent_period","embeddable":true,"href":"https:\/\/arriendo.com\/co\/wp-json\/wp\/v2\/es_rent_periods?post=203513"},{"taxonomy":"es_label","embeddable":true,"href":"https:\/\/arriendo.com\/co\/wp-json\/wp\/v2\/es_labels?post=203513"},{"taxonomy":"es_status","embeddable":true,"href":"https:\/\/arriendo.com\/co\/wp-json\/wp\/v2\/es_statuses?post=203513"},{"taxonomy":"es_parking","embeddable":true,"href":"https:\/\/arriendo.com\/co\/wp-json\/wp\/v2\/es_parkings?post=203513"},{"taxonomy":"es_roof","embeddable":true,"href":"https:\/\/arriendo.com\/co\/wp-json\/wp\/v2\/es_roofs?post=203513"},{"taxonomy":"es_exterior_material","embeddable":true,"href":"https:\/\/arriendo.com\/co\/wp-json\/wp\/v2\/es_exterior_materials?post=203513"},{"taxonomy":"es_basement","embeddable":true,"href":"https:\/\/arriendo.com\/co\/wp-json\/wp\/v2\/es_basements?post=203513"},{"taxonomy":"es_floor_covering","embeddable":true,"href":"https:\/\/arriendo.com\/co\/wp-json\/wp\/v2\/es_floor_coverings?post=203513"},{"taxonomy":"es_feature","embeddable":true,"href":"https:\/\/arriendo.com\/co\/wp-json\/wp\/v2\/es_features?post=203513"},{"taxonomy":"es_amenity","embeddable":true,"href":"https:\/\/arriendo.com\/co\/wp-json\/wp\/v2\/es_amenities?post=203513"},{"taxonomy":"es_neighborhood","embeddable":true,"href":"https:\/\/arriendo.com\/co\/wp-json\/wp\/v2\/es_neighborhoods?post=203513"},{"taxonomy":"es_tag","embeddable":true,"href":"https:\/\/arriendo.com\/co\/wp-json\/wp\/v2\/es_tags?post=203513"}],"curies":[{"name":"wp","href":"https:\/\/api.w.org\/{rel}","templated":true}]}}

Apartamento en  Arriendo en La cabrera, Bogotá

<p>LA CABRERA, CUARTO PISO EXTERIOR CON VISTA PRINCIPAL HACIA EL OCCIDENTE, SALON CON CHIMENEA, COMEDOR Y ESTUDIO INDEPENDIENTES, BAÑO SOCIAL, TRES ALCOBAS, LA PRINCIPAL CON BAÑO PRIVADO, OTRO BAÑO PARA DOS ALCOBAS, ESTAR ALCOBAS, COCINA INTEGRAL CON ESTUFA DE GAS, COMEDOR AUXILIAR, ZONA DE LAVANDERIA, CUARTO Y BAÑO DE SERVICIO, GARAJE PARA DOS CARROS. EDIFICIO CON PORTERIA 24 HORAS, DOS ASCENSORES, PLANTA ELECTRICA DE EMERGENCIA, SALON COMUNAL CON TERRAZA CON BBQ, SAUNA COMUNAL Y CUARTO PARA CONDUCTORES.</p>
