{"id":202750,"date":"2026-01-08T11:49:45","date_gmt":"2026-01-08T16:49:45","guid":{"rendered":"https:\/\/arriendo.com\/co\/%es_type%\/\/%neighborhood%\/AR-0\/"},"modified":"2026-01-08T11:49:45","modified_gmt":"2026-01-08T16:49:45","slug":"ar-202750","status":"publish","type":"properties","link":"https:\/\/arriendo.com\/co\/oficinas\/bucaramanga\/centro\/ar-202750\/","title":{"rendered":"Oficina en Arriendo en Centro, Bucaramanga"},"content":{"rendered":"<p>Confortable oficina de dos ambientes, moderna y c\u00f3moda. Ubicada en zona estrat\u00e9gica del centro de Bucaramanga a media calle de la DIAN, a una cuadra de la alcald\u00eda, palacio de justicia. Con gran oportunidad de estar en la zona de mayor movimiento y centralizaci\u00f3n de la ciudad  bancos y comercios de inter\u00e9s.<\/p>\n","protected":false},"excerpt":{"rendered":"Confortable oficina de dos ambientes, moderna y c\u00f3moda. Ubicada en...","protected":false},"author":8158,"featured_media":202752,"template":"","es_locations":[175,505,104],"es_categories":[124],"es_types":[116],"es_rent_periods":[],"es_labels":[],"es_statuses":[126],"es_parkings":[],"es_roofs":[],"es_exterior_materials":[],"es_basements":[],"es_floor_coverings":[],"es_features":[131,133,2226,2132,2272,2133,2134,2135,2136,2137],"es_amenities":[152,2154,2251,2140,2273,158,2141,2142,2143,2144],"es_neighborhoods":[],"es_tags":[],"class_list":["post-202750","properties","type-properties","status-publish","has-post-thumbnail","hentry","es_location-bucaramanga","es_location-centro","es_location-santander","es_category-arriendo","es_type-oficinas","es_status-usado","es_feature-ascensor","es_feature-citofono","es_feature-escalera-de-emergencia","es_feature-parques-cercanos","es_feature-piso-en-baldosa-marmol","es_feature-porteria-recepcion","es_feature-servicios-publicos","es_feature-sobre-via-principal","es_feature-trans-publico-cercano","es_feature-zona-comercial","es_amenity-ascensor-privado","es_amenity-citofono","es_amenity-escalera-de-emergencia","es_amenity-parques-cercanos","es_amenity-piso-en-baldosa-marmol","es_amenity-porteria-recepcion","es_amenity-servicios-publicos","es_amenity-sobre-via-principal","es_amenity-trans-publico-cercano","es_amenity-zona-comercial","es-post-entity"],"_links":{"self":[{"href":"https:\/\/arriendo.com\/co\/wp-json\/wp\/v2\/properties\/202750","targetHints":{"allow":["GET"]}}],"collection":[{"href":"https:\/\/arriendo.com\/co\/wp-json\/wp\/v2\/properties"}],"about":[{"href":"https:\/\/arriendo.com\/co\/wp-json\/wp\/v2\/types\/properties"}],"author":[{"embeddable":true,"href":"https:\/\/arriendo.com\/co\/wp-json\/wp\/v2\/users\/8158"}],"version-history":[{"count":0,"href":"https:\/\/arriendo.com\/co\/wp-json\/wp\/v2\/properties\/202750\/revisions"}],"wp:featuredmedia":[{"embeddable":true,"href":"https:\/\/arriendo.com\/co\/wp-json\/wp\/v2\/media\/202752"}],"wp:attachment":[{"href":"https:\/\/arriendo.com\/co\/wp-json\/wp\/v2\/media?parent=202750"}],"wp:term":[{"taxonomy":"es_location","embeddable":true,"href":"https:\/\/arriendo.com\/co\/wp-json\/wp\/v2\/es_locations?post=202750"},{"taxonomy":"es_category","embeddable":true,"href":"https:\/\/arriendo.com\/co\/wp-json\/wp\/v2\/es_categories?post=202750"},{"taxonomy":"es_type","embeddable":true,"href":"https:\/\/arriendo.com\/co\/wp-json\/wp\/v2\/es_types?post=202750"},{"taxonomy":"es_rent_period","embeddable":true,"href":"https:\/\/arriendo.com\/co\/wp-json\/wp\/v2\/es_rent_periods?post=202750"},{"taxonomy":"es_label","embeddable":true,"href":"https:\/\/arriendo.com\/co\/wp-json\/wp\/v2\/es_labels?post=202750"},{"taxonomy":"es_status","embeddable":true,"href":"https:\/\/arriendo.com\/co\/wp-json\/wp\/v2\/es_statuses?post=202750"},{"taxonomy":"es_parking","embeddable":true,"href":"https:\/\/arriendo.com\/co\/wp-json\/wp\/v2\/es_parkings?post=202750"},{"taxonomy":"es_roof","embeddable":true,"href":"https:\/\/arriendo.com\/co\/wp-json\/wp\/v2\/es_roofs?post=202750"},{"taxonomy":"es_exterior_material","embeddable":true,"href":"https:\/\/arriendo.com\/co\/wp-json\/wp\/v2\/es_exterior_materials?post=202750"},{"taxonomy":"es_basement","embeddable":true,"href":"https:\/\/arriendo.com\/co\/wp-json\/wp\/v2\/es_basements?post=202750"},{"taxonomy":"es_floor_covering","embeddable":true,"href":"https:\/\/arriendo.com\/co\/wp-json\/wp\/v2\/es_floor_coverings?post=202750"},{"taxonomy":"es_feature","embeddable":true,"href":"https:\/\/arriendo.com\/co\/wp-json\/wp\/v2\/es_features?post=202750"},{"taxonomy":"es_amenity","embeddable":true,"href":"https:\/\/arriendo.com\/co\/wp-json\/wp\/v2\/es_amenities?post=202750"},{"taxonomy":"es_neighborhood","embeddable":true,"href":"https:\/\/arriendo.com\/co\/wp-json\/wp\/v2\/es_neighborhoods?post=202750"},{"taxonomy":"es_tag","embeddable":true,"href":"https:\/\/arriendo.com\/co\/wp-json\/wp\/v2\/es_tags?post=202750"}],"curies":[{"name":"wp","href":"https:\/\/api.w.org\/{rel}","templated":true}]}}

<p>Confortable oficina de dos ambientes, moderna y cómoda. Ubicada en zona estratégica del centro de Bucaramanga a media calle de la DIAN, a una cuadra de la alcaldía, palacio de justicia. Con gran oportunidad de estar en la zona de mayor movimiento y centralización de la ciudad  bancos y comercios de interés.</p>

Confortable oficina de dos ambientes, moderna y cómoda. Ubicada en...
