{"id":202688,"date":"2026-01-08T11:44:41","date_gmt":"2026-01-08T16:44:41","guid":{"rendered":"https:\/\/arriendo.com\/co\/%es_type%\/\/%neighborhood%\/AR-0\/"},"modified":"2026-01-23T13:43:25","modified_gmt":"2026-01-23T18:43:25","slug":"ar-202688","status":"publish","type":"properties","link":"https:\/\/arriendo.com\/co\/oficinas\/bogota\/barrancas-norte\/ar-202688\/","title":{"rendered":"Oficina en Arriendo en Barrancas Norte, Bogot\u00e1"},"content":{"rendered":"<p>Se vende o arrienda oficina de 130 m\u00b2 ubicada en piso alto del complejo empresarial North Point, sobre la Carrera 7 con Calle 156, en Usaqu\u00e9n.<\/p>\n<p>Caracter\u00edsticas del inmueble:<br \/>\n\u2022 \u00c1rea: 130 m\u00b2<br \/>\n\u2022 Piso alto con vista panor\u00e1mica al norte de Bogot\u00e1<br \/>\n\u2022 Espacio abierto, ideal para adecuaci\u00f3n seg\u00fan necesidad<br \/>\n\u2022 2 parqueaderos privados<br \/>\n\u2022 Acceso a bater\u00eda de ba\u00f1os<br \/>\n\u2022 Excelente iluminaci\u00f3n natural<\/p>\n<p>Acceso directo a:<br \/>\n\u2022 Notar\u00edas dentro del complejo<br \/>\n\u2022 Gimnasio y zona de bienestar<br \/>\n\u2022 Cafeter\u00edas y restaurantes en el mismo edificio<br \/>\n\u2022 Auditorio y salas de juntas para uso empresarial<br \/>\n\u2022 Parqueaderos de visitantes<br \/>\n\u2022 Seguridad y control de acceso 24\/7<br \/>\n\u2022 Lobby empresarial tipo hotel<\/p>\n<p>Ideal para: empresas, consultorios, oficinas de representaci\u00f3n, estudios jur\u00eddicos o inversi\u00f3n inmobiliaria<\/p>\n","protected":false},"excerpt":{"rendered":"Se vende o arrienda oficina de 130 m\u00b2 ubicada en...","protected":false},"author":4102,"featured_media":228581,"template":"","es_locations":[2374,110,77],"es_categories":[124],"es_types":[116],"es_rent_periods":[],"es_labels":[],"es_statuses":[126],"es_parkings":[],"es_roofs":[],"es_exterior_materials":[],"es_basements":[],"es_floor_coverings":[],"es_features":[150,2427,131,2392,2130,2328,2131,133,2388,2490,2430,2508,2354,2178,2393,2216,2132,2133,2414,2183,2389,2134,2135,2390,143,2136,2297,2137],"es_amenities":[2387,2431,152,2394,2138,2330,2139,2154,2395,2491,2434,2509,2359,2193,2396,156,2140,158,2416,2170,2397,2141,2142,2398,2290,2143,2299,2144],"es_neighborhoods":[],"es_tags":[],"class_list":["post-202688","properties","type-properties","status-publish","has-post-thumbnail","hentry","es_location-barrancas-norte","es_location-bogota","es_location-bogota-d-c","es_category-arriendo","es_type-oficinas","es_status-usado","es_feature-alarma","es_feature-alarma-contra-incendio","es_feature-ascensor","es_feature-ascensores-inteligentes","es_feature-banos-comunales","es_feature-banos-mixtos","es_feature-circuito-cerrado-de-tv","es_feature-citofono","es_feature-control-de-acceso-digital","es_feature-cuarto-de-escoltas","es_feature-deteccion-de-humo","es_feature-escaleras-electricas","es_feature-gabinete-de-incendios","es_feature-garaje-cubierto","es_feature-parqueadero-inteligente","es_feature-parqueadero-visitantes","es_feature-parques-cercanos","es_feature-porteria-recepcion","es_feature-rociadores-de-agua","es_feature-salon-de-juegos","es_feature-salon-de-videoconferencias","es_feature-servicios-publicos","es_feature-sobre-via-principal","es_feature-tarjetas-inteligentes","es_feature-terraza","es_feature-trans-publico-cercano","es_feature-ubicada-en-edificio","es_feature-zona-comercial","es_amenity-alarma","es_amenity-alarma-contra-incendio","es_amenity-ascensor-privado","es_amenity-ascensores-inteligentes","es_amenity-banos-comunales","es_amenity-banos-mixtos","es_amenity-circuito-cerrado-de-tv","es_amenity-citofono","es_amenity-control-de-acceso-digital","es_amenity-cuarto-de-escoltas","es_amenity-deteccion-de-humo","es_amenity-escaleras-electricas","es_amenity-gabinete-de-incendios","es_amenity-garaje-cubierto","es_amenity-parqueadero-inteligente","es_amenity-parqueadero-visitantes","es_amenity-parques-cercanos","es_amenity-porteria-recepcion","es_amenity-rociadores-de-agua","es_amenity-salon-de-juegos","es_amenity-salon-de-videoconferencias","es_amenity-servicios-publicos","es_amenity-sobre-via-principal","es_amenity-tarjetas-inteligentes","es_amenity-terraza","es_amenity-trans-publico-cercano","es_amenity-ubicada-en-edificio","es_amenity-zona-comercial","es-post-entity"],"_links":{"self":[{"href":"https:\/\/arriendo.com\/co\/wp-json\/wp\/v2\/properties\/202688","targetHints":{"allow":["GET"]}}],"collection":[{"href":"https:\/\/arriendo.com\/co\/wp-json\/wp\/v2\/properties"}],"about":[{"href":"https:\/\/arriendo.com\/co\/wp-json\/wp\/v2\/types\/properties"}],"author":[{"embeddable":true,"href":"https:\/\/arriendo.com\/co\/wp-json\/wp\/v2\/users\/4102"}],"version-history":[{"count":0,"href":"https:\/\/arriendo.com\/co\/wp-json\/wp\/v2\/properties\/202688\/revisions"}],"wp:featuredmedia":[{"embeddable":true,"href":"https:\/\/arriendo.com\/co\/wp-json\/wp\/v2\/media\/228581"}],"wp:attachment":[{"href":"https:\/\/arriendo.com\/co\/wp-json\/wp\/v2\/media?parent=202688"}],"wp:term":[{"taxonomy":"es_location","embeddable":true,"href":"https:\/\/arriendo.com\/co\/wp-json\/wp\/v2\/es_locations?post=202688"},{"taxonomy":"es_category","embeddable":true,"href":"https:\/\/arriendo.com\/co\/wp-json\/wp\/v2\/es_categories?post=202688"},{"taxonomy":"es_type","embeddable":true,"href":"https:\/\/arriendo.com\/co\/wp-json\/wp\/v2\/es_types?post=202688"},{"taxonomy":"es_rent_period","embeddable":true,"href":"https:\/\/arriendo.com\/co\/wp-json\/wp\/v2\/es_rent_periods?post=202688"},{"taxonomy":"es_label","embeddable":true,"href":"https:\/\/arriendo.com\/co\/wp-json\/wp\/v2\/es_labels?post=202688"},{"taxonomy":"es_status","embeddable":true,"href":"https:\/\/arriendo.com\/co\/wp-json\/wp\/v2\/es_statuses?post=202688"},{"taxonomy":"es_parking","embeddable":true,"href":"https:\/\/arriendo.com\/co\/wp-json\/wp\/v2\/es_parkings?post=202688"},{"taxonomy":"es_roof","embeddable":true,"href":"https:\/\/arriendo.com\/co\/wp-json\/wp\/v2\/es_roofs?post=202688"},{"taxonomy":"es_exterior_material","embeddable":true,"href":"https:\/\/arriendo.com\/co\/wp-json\/wp\/v2\/es_exterior_materials?post=202688"},{"taxonomy":"es_basement","embeddable":true,"href":"https:\/\/arriendo.com\/co\/wp-json\/wp\/v2\/es_basements?post=202688"},{"taxonomy":"es_floor_covering","embeddable":true,"href":"https:\/\/arriendo.com\/co\/wp-json\/wp\/v2\/es_floor_coverings?post=202688"},{"taxonomy":"es_feature","embeddable":true,"href":"https:\/\/arriendo.com\/co\/wp-json\/wp\/v2\/es_features?post=202688"},{"taxonomy":"es_amenity","embeddable":true,"href":"https:\/\/arriendo.com\/co\/wp-json\/wp\/v2\/es_amenities?post=202688"},{"taxonomy":"es_neighborhood","embeddable":true,"href":"https:\/\/arriendo.com\/co\/wp-json\/wp\/v2\/es_neighborhoods?post=202688"},{"taxonomy":"es_tag","embeddable":true,"href":"https:\/\/arriendo.com\/co\/wp-json\/wp\/v2\/es_tags?post=202688"}],"curies":[{"name":"wp","href":"https:\/\/api.w.org\/{rel}","templated":true}]}}

Oficina en Arriendo en Barrancas Norte, Bogotá

<p>Se vende o arrienda oficina de 130 m² ubicada en piso alto del complejo empresarial North Point, sobre la Carrera 7 con Calle 156, en Usaquén.</p>
<p>Características del inmueble:<br />
• Área: 130 m²<br />
• Piso alto con vista panorámica al norte de Bogotá<br />
• Espacio abierto, ideal para adecuación según necesidad<br />
• 2 parqueaderos privados<br />
• Acceso a batería de baños<br />
• Excelente iluminación natural</p>
<p>Acceso directo a:<br />
• Notarías dentro del complejo<br />
• Gimnasio y zona de bienestar<br />
• Cafeterías y restaurantes en el mismo edificio<br />
• Auditorio y salas de juntas para uso empresarial<br />
• Parqueaderos de visitantes<br />
• Seguridad y control de acceso 24/7<br />
• Lobby empresarial tipo hotel</p>
<p>Ideal para: empresas, consultorios, oficinas de representación, estudios jurídicos o inversión inmobiliaria</p>
