{"id":202363,"date":"2026-01-08T11:22:34","date_gmt":"2026-01-08T16:22:34","guid":{"rendered":"https:\/\/arriendo.com\/co\/%es_type%\/\/%neighborhood%\/AR-0\/"},"modified":"2026-01-08T11:22:34","modified_gmt":"2026-01-08T16:22:34","slug":"ar-202363","status":"publish","type":"properties","link":"https:\/\/arriendo.com\/co\/oficinas\/bogota\/barrios-unidos\/ar-202363\/","title":{"rendered":"Oficina en Arriendo en Barrios Unidos, Bogot\u00e1"},"content":{"rendered":"<p>Descubra este excepcional espacio de oficina de 57 m\u00b2, dise\u00f1ado para la m\u00e1xima eficiencia y comodidad. Cuenta con una elegante recepci\u00f3n, dos oficinas independientes que ofrecen privacidad y funcionalidad, y una oficina principal con ba\u00f1o privado para mayor exclusividad. Adem\u00e1s, dispone de un ba\u00f1o social, una acogedora sala de espera, una cocina completamente equipada y un garaje propio, garantizando conveniencia y seguridad. Estrat\u00e9gicamente ubicado en la Calle 85 con Autopista Norte, este inmueble se beneficia de su cercan\u00eda a la estaci\u00f3n de Transmilenio, facilitando el acceso. Disfrute de la tranquilidad y seguridad que ofrece esta prestigiosa zona, ideal para establecer o expandir su negocio.<\/p>\n","protected":false},"excerpt":{"rendered":"Descubra este excepcional espacio de oficina de 57 m\u00b2, dise\u00f1ado...","protected":false},"author":7903,"featured_media":202365,"template":"","es_locations":[209,110,77],"es_categories":[124],"es_types":[116],"es_rent_periods":[],"es_labels":[],"es_statuses":[126],"es_parkings":[],"es_roofs":[],"es_exterior_materials":[],"es_basements":[],"es_floor_coverings":[],"es_features":[131,2328,2131,133,2302,2226,2178,2216,2132,2418,2133,2134,2239,2136,2297,2137],"es_amenities":[152,2330,2139,2154,2303,2251,2193,156,2140,2419,158,2141,2256,2143,2299,2144],"es_neighborhoods":[],"es_tags":[],"class_list":["post-202363","properties","type-properties","status-publish","has-post-thumbnail","hentry","es_location-barrios-unidos","es_location-bogota","es_location-bogota-d-c","es_category-arriendo","es_type-oficinas","es_status-usado","es_feature-ascensor","es_feature-banos-mixtos","es_feature-circuito-cerrado-de-tv","es_feature-citofono","es_feature-cocineta","es_feature-escalera-de-emergencia","es_feature-garaje-cubierto","es_feature-parqueadero-visitantes","es_feature-parques-cercanos","es_feature-piso-en-madera","es_feature-porteria-recepcion","es_feature-servicios-publicos","es_feature-sobre-via-secundaria","es_feature-trans-publico-cercano","es_feature-ubicada-en-edificio","es_feature-zona-comercial","es_amenity-ascensor-privado","es_amenity-banos-mixtos","es_amenity-circuito-cerrado-de-tv","es_amenity-citofono","es_amenity-cocineta","es_amenity-escalera-de-emergencia","es_amenity-garaje-cubierto","es_amenity-parqueadero-visitantes","es_amenity-parques-cercanos","es_amenity-piso-en-madera","es_amenity-porteria-recepcion","es_amenity-servicios-publicos","es_amenity-sobre-via-secundaria","es_amenity-trans-publico-cercano","es_amenity-ubicada-en-edificio","es_amenity-zona-comercial","es-post-entity"],"_links":{"self":[{"href":"https:\/\/arriendo.com\/co\/wp-json\/wp\/v2\/properties\/202363","targetHints":{"allow":["GET"]}}],"collection":[{"href":"https:\/\/arriendo.com\/co\/wp-json\/wp\/v2\/properties"}],"about":[{"href":"https:\/\/arriendo.com\/co\/wp-json\/wp\/v2\/types\/properties"}],"author":[{"embeddable":true,"href":"https:\/\/arriendo.com\/co\/wp-json\/wp\/v2\/users\/7903"}],"version-history":[{"count":0,"href":"https:\/\/arriendo.com\/co\/wp-json\/wp\/v2\/properties\/202363\/revisions"}],"wp:featuredmedia":[{"embeddable":true,"href":"https:\/\/arriendo.com\/co\/wp-json\/wp\/v2\/media\/202365"}],"wp:attachment":[{"href":"https:\/\/arriendo.com\/co\/wp-json\/wp\/v2\/media?parent=202363"}],"wp:term":[{"taxonomy":"es_location","embeddable":true,"href":"https:\/\/arriendo.com\/co\/wp-json\/wp\/v2\/es_locations?post=202363"},{"taxonomy":"es_category","embeddable":true,"href":"https:\/\/arriendo.com\/co\/wp-json\/wp\/v2\/es_categories?post=202363"},{"taxonomy":"es_type","embeddable":true,"href":"https:\/\/arriendo.com\/co\/wp-json\/wp\/v2\/es_types?post=202363"},{"taxonomy":"es_rent_period","embeddable":true,"href":"https:\/\/arriendo.com\/co\/wp-json\/wp\/v2\/es_rent_periods?post=202363"},{"taxonomy":"es_label","embeddable":true,"href":"https:\/\/arriendo.com\/co\/wp-json\/wp\/v2\/es_labels?post=202363"},{"taxonomy":"es_status","embeddable":true,"href":"https:\/\/arriendo.com\/co\/wp-json\/wp\/v2\/es_statuses?post=202363"},{"taxonomy":"es_parking","embeddable":true,"href":"https:\/\/arriendo.com\/co\/wp-json\/wp\/v2\/es_parkings?post=202363"},{"taxonomy":"es_roof","embeddable":true,"href":"https:\/\/arriendo.com\/co\/wp-json\/wp\/v2\/es_roofs?post=202363"},{"taxonomy":"es_exterior_material","embeddable":true,"href":"https:\/\/arriendo.com\/co\/wp-json\/wp\/v2\/es_exterior_materials?post=202363"},{"taxonomy":"es_basement","embeddable":true,"href":"https:\/\/arriendo.com\/co\/wp-json\/wp\/v2\/es_basements?post=202363"},{"taxonomy":"es_floor_covering","embeddable":true,"href":"https:\/\/arriendo.com\/co\/wp-json\/wp\/v2\/es_floor_coverings?post=202363"},{"taxonomy":"es_feature","embeddable":true,"href":"https:\/\/arriendo.com\/co\/wp-json\/wp\/v2\/es_features?post=202363"},{"taxonomy":"es_amenity","embeddable":true,"href":"https:\/\/arriendo.com\/co\/wp-json\/wp\/v2\/es_amenities?post=202363"},{"taxonomy":"es_neighborhood","embeddable":true,"href":"https:\/\/arriendo.com\/co\/wp-json\/wp\/v2\/es_neighborhoods?post=202363"},{"taxonomy":"es_tag","embeddable":true,"href":"https:\/\/arriendo.com\/co\/wp-json\/wp\/v2\/es_tags?post=202363"}],"curies":[{"name":"wp","href":"https:\/\/api.w.org\/{rel}","templated":true}]}}

Oficina en Arriendo en Barrios Unidos, Bogotá

<p>Descubra este excepcional espacio de oficina de 57 m², diseñado para la máxima eficiencia y comodidad. Cuenta con una elegante recepción, dos oficinas independientes que ofrecen privacidad y funcionalidad, y una oficina principal con baño privado para mayor exclusividad. Además, dispone de un baño social, una acogedora sala de espera, una cocina completamente equipada y un garaje propio, garantizando conveniencia y seguridad. Estratégicamente ubicado en la Calle 85 con Autopista Norte, este inmueble se beneficia de su cercanía a la estación de Transmilenio, facilitando el acceso. Disfrute de la tranquilidad y seguridad que ofrece esta prestigiosa zona, ideal para establecer o expandir su negocio.</p>

Descubra este excepcional espacio de oficina de 57 m², diseñado...
