{"id":202318,"date":"2026-01-08T11:18:41","date_gmt":"2026-01-08T16:18:41","guid":{"rendered":"https:\/\/arriendo.com\/co\/%es_type%\/\/%neighborhood%\/AR-0\/"},"modified":"2026-01-08T11:18:41","modified_gmt":"2026-01-08T16:18:41","slug":"ar-202318","status":"publish","type":"properties","link":"https:\/\/arriendo.com\/co\/apartamentos\/bucaramanga\/cabecera-del-llano\/ar-202318\/","title":{"rendered":"Apartamento en Arriendo en Cabecera del llano, Bucaramanga"},"content":{"rendered":"<p>\u00a1EN ARRIENDO APARTAMENTO EN EL EDIFICIO LA SIMONETTA! Ubicado estrat\u00e9gicamente en el exclusivo y tranquilo sector de Cabecera del Llano, en Bucaramanga. Este apartamento en el piso 8, con 90 m\u00b2, te ofrece espacios amplios y confortables: 2 habitaciones, 2 ba\u00f1os, parqueadero privado y dep\u00f3sito. Disfruta adem\u00e1s de las completas amenidades del edificio, como ascensor, circuito cerrado de TV, sal\u00f3n social, turco, gimnasio, jacuzzi \u00a1y mucho m\u00e1s!<\/p>\n","protected":false},"excerpt":{"rendered":"\u00a1EN ARRIENDO APARTAMENTO EN EL EDIFICIO LA SIMONETTA! Ubicado estrat\u00e9gicamente...","protected":false},"author":7896,"featured_media":202320,"template":"","es_locations":[175,176,104],"es_categories":[124],"es_types":[114],"es_rent_periods":[],"es_labels":[],"es_statuses":[126],"es_parkings":[],"es_roofs":[],"es_exterior_materials":[],"es_basements":[],"es_floor_coverings":[],"es_features":[149,131,132,2212,2263,2165,2145,134,133,2146,2147,2148,2312,151,2196,136,2149,2179,2282,145,2203,2370,2216,2132,2220,2272,2365,2133,2181,2380,2182,2183,2167,2135,2150,143,2136,144,2437,2376,2306,2137,2151,2185,2152,2204],"es_amenities":[2329,152,2186,2217,2269,2188,2153,2313,2154,2155,2156,2157,2314,2270,2197,2158,2159,154,2287,2160,2208,2371,156,2140,2221,2273,2366,158,2383,159,2170,2171,2142,2161,2290,2143,161,2289,2438,2377,2308,2144,162,2173,2162,2209],"es_neighborhoods":[],"es_tags":[],"class_list":["post-202318","properties","type-properties","status-publish","has-post-thumbnail","hentry","es_location-bucaramanga","es_location-cabecera-del-llano","es_location-santander","es_category-arriendo","es_type-apartamentos","es_status-usado","es_feature-aire-acondicionado","es_feature-ascensor","es_feature-balcon","es_feature-bano-auxiliar","es_feature-barra-estilo-americano","es_feature-caldera","es_feature-calentador","es_feature-chimenea","es_feature-citofono","es_feature-cocina-integral","es_feature-cocina-tipo-americano","es_feature-colegios-universidades","es_feature-comedor-auxiliar","es_feature-deposito-bodega","es_feature-en-conjunto-cerrado","es_feature-estudio","es_feature-garajes","es_feature-gimnasio","es_feature-hall-de-alcobas","es_feature-instalacion-de-gas","es_feature-jardines-exteriores","es_feature-oficina-de-negocios","es_feature-parqueadero-visitantes","es_feature-parques-cercanos","es_feature-patio","es_feature-piso-en-baldosa-marmol","es_feature-planta-electrica","es_feature-porteria-recepcion","es_feature-porteria-vigilancia","es_feature-sala-de-internet","es_feature-salon-comunal","es_feature-salon-de-juegos","es_feature-sauna-turco-jacuzzi","es_feature-sobre-via-principal","es_feature-supermercados-c-comerciales","es_feature-terraza","es_feature-trans-publico-cercano","es_feature-vista-panoramica","es_feature-vivienda-bifamiliar","es_feature-vivienda-multifamiliar","es_feature-zona-campestre","es_feature-zona-comercial","es_feature-zona-de-lavanderia","es_feature-zona-infantil","es_feature-zona-residencial","es_feature-zonas-verdes","es_amenity-aire-acondicionado","es_amenity-ascensor-privado","es_amenity-balcon","es_amenity-bano-auxiliar","es_amenity-barra-estilo-americano","es_amenity-caldera","es_amenity-calentador","es_amenity-chimenea","es_amenity-citofono","es_amenity-cocina-integral","es_amenity-cocina-tipo-americano","es_amenity-colegios-universidades","es_amenity-comedor-auxiliar","es_amenity-deposito-bodega","es_amenity-en-conjunto-cerrado","es_amenity-estudio","es_amenity-garajes","es_amenity-gimnasio","es_amenity-hall-de-alcobas","es_amenity-instalacion-de-gas","es_amenity-jardines-exteriores","es_amenity-oficina-de-negocios","es_amenity-parqueadero-visitantes","es_amenity-parques-cercanos","es_amenity-patio","es_amenity-piso-en-baldosa-marmol","es_amenity-planta-electrica","es_amenity-porteria-recepcion","es_amenity-sala-de-internet","es_amenity-salon-comunal","es_amenity-salon-de-juegos","es_amenity-sauna-turco-jacuzzi","es_amenity-sobre-via-principal","es_amenity-supermercados-c-comerciales","es_amenity-terraza","es_amenity-trans-publico-cercano","es_amenity-vigilancia-24-7","es_amenity-vista-panoramica","es_amenity-vivienda-bifamiliar","es_amenity-vivienda-multifamiliar","es_amenity-zona-campestre","es_amenity-zona-comercial","es_amenity-zona-de-lavanderia","es_amenity-zona-infantil","es_amenity-zona-residencial","es_amenity-zonas-verdes","es-post-entity"],"_links":{"self":[{"href":"https:\/\/arriendo.com\/co\/wp-json\/wp\/v2\/properties\/202318","targetHints":{"allow":["GET"]}}],"collection":[{"href":"https:\/\/arriendo.com\/co\/wp-json\/wp\/v2\/properties"}],"about":[{"href":"https:\/\/arriendo.com\/co\/wp-json\/wp\/v2\/types\/properties"}],"author":[{"embeddable":true,"href":"https:\/\/arriendo.com\/co\/wp-json\/wp\/v2\/users\/7896"}],"version-history":[{"count":0,"href":"https:\/\/arriendo.com\/co\/wp-json\/wp\/v2\/properties\/202318\/revisions"}],"wp:featuredmedia":[{"embeddable":true,"href":"https:\/\/arriendo.com\/co\/wp-json\/wp\/v2\/media\/202320"}],"wp:attachment":[{"href":"https:\/\/arriendo.com\/co\/wp-json\/wp\/v2\/media?parent=202318"}],"wp:term":[{"taxonomy":"es_location","embeddable":true,"href":"https:\/\/arriendo.com\/co\/wp-json\/wp\/v2\/es_locations?post=202318"},{"taxonomy":"es_category","embeddable":true,"href":"https:\/\/arriendo.com\/co\/wp-json\/wp\/v2\/es_categories?post=202318"},{"taxonomy":"es_type","embeddable":true,"href":"https:\/\/arriendo.com\/co\/wp-json\/wp\/v2\/es_types?post=202318"},{"taxonomy":"es_rent_period","embeddable":true,"href":"https:\/\/arriendo.com\/co\/wp-json\/wp\/v2\/es_rent_periods?post=202318"},{"taxonomy":"es_label","embeddable":true,"href":"https:\/\/arriendo.com\/co\/wp-json\/wp\/v2\/es_labels?post=202318"},{"taxonomy":"es_status","embeddable":true,"href":"https:\/\/arriendo.com\/co\/wp-json\/wp\/v2\/es_statuses?post=202318"},{"taxonomy":"es_parking","embeddable":true,"href":"https:\/\/arriendo.com\/co\/wp-json\/wp\/v2\/es_parkings?post=202318"},{"taxonomy":"es_roof","embeddable":true,"href":"https:\/\/arriendo.com\/co\/wp-json\/wp\/v2\/es_roofs?post=202318"},{"taxonomy":"es_exterior_material","embeddable":true,"href":"https:\/\/arriendo.com\/co\/wp-json\/wp\/v2\/es_exterior_materials?post=202318"},{"taxonomy":"es_basement","embeddable":true,"href":"https:\/\/arriendo.com\/co\/wp-json\/wp\/v2\/es_basements?post=202318"},{"taxonomy":"es_floor_covering","embeddable":true,"href":"https:\/\/arriendo.com\/co\/wp-json\/wp\/v2\/es_floor_coverings?post=202318"},{"taxonomy":"es_feature","embeddable":true,"href":"https:\/\/arriendo.com\/co\/wp-json\/wp\/v2\/es_features?post=202318"},{"taxonomy":"es_amenity","embeddable":true,"href":"https:\/\/arriendo.com\/co\/wp-json\/wp\/v2\/es_amenities?post=202318"},{"taxonomy":"es_neighborhood","embeddable":true,"href":"https:\/\/arriendo.com\/co\/wp-json\/wp\/v2\/es_neighborhoods?post=202318"},{"taxonomy":"es_tag","embeddable":true,"href":"https:\/\/arriendo.com\/co\/wp-json\/wp\/v2\/es_tags?post=202318"}],"curies":[{"name":"wp","href":"https:\/\/api.w.org\/{rel}","templated":true}]}}

<p>¡EN ARRIENDO APARTAMENTO EN EL EDIFICIO LA SIMONETTA! Ubicado estratégicamente en el exclusivo y tranquilo sector de Cabecera del Llano, en Bucaramanga. Este apartamento en el piso 8, con 90 m², te ofrece espacios amplios y confortables: 2 habitaciones, 2 baños, parqueadero privado y depósito. Disfruta además de las completas amenidades del edificio, como ascensor, circuito cerrado de TV, salón social, turco, gimnasio, jacuzzi ¡y mucho más!</p>

¡EN ARRIENDO APARTAMENTO EN EL EDIFICIO LA SIMONETTA! Ubicado estratégicamente...
