{"id":201680,"date":"2026-01-08T10:34:28","date_gmt":"2026-01-08T15:34:28","guid":{"rendered":"https:\/\/arriendo.com\/co\/%es_type%\/\/%neighborhood%\/AR-0\/"},"modified":"2026-01-08T10:34:28","modified_gmt":"2026-01-08T15:34:28","slug":"ar-201680","status":"publish","type":"properties","link":"https:\/\/arriendo.com\/co\/oficinas\/barranquilla\/modelo\/ar-201680\/","title":{"rendered":"Oficina en arriendo en Modelo, Barranquilla"},"content":{"rendered":"<p>Descubra la oportunidad de elevar su negocio en el coraz\u00f3n del epicentro econ\u00f3mico de Barranquilla. Esta oficina premium, ubicada en una ic\u00f3nica torre empresarial, ofrece una ubicaci\u00f3n estrat\u00e9gica inmejorable en una arteria principal, garantizando f\u00e1cil acceso y una conectividad excepcional con las principales zonas industriales, comerciales y compa\u00f1\u00edas de transporte internacional.<\/p>\n<p>Desde el momento en que sus clientes y colaboradores ingresen al majestuoso lobby de doble altura, experimentar\u00e1n la distinci\u00f3n y el profesionalismo que su empresa merece. La torre, un referente arquitect\u00f3nico de 17,386 m\u00b2 de \u00e1rea construida, est\u00e1 dise\u00f1ada para la eficiencia y el confort, ofreciendo:<\/p>\n<p>*   **Infraestructura de primer nivel:** Recepci\u00f3n, salas de conferencia equipadas, bater\u00eda de ba\u00f1os por piso, restaurante y comedor para empleados.<br \/>\n*   **Comodidades exclusivas:** Un nivel de locales comerciales, ocho niveles de oficinas y tres niveles de estacionamiento con 187 cupos y doble acceso, adem\u00e1s de parqueaderos para visitantes.<br \/>\n*   **Tecnolog\u00eda y seguridad:** Dos ascensores de alta eficiencia, planta el\u00e9ctrica de suplencia total y vigilancia 24 horas.<br \/>\n*   **Espacios inspiradores:** Una impresionante terraza con vistas panor\u00e1micas al r\u00edo, ideal para pausas y eventos, que inspirar\u00e1 cada jornada.<\/p>\n<p>Esta oficina de 137 m\u00b2 le ofrece una soluci\u00f3n integral y sin preocupaciones. El canon de arrendamiento mensual incluye la administraci\u00f3n y el servicio de agua, adem\u00e1s de dos parqueaderos exclusivos, permiti\u00e9ndole concentrarse plenamente en el crecimiento de su negocio.<\/p>\n<p>Aproveche esta oportunidad \u00fanica para posicionar su empresa en un entorno que combina lujo, funcionalidad y una ubicaci\u00f3n estrat\u00e9gica inigualable.<\/p>\n","protected":false},"excerpt":{"rendered":"Descubra la oportunidad de elevar su negocio en el coraz\u00f3n...","protected":false},"author":7507,"featured_media":201682,"template":"","es_locations":[81,281,674],"es_categories":[124],"es_types":[116],"es_rent_periods":[],"es_labels":[],"es_statuses":[],"es_parkings":[],"es_roofs":[],"es_exterior_materials":[],"es_basements":[],"es_floor_coverings":[],"es_features":[131,2130,2226,2178,2216,2133,2134,2136,2300],"es_amenities":[152,2138,2251,2193,156,158,2141,2143,2301],"es_neighborhoods":[],"es_tags":[],"class_list":["post-201680","properties","type-properties","status-publish","has-post-thumbnail","hentry","es_location-atlantico","es_location-barranquilla","es_location-modelo","es_category-arriendo","es_type-oficinas","es_feature-ascensor","es_feature-banos-comunales","es_feature-escalera-de-emergencia","es_feature-garaje-cubierto","es_feature-parqueadero-visitantes","es_feature-porteria-recepcion","es_feature-servicios-publicos","es_feature-trans-publico-cercano","es_feature-zona-industrial","es_amenity-ascensor-privado","es_amenity-banos-comunales","es_amenity-escalera-de-emergencia","es_amenity-garaje-cubierto","es_amenity-parqueadero-visitantes","es_amenity-porteria-recepcion","es_amenity-servicios-publicos","es_amenity-trans-publico-cercano","es_amenity-zona-industrial","es-post-entity"],"_links":{"self":[{"href":"https:\/\/arriendo.com\/co\/wp-json\/wp\/v2\/properties\/201680","targetHints":{"allow":["GET"]}}],"collection":[{"href":"https:\/\/arriendo.com\/co\/wp-json\/wp\/v2\/properties"}],"about":[{"href":"https:\/\/arriendo.com\/co\/wp-json\/wp\/v2\/types\/properties"}],"author":[{"embeddable":true,"href":"https:\/\/arriendo.com\/co\/wp-json\/wp\/v2\/users\/7507"}],"version-history":[{"count":0,"href":"https:\/\/arriendo.com\/co\/wp-json\/wp\/v2\/properties\/201680\/revisions"}],"wp:featuredmedia":[{"embeddable":true,"href":"https:\/\/arriendo.com\/co\/wp-json\/wp\/v2\/media\/201682"}],"wp:attachment":[{"href":"https:\/\/arriendo.com\/co\/wp-json\/wp\/v2\/media?parent=201680"}],"wp:term":[{"taxonomy":"es_location","embeddable":true,"href":"https:\/\/arriendo.com\/co\/wp-json\/wp\/v2\/es_locations?post=201680"},{"taxonomy":"es_category","embeddable":true,"href":"https:\/\/arriendo.com\/co\/wp-json\/wp\/v2\/es_categories?post=201680"},{"taxonomy":"es_type","embeddable":true,"href":"https:\/\/arriendo.com\/co\/wp-json\/wp\/v2\/es_types?post=201680"},{"taxonomy":"es_rent_period","embeddable":true,"href":"https:\/\/arriendo.com\/co\/wp-json\/wp\/v2\/es_rent_periods?post=201680"},{"taxonomy":"es_label","embeddable":true,"href":"https:\/\/arriendo.com\/co\/wp-json\/wp\/v2\/es_labels?post=201680"},{"taxonomy":"es_status","embeddable":true,"href":"https:\/\/arriendo.com\/co\/wp-json\/wp\/v2\/es_statuses?post=201680"},{"taxonomy":"es_parking","embeddable":true,"href":"https:\/\/arriendo.com\/co\/wp-json\/wp\/v2\/es_parkings?post=201680"},{"taxonomy":"es_roof","embeddable":true,"href":"https:\/\/arriendo.com\/co\/wp-json\/wp\/v2\/es_roofs?post=201680"},{"taxonomy":"es_exterior_material","embeddable":true,"href":"https:\/\/arriendo.com\/co\/wp-json\/wp\/v2\/es_exterior_materials?post=201680"},{"taxonomy":"es_basement","embeddable":true,"href":"https:\/\/arriendo.com\/co\/wp-json\/wp\/v2\/es_basements?post=201680"},{"taxonomy":"es_floor_covering","embeddable":true,"href":"https:\/\/arriendo.com\/co\/wp-json\/wp\/v2\/es_floor_coverings?post=201680"},{"taxonomy":"es_feature","embeddable":true,"href":"https:\/\/arriendo.com\/co\/wp-json\/wp\/v2\/es_features?post=201680"},{"taxonomy":"es_amenity","embeddable":true,"href":"https:\/\/arriendo.com\/co\/wp-json\/wp\/v2\/es_amenities?post=201680"},{"taxonomy":"es_neighborhood","embeddable":true,"href":"https:\/\/arriendo.com\/co\/wp-json\/wp\/v2\/es_neighborhoods?post=201680"},{"taxonomy":"es_tag","embeddable":true,"href":"https:\/\/arriendo.com\/co\/wp-json\/wp\/v2\/es_tags?post=201680"}],"curies":[{"name":"wp","href":"https:\/\/api.w.org\/{rel}","templated":true}]}}

<p>Descubra la oportunidad de elevar su negocio en el corazón del epicentro económico de Barranquilla. Esta oficina premium, ubicada en una icónica torre empresarial, ofrece una ubicación estratégica inmejorable en una arteria principal, garantizando fácil acceso y una conectividad excepcional con las principales zonas industriales, comerciales y compañías de transporte internacional.</p>
<p>Desde el momento en que sus clientes y colaboradores ingresen al majestuoso lobby de doble altura, experimentarán la distinción y el profesionalismo que su empresa merece. La torre, un referente arquitectónico de 17,386 m² de área construida, está diseñada para la eficiencia y el confort, ofreciendo:</p>
<p>*   **Infraestructura de primer nivel:** Recepción, salas de conferencia equipadas, batería de baños por piso, restaurante y comedor para empleados.<br />
*   **Comodidades exclusivas:** Un nivel de locales comerciales, ocho niveles de oficinas y tres niveles de estacionamiento con 187 cupos y doble acceso, además de parqueaderos para visitantes.<br />
*   **Tecnología y seguridad:** Dos ascensores de alta eficiencia, planta eléctrica de suplencia total y vigilancia 24 horas.<br />
*   **Espacios inspiradores:** Una impresionante terraza con vistas panorámicas al río, ideal para pausas y eventos, que inspirará cada jornada.</p>
<p>Esta oficina de 137 m² le ofrece una solución integral y sin preocupaciones. El canon de arrendamiento mensual incluye la administración y el servicio de agua, además de dos parqueaderos exclusivos, permitiéndole concentrarse plenamente en el crecimiento de su negocio.</p>
<p>Aproveche esta oportunidad única para posicionar su empresa en un entorno que combina lujo, funcionalidad y una ubicación estratégica inigualable.</p>

Descubra la oportunidad de elevar su negocio en el corazón...
