{"id":201650,"date":"2026-01-08T10:32:42","date_gmt":"2026-01-08T15:32:42","guid":{"rendered":"https:\/\/arriendo.com\/co\/%es_type%\/\/%neighborhood%\/AR-0\/"},"modified":"2026-01-08T10:32:42","modified_gmt":"2026-01-08T15:32:42","slug":"ar-201650","status":"publish","type":"properties","link":"https:\/\/arriendo.com\/co\/oficinas\/bogota\/alfonso-lopez\/ar-201650\/","title":{"rendered":"Oficina en Arriendo en Alfonso lopez, Bogot\u00e1"},"content":{"rendered":"<p>SE ARRIENDA OFICINA VISTA INTERIOR DE 53 M2 EN GALERIAS PISO EN PROMOCI\u00d3N SIN ASCENSOR.<br \/>\nEn Zona estrat\u00e9gica de Bogot\u00e1, ubicada en el barrio Galer\u00edas.<br \/>\nA 2 cuadras de Panamericana y Falabella.<br \/>\nLa oficina no cuenta con garaje.<br \/>\nPrecio muy similar al Valor catastral.<br \/>\nExcelente seguridad.<br \/>\nValor de la Administraci\u00f3n INCLUIDA en el canon $600.000<\/p>\n","protected":false},"excerpt":{"rendered":"SE ARRIENDA OFICINA VISTA INTERIOR DE 53 M2 EN GALERIAS...","protected":false},"author":7469,"featured_media":201652,"template":"","es_locations":[440,110,77],"es_categories":[124],"es_types":[116],"es_rent_periods":[],"es_labels":[],"es_statuses":[126],"es_parkings":[],"es_roofs":[],"es_exterior_materials":[],"es_basements":[],"es_floor_coverings":[],"es_features":[2130,2131,133,2226,2132,2272,2133,2135,2136,2297,2137],"es_amenities":[2138,2139,2154,2251,2140,2273,158,2142,2143,2299,2144],"es_neighborhoods":[],"es_tags":[],"class_list":["post-201650","properties","type-properties","status-publish","has-post-thumbnail","hentry","es_location-alfonso-lopez","es_location-bogota","es_location-bogota-d-c","es_category-arriendo","es_type-oficinas","es_status-usado","es_feature-banos-comunales","es_feature-circuito-cerrado-de-tv","es_feature-citofono","es_feature-escalera-de-emergencia","es_feature-parques-cercanos","es_feature-piso-en-baldosa-marmol","es_feature-porteria-recepcion","es_feature-sobre-via-principal","es_feature-trans-publico-cercano","es_feature-ubicada-en-edificio","es_feature-zona-comercial","es_amenity-banos-comunales","es_amenity-circuito-cerrado-de-tv","es_amenity-citofono","es_amenity-escalera-de-emergencia","es_amenity-parques-cercanos","es_amenity-piso-en-baldosa-marmol","es_amenity-porteria-recepcion","es_amenity-sobre-via-principal","es_amenity-trans-publico-cercano","es_amenity-ubicada-en-edificio","es_amenity-zona-comercial","es-post-entity"],"_links":{"self":[{"href":"https:\/\/arriendo.com\/co\/wp-json\/wp\/v2\/properties\/201650","targetHints":{"allow":["GET"]}}],"collection":[{"href":"https:\/\/arriendo.com\/co\/wp-json\/wp\/v2\/properties"}],"about":[{"href":"https:\/\/arriendo.com\/co\/wp-json\/wp\/v2\/types\/properties"}],"author":[{"embeddable":true,"href":"https:\/\/arriendo.com\/co\/wp-json\/wp\/v2\/users\/7469"}],"version-history":[{"count":0,"href":"https:\/\/arriendo.com\/co\/wp-json\/wp\/v2\/properties\/201650\/revisions"}],"wp:featuredmedia":[{"embeddable":true,"href":"https:\/\/arriendo.com\/co\/wp-json\/wp\/v2\/media\/201652"}],"wp:attachment":[{"href":"https:\/\/arriendo.com\/co\/wp-json\/wp\/v2\/media?parent=201650"}],"wp:term":[{"taxonomy":"es_location","embeddable":true,"href":"https:\/\/arriendo.com\/co\/wp-json\/wp\/v2\/es_locations?post=201650"},{"taxonomy":"es_category","embeddable":true,"href":"https:\/\/arriendo.com\/co\/wp-json\/wp\/v2\/es_categories?post=201650"},{"taxonomy":"es_type","embeddable":true,"href":"https:\/\/arriendo.com\/co\/wp-json\/wp\/v2\/es_types?post=201650"},{"taxonomy":"es_rent_period","embeddable":true,"href":"https:\/\/arriendo.com\/co\/wp-json\/wp\/v2\/es_rent_periods?post=201650"},{"taxonomy":"es_label","embeddable":true,"href":"https:\/\/arriendo.com\/co\/wp-json\/wp\/v2\/es_labels?post=201650"},{"taxonomy":"es_status","embeddable":true,"href":"https:\/\/arriendo.com\/co\/wp-json\/wp\/v2\/es_statuses?post=201650"},{"taxonomy":"es_parking","embeddable":true,"href":"https:\/\/arriendo.com\/co\/wp-json\/wp\/v2\/es_parkings?post=201650"},{"taxonomy":"es_roof","embeddable":true,"href":"https:\/\/arriendo.com\/co\/wp-json\/wp\/v2\/es_roofs?post=201650"},{"taxonomy":"es_exterior_material","embeddable":true,"href":"https:\/\/arriendo.com\/co\/wp-json\/wp\/v2\/es_exterior_materials?post=201650"},{"taxonomy":"es_basement","embeddable":true,"href":"https:\/\/arriendo.com\/co\/wp-json\/wp\/v2\/es_basements?post=201650"},{"taxonomy":"es_floor_covering","embeddable":true,"href":"https:\/\/arriendo.com\/co\/wp-json\/wp\/v2\/es_floor_coverings?post=201650"},{"taxonomy":"es_feature","embeddable":true,"href":"https:\/\/arriendo.com\/co\/wp-json\/wp\/v2\/es_features?post=201650"},{"taxonomy":"es_amenity","embeddable":true,"href":"https:\/\/arriendo.com\/co\/wp-json\/wp\/v2\/es_amenities?post=201650"},{"taxonomy":"es_neighborhood","embeddable":true,"href":"https:\/\/arriendo.com\/co\/wp-json\/wp\/v2\/es_neighborhoods?post=201650"},{"taxonomy":"es_tag","embeddable":true,"href":"https:\/\/arriendo.com\/co\/wp-json\/wp\/v2\/es_tags?post=201650"}],"curies":[{"name":"wp","href":"https:\/\/api.w.org\/{rel}","templated":true}]}}

Oficina en Arriendo en Alfonso lopez, Bogotá

<p>SE ARRIENDA OFICINA VISTA INTERIOR DE 53 M2 EN GALERIAS PISO EN PROMOCIÓN SIN ASCENSOR.<br />
En Zona estratégica de Bogotá, ubicada en el barrio Galerías.<br />
A 2 cuadras de Panamericana y Falabella.<br />
La oficina no cuenta con garaje.<br />
Precio muy similar al Valor catastral.<br />
Excelente seguridad.<br />
Valor de la Administración INCLUIDA en el canon $600.000</p>
