{"id":201303,"date":"2026-01-08T10:09:47","date_gmt":"2026-01-08T15:09:47","guid":{"rendered":"https:\/\/arriendo.com\/co\/%es_type%\/\/%neighborhood%\/AR-0\/"},"modified":"2026-01-08T10:09:47","modified_gmt":"2026-01-08T15:09:47","slug":"ar-201303","status":"publish","type":"properties","link":"https:\/\/arriendo.com\/co\/locales\/medellin\/santa-maria-de-los-angeles\/ar-201303\/","title":{"rendered":"Local en Arriendo en Santa maria de los angeles, Medell\u00edn"},"content":{"rendered":"<p>ARRIENDO DE LOCAL PARA OFICINAS EN EL POBLADO SECTOR SANTA MARIA DE LOS ANGELES<\/p>\n<p>Edad: 24 a\u00f1os de construcci\u00f3n<br \/>\nEstrato 6, Piso 3\u00ba<br \/>\n\u00c1rea:217 metros cuadrados<br \/>\n7 oficinas<br \/>\n4 ba\u00f1os<br \/>\n2 parqueaderos<\/p>\n<p>Precio del arrendamiento:  $13&#8217;500.000 + IVA (19%)<\/p>\n<p>Caracter\u00edsticas del local:<br \/>\nEst\u00e1 ubicado en tercer piso por escalas, con buena ventilaci\u00f3n e iluminaci\u00f3n, cuenta con tres archivadores rodantes, los espacios se pueden acondicionar a las necesidades de cada empresa.  Est\u00e1 ubicado a dos cuadras de la Estaci\u00f3n del metro de La Aguacatala, a una cuadra de la Avenida Las Vegas y facilidad de parqueo.<\/p>\n","protected":false},"excerpt":{"rendered":"ARRIENDO DE LOCAL PARA OFICINAS EN EL POBLADO SECTOR SANTA...","protected":false},"author":7156,"featured_media":201305,"template":"","es_locations":[79,305,1500],"es_categories":[124],"es_types":[117],"es_rent_periods":[],"es_labels":[],"es_statuses":[126],"es_parkings":[],"es_roofs":[],"es_exterior_materials":[],"es_basements":[],"es_floor_coverings":[],"es_features":[2292,2212,2146,145,2203,2216,2136,144,2152,2204],"es_amenities":[2294,2217,2155,2160,2208,156,2143,2289,2162,2209],"es_neighborhoods":[],"es_tags":[],"class_list":["post-201303","properties","type-properties","status-publish","has-post-thumbnail","hentry","es_location-antioquia","es_location-medellin","es_location-santa-maria-de-los-angeles","es_category-arriendo","es_type-locales","es_status-usado","es_feature-acceso-pavimentado","es_feature-bano-auxiliar","es_feature-cocina-integral","es_feature-instalacion-de-gas","es_feature-jardines-exteriores","es_feature-parqueadero-visitantes","es_feature-trans-publico-cercano","es_feature-vista-panoramica","es_feature-zona-residencial","es_feature-zonas-verdes","es_amenity-acceso-pavimentado","es_amenity-bano-auxiliar","es_amenity-cocina-integral","es_amenity-instalacion-de-gas","es_amenity-jardines-exteriores","es_amenity-parqueadero-visitantes","es_amenity-trans-publico-cercano","es_amenity-vista-panoramica","es_amenity-zona-residencial","es_amenity-zonas-verdes","es-post-entity"],"_links":{"self":[{"href":"https:\/\/arriendo.com\/co\/wp-json\/wp\/v2\/properties\/201303","targetHints":{"allow":["GET"]}}],"collection":[{"href":"https:\/\/arriendo.com\/co\/wp-json\/wp\/v2\/properties"}],"about":[{"href":"https:\/\/arriendo.com\/co\/wp-json\/wp\/v2\/types\/properties"}],"author":[{"embeddable":true,"href":"https:\/\/arriendo.com\/co\/wp-json\/wp\/v2\/users\/7156"}],"version-history":[{"count":0,"href":"https:\/\/arriendo.com\/co\/wp-json\/wp\/v2\/properties\/201303\/revisions"}],"wp:featuredmedia":[{"embeddable":true,"href":"https:\/\/arriendo.com\/co\/wp-json\/wp\/v2\/media\/201305"}],"wp:attachment":[{"href":"https:\/\/arriendo.com\/co\/wp-json\/wp\/v2\/media?parent=201303"}],"wp:term":[{"taxonomy":"es_location","embeddable":true,"href":"https:\/\/arriendo.com\/co\/wp-json\/wp\/v2\/es_locations?post=201303"},{"taxonomy":"es_category","embeddable":true,"href":"https:\/\/arriendo.com\/co\/wp-json\/wp\/v2\/es_categories?post=201303"},{"taxonomy":"es_type","embeddable":true,"href":"https:\/\/arriendo.com\/co\/wp-json\/wp\/v2\/es_types?post=201303"},{"taxonomy":"es_rent_period","embeddable":true,"href":"https:\/\/arriendo.com\/co\/wp-json\/wp\/v2\/es_rent_periods?post=201303"},{"taxonomy":"es_label","embeddable":true,"href":"https:\/\/arriendo.com\/co\/wp-json\/wp\/v2\/es_labels?post=201303"},{"taxonomy":"es_status","embeddable":true,"href":"https:\/\/arriendo.com\/co\/wp-json\/wp\/v2\/es_statuses?post=201303"},{"taxonomy":"es_parking","embeddable":true,"href":"https:\/\/arriendo.com\/co\/wp-json\/wp\/v2\/es_parkings?post=201303"},{"taxonomy":"es_roof","embeddable":true,"href":"https:\/\/arriendo.com\/co\/wp-json\/wp\/v2\/es_roofs?post=201303"},{"taxonomy":"es_exterior_material","embeddable":true,"href":"https:\/\/arriendo.com\/co\/wp-json\/wp\/v2\/es_exterior_materials?post=201303"},{"taxonomy":"es_basement","embeddable":true,"href":"https:\/\/arriendo.com\/co\/wp-json\/wp\/v2\/es_basements?post=201303"},{"taxonomy":"es_floor_covering","embeddable":true,"href":"https:\/\/arriendo.com\/co\/wp-json\/wp\/v2\/es_floor_coverings?post=201303"},{"taxonomy":"es_feature","embeddable":true,"href":"https:\/\/arriendo.com\/co\/wp-json\/wp\/v2\/es_features?post=201303"},{"taxonomy":"es_amenity","embeddable":true,"href":"https:\/\/arriendo.com\/co\/wp-json\/wp\/v2\/es_amenities?post=201303"},{"taxonomy":"es_neighborhood","embeddable":true,"href":"https:\/\/arriendo.com\/co\/wp-json\/wp\/v2\/es_neighborhoods?post=201303"},{"taxonomy":"es_tag","embeddable":true,"href":"https:\/\/arriendo.com\/co\/wp-json\/wp\/v2\/es_tags?post=201303"}],"curies":[{"name":"wp","href":"https:\/\/api.w.org\/{rel}","templated":true}]}}

Local en Arriendo en Santa maria de los angeles, Medellín

<p>ARRIENDO DE LOCAL PARA OFICINAS EN EL POBLADO SECTOR SANTA MARIA DE LOS ANGELES</p>
<p>Edad: 24 años de construcción<br />
Estrato 6, Piso 3º<br />
Área:217 metros cuadrados<br />
7 oficinas<br />
4 baños<br />
2 parqueaderos</p>
<p>Precio del arrendamiento:  $13&#8217;500.000 + IVA (19%)</p>
<p>Características del local:<br />
Está ubicado en tercer piso por escalas, con buena ventilación e iluminación, cuenta con tres archivadores rodantes, los espacios se pueden acondicionar a las necesidades de cada empresa.  Está ubicado a dos cuadras de la Estación del metro de La Aguacatala, a una cuadra de la Avenida Las Vegas y facilidad de parqueo.</p>
