{"id":200979,"date":"2026-01-08T09:49:22","date_gmt":"2026-01-08T14:49:22","guid":{"rendered":"https:\/\/arriendo.com\/co\/%es_type%\/\/%neighborhood%\/AR-0\/"},"modified":"2026-01-08T09:49:22","modified_gmt":"2026-01-08T14:49:22","slug":"ar-200979","status":"publish","type":"properties","link":"https:\/\/arriendo.com\/co\/oficinas\/bogota\/barrios-unidos\/ar-200979\/","title":{"rendered":"Oficina en Arriendo en Barrios Unidos, Bogot\u00e1"},"content":{"rendered":"<p>Descubra esta excepcional oficina estrat\u00e9gicamente ubicada en uno de los sectores m\u00e1s prestigiosos y de mayor crecimiento empresarial de Bogot\u00e1. Este espacio de trabajo de primer nivel ha sido dise\u00f1ado para potenciar la productividad y el bienestar de su equipo, ofreciendo una infraestructura completa y moderna. Disfrute de la comodidad de un ascensor, una elegante sala de juntas ideal para reuniones importantes, un pr\u00e1ctico dep\u00f3sito para almacenamiento eficiente y un parqueadero cubierto que garantiza seguridad y conveniencia. Adem\u00e1s, sus empleados podr\u00e1n relajarse y recargar energ\u00edas en una exclusiva terraza, un oasis perfecto para el esparcimiento y la interacci\u00f3n social. Esta oficina no es solo un lugar de trabajo, es una inversi\u00f3n inteligente en el futuro de su empresa, brindando una imagen corporativa impecable y un entorno que inspira \u00e9xito.<\/p>\n","protected":false},"excerpt":{"rendered":"Descubra esta excepcional oficina estrat\u00e9gicamente ubicada en uno de los...","protected":false},"author":6989,"featured_media":200981,"template":"","es_locations":[209,110,77],"es_categories":[124],"es_types":[116],"es_rent_periods":[],"es_labels":[],"es_statuses":[126],"es_parkings":[],"es_roofs":[],"es_exterior_materials":[],"es_basements":[],"es_floor_coverings":[],"es_features":[131,2178,2133,2389,143,2136,2297,2137],"es_amenities":[152,2193,158,2397,2290,2143,2299,2144],"es_neighborhoods":[],"es_tags":[],"class_list":["post-200979","properties","type-properties","status-publish","has-post-thumbnail","hentry","es_location-barrios-unidos","es_location-bogota","es_location-bogota-d-c","es_category-arriendo","es_type-oficinas","es_status-usado","es_feature-ascensor","es_feature-garaje-cubierto","es_feature-porteria-recepcion","es_feature-salon-de-videoconferencias","es_feature-terraza","es_feature-trans-publico-cercano","es_feature-ubicada-en-edificio","es_feature-zona-comercial","es_amenity-ascensor-privado","es_amenity-garaje-cubierto","es_amenity-porteria-recepcion","es_amenity-salon-de-videoconferencias","es_amenity-terraza","es_amenity-trans-publico-cercano","es_amenity-ubicada-en-edificio","es_amenity-zona-comercial","es-post-entity"],"_links":{"self":[{"href":"https:\/\/arriendo.com\/co\/wp-json\/wp\/v2\/properties\/200979","targetHints":{"allow":["GET"]}}],"collection":[{"href":"https:\/\/arriendo.com\/co\/wp-json\/wp\/v2\/properties"}],"about":[{"href":"https:\/\/arriendo.com\/co\/wp-json\/wp\/v2\/types\/properties"}],"author":[{"embeddable":true,"href":"https:\/\/arriendo.com\/co\/wp-json\/wp\/v2\/users\/6989"}],"version-history":[{"count":0,"href":"https:\/\/arriendo.com\/co\/wp-json\/wp\/v2\/properties\/200979\/revisions"}],"wp:featuredmedia":[{"embeddable":true,"href":"https:\/\/arriendo.com\/co\/wp-json\/wp\/v2\/media\/200981"}],"wp:attachment":[{"href":"https:\/\/arriendo.com\/co\/wp-json\/wp\/v2\/media?parent=200979"}],"wp:term":[{"taxonomy":"es_location","embeddable":true,"href":"https:\/\/arriendo.com\/co\/wp-json\/wp\/v2\/es_locations?post=200979"},{"taxonomy":"es_category","embeddable":true,"href":"https:\/\/arriendo.com\/co\/wp-json\/wp\/v2\/es_categories?post=200979"},{"taxonomy":"es_type","embeddable":true,"href":"https:\/\/arriendo.com\/co\/wp-json\/wp\/v2\/es_types?post=200979"},{"taxonomy":"es_rent_period","embeddable":true,"href":"https:\/\/arriendo.com\/co\/wp-json\/wp\/v2\/es_rent_periods?post=200979"},{"taxonomy":"es_label","embeddable":true,"href":"https:\/\/arriendo.com\/co\/wp-json\/wp\/v2\/es_labels?post=200979"},{"taxonomy":"es_status","embeddable":true,"href":"https:\/\/arriendo.com\/co\/wp-json\/wp\/v2\/es_statuses?post=200979"},{"taxonomy":"es_parking","embeddable":true,"href":"https:\/\/arriendo.com\/co\/wp-json\/wp\/v2\/es_parkings?post=200979"},{"taxonomy":"es_roof","embeddable":true,"href":"https:\/\/arriendo.com\/co\/wp-json\/wp\/v2\/es_roofs?post=200979"},{"taxonomy":"es_exterior_material","embeddable":true,"href":"https:\/\/arriendo.com\/co\/wp-json\/wp\/v2\/es_exterior_materials?post=200979"},{"taxonomy":"es_basement","embeddable":true,"href":"https:\/\/arriendo.com\/co\/wp-json\/wp\/v2\/es_basements?post=200979"},{"taxonomy":"es_floor_covering","embeddable":true,"href":"https:\/\/arriendo.com\/co\/wp-json\/wp\/v2\/es_floor_coverings?post=200979"},{"taxonomy":"es_feature","embeddable":true,"href":"https:\/\/arriendo.com\/co\/wp-json\/wp\/v2\/es_features?post=200979"},{"taxonomy":"es_amenity","embeddable":true,"href":"https:\/\/arriendo.com\/co\/wp-json\/wp\/v2\/es_amenities?post=200979"},{"taxonomy":"es_neighborhood","embeddable":true,"href":"https:\/\/arriendo.com\/co\/wp-json\/wp\/v2\/es_neighborhoods?post=200979"},{"taxonomy":"es_tag","embeddable":true,"href":"https:\/\/arriendo.com\/co\/wp-json\/wp\/v2\/es_tags?post=200979"}],"curies":[{"name":"wp","href":"https:\/\/api.w.org\/{rel}","templated":true}]}}

Oficina en Arriendo en Barrios Unidos, Bogotá

<p>Descubra esta excepcional oficina estratégicamente ubicada en uno de los sectores más prestigiosos y de mayor crecimiento empresarial de Bogotá. Este espacio de trabajo de primer nivel ha sido diseñado para potenciar la productividad y el bienestar de su equipo, ofreciendo una infraestructura completa y moderna. Disfrute de la comodidad de un ascensor, una elegante sala de juntas ideal para reuniones importantes, un práctico depósito para almacenamiento eficiente y un parqueadero cubierto que garantiza seguridad y conveniencia. Además, sus empleados podrán relajarse y recargar energías en una exclusiva terraza, un oasis perfecto para el esparcimiento y la interacción social. Esta oficina no es solo un lugar de trabajo, es una inversión inteligente en el futuro de su empresa, brindando una imagen corporativa impecable y un entorno que inspira éxito.</p>

Descubra esta excepcional oficina estratégicamente ubicada en uno de los...
