{"id":200946,"date":"2026-01-08T09:47:16","date_gmt":"2026-01-08T14:47:16","guid":{"rendered":"https:\/\/arriendo.com\/co\/%es_type%\/\/%neighborhood%\/AR-0\/"},"modified":"2026-01-08T09:47:16","modified_gmt":"2026-01-08T14:47:16","slug":"ar-200946","status":"publish","type":"properties","link":"https:\/\/arriendo.com\/co\/apartamentos\/barranquilla\/ciudad-mallorquin\/ar-200946\/","title":{"rendered":"Apartamento en Arriendo en Ciudad Mallorquin, Barranquilla"},"content":{"rendered":"<p>Te presentamos este espectacular apartamento, reci\u00e9n remodelado y listo para estrenar, ubicado en un piso alto que te ofrece vistas privilegiadas y una luminosidad excepcional.<\/p>\n<p>Este apartamento es impecable en cada detalle, dise\u00f1ado para quienes buscan  un estilo de vida moderno y c\u00f3modo. Disfruta de espacios luminosos, acabados de primera y una distribuci\u00f3n pensada para tu m\u00e1ximo bienestar.<\/p>\n<p>Vivir en Ciudad Mallorqu\u00edn te brinda acceso a un entorno privilegiado con excelentes v\u00edas de acceso, cercan\u00eda a colegios, universidades, zonas verdes y toda la infraestructura que necesitas para una vida c\u00f3moda y placentera.<\/p>\n<p>\u00a1No dejes pasar la oportunidad de ser el primero en habitar este maravilloso apartamento! Ideal para quienes valoran la tranquilidad, la seguridad y la modernidad.<\/p>\n<p>Cont\u00e1ctanos hoy mismo para m\u00e1s informaci\u00f3n y para agendar una visita. \u00a1Tu nuevo hogar te espera!<br \/>\nContrato con aseguradora.<\/p>\n","protected":false},"excerpt":{"rendered":"Te presentamos este espectacular apartamento, reci\u00e9n remodelado y listo para...","protected":false},"author":6943,"featured_media":200948,"template":"","es_locations":[81,281,1708],"es_categories":[124],"es_types":[114],"es_rent_periods":[],"es_labels":[],"es_statuses":[126],"es_parkings":[],"es_roofs":[],"es_exterior_materials":[],"es_basements":[],"es_floor_coverings":[],"es_features":[131,2263,2131,2146,2147,2148,2196,136,2179,2282,145,2203,2132,2180,2133,2181,2182,2150,144,2151,2185,2152,2204],"es_amenities":[152,2269,2139,2155,2156,2157,2197,2158,154,2287,2160,2208,2140,157,158,159,2161,161,2289,162,2173,2162,2209],"es_neighborhoods":[],"es_tags":[],"class_list":["post-200946","properties","type-properties","status-publish","has-post-thumbnail","hentry","es_location-atlantico","es_location-barranquilla","es_location-ciudad-mallorquin","es_category-arriendo","es_type-apartamentos","es_status-usado","es_feature-ascensor","es_feature-barra-estilo-americano","es_feature-circuito-cerrado-de-tv","es_feature-cocina-integral","es_feature-cocina-tipo-americano","es_feature-colegios-universidades","es_feature-en-conjunto-cerrado","es_feature-estudio","es_feature-gimnasio","es_feature-hall-de-alcobas","es_feature-instalacion-de-gas","es_feature-jardines-exteriores","es_feature-parques-cercanos","es_feature-piscina","es_feature-porteria-recepcion","es_feature-porteria-vigilancia","es_feature-salon-comunal","es_feature-supermercados-c-comerciales","es_feature-vista-panoramica","es_feature-zona-de-lavanderia","es_feature-zona-infantil","es_feature-zona-residencial","es_feature-zonas-verdes","es_amenity-ascensor-privado","es_amenity-barra-estilo-americano","es_amenity-circuito-cerrado-de-tv","es_amenity-cocina-integral","es_amenity-cocina-tipo-americano","es_amenity-colegios-universidades","es_amenity-en-conjunto-cerrado","es_amenity-estudio","es_amenity-gimnasio","es_amenity-hall-de-alcobas","es_amenity-instalacion-de-gas","es_amenity-jardines-exteriores","es_amenity-parques-cercanos","es_amenity-piscina","es_amenity-porteria-recepcion","es_amenity-salon-comunal","es_amenity-supermercados-c-comerciales","es_amenity-vigilancia-24-7","es_amenity-vista-panoramica","es_amenity-zona-de-lavanderia","es_amenity-zona-infantil","es_amenity-zona-residencial","es_amenity-zonas-verdes","es-post-entity"],"_links":{"self":[{"href":"https:\/\/arriendo.com\/co\/wp-json\/wp\/v2\/properties\/200946","targetHints":{"allow":["GET"]}}],"collection":[{"href":"https:\/\/arriendo.com\/co\/wp-json\/wp\/v2\/properties"}],"about":[{"href":"https:\/\/arriendo.com\/co\/wp-json\/wp\/v2\/types\/properties"}],"author":[{"embeddable":true,"href":"https:\/\/arriendo.com\/co\/wp-json\/wp\/v2\/users\/6943"}],"version-history":[{"count":0,"href":"https:\/\/arriendo.com\/co\/wp-json\/wp\/v2\/properties\/200946\/revisions"}],"wp:featuredmedia":[{"embeddable":true,"href":"https:\/\/arriendo.com\/co\/wp-json\/wp\/v2\/media\/200948"}],"wp:attachment":[{"href":"https:\/\/arriendo.com\/co\/wp-json\/wp\/v2\/media?parent=200946"}],"wp:term":[{"taxonomy":"es_location","embeddable":true,"href":"https:\/\/arriendo.com\/co\/wp-json\/wp\/v2\/es_locations?post=200946"},{"taxonomy":"es_category","embeddable":true,"href":"https:\/\/arriendo.com\/co\/wp-json\/wp\/v2\/es_categories?post=200946"},{"taxonomy":"es_type","embeddable":true,"href":"https:\/\/arriendo.com\/co\/wp-json\/wp\/v2\/es_types?post=200946"},{"taxonomy":"es_rent_period","embeddable":true,"href":"https:\/\/arriendo.com\/co\/wp-json\/wp\/v2\/es_rent_periods?post=200946"},{"taxonomy":"es_label","embeddable":true,"href":"https:\/\/arriendo.com\/co\/wp-json\/wp\/v2\/es_labels?post=200946"},{"taxonomy":"es_status","embeddable":true,"href":"https:\/\/arriendo.com\/co\/wp-json\/wp\/v2\/es_statuses?post=200946"},{"taxonomy":"es_parking","embeddable":true,"href":"https:\/\/arriendo.com\/co\/wp-json\/wp\/v2\/es_parkings?post=200946"},{"taxonomy":"es_roof","embeddable":true,"href":"https:\/\/arriendo.com\/co\/wp-json\/wp\/v2\/es_roofs?post=200946"},{"taxonomy":"es_exterior_material","embeddable":true,"href":"https:\/\/arriendo.com\/co\/wp-json\/wp\/v2\/es_exterior_materials?post=200946"},{"taxonomy":"es_basement","embeddable":true,"href":"https:\/\/arriendo.com\/co\/wp-json\/wp\/v2\/es_basements?post=200946"},{"taxonomy":"es_floor_covering","embeddable":true,"href":"https:\/\/arriendo.com\/co\/wp-json\/wp\/v2\/es_floor_coverings?post=200946"},{"taxonomy":"es_feature","embeddable":true,"href":"https:\/\/arriendo.com\/co\/wp-json\/wp\/v2\/es_features?post=200946"},{"taxonomy":"es_amenity","embeddable":true,"href":"https:\/\/arriendo.com\/co\/wp-json\/wp\/v2\/es_amenities?post=200946"},{"taxonomy":"es_neighborhood","embeddable":true,"href":"https:\/\/arriendo.com\/co\/wp-json\/wp\/v2\/es_neighborhoods?post=200946"},{"taxonomy":"es_tag","embeddable":true,"href":"https:\/\/arriendo.com\/co\/wp-json\/wp\/v2\/es_tags?post=200946"}],"curies":[{"name":"wp","href":"https:\/\/api.w.org\/{rel}","templated":true}]}}

<p>Te presentamos este espectacular apartamento, recién remodelado y listo para estrenar, ubicado en un piso alto que te ofrece vistas privilegiadas y una luminosidad excepcional.</p>
<p>Este apartamento es impecable en cada detalle, diseñado para quienes buscan  un estilo de vida moderno y cómodo. Disfruta de espacios luminosos, acabados de primera y una distribución pensada para tu máximo bienestar.</p>
<p>Vivir en Ciudad Mallorquín te brinda acceso a un entorno privilegiado con excelentes vías de acceso, cercanía a colegios, universidades, zonas verdes y toda la infraestructura que necesitas para una vida cómoda y placentera.</p>
<p>¡No dejes pasar la oportunidad de ser el primero en habitar este maravilloso apartamento! Ideal para quienes valoran la tranquilidad, la seguridad y la modernidad.</p>
<p>Contáctanos hoy mismo para más información y para agendar una visita. ¡Tu nuevo hogar te espera!<br />
Contrato con aseguradora.</p>

Te presentamos este espectacular apartamento, recién remodelado y listo para...
