{"id":200685,"date":"2026-01-08T09:30:35","date_gmt":"2026-01-08T14:30:35","guid":{"rendered":"https:\/\/arriendo.com\/co\/%es_type%\/\/%neighborhood%\/AR-0\/"},"modified":"2026-01-08T09:30:35","modified_gmt":"2026-01-08T14:30:35","slug":"ar-200685","status":"publish","type":"properties","link":"https:\/\/arriendo.com\/co\/oficinas\/bogota\/barrancas-norte\/ar-200685\/","title":{"rendered":"Oficina en Arriendo en Barrancas Norte, Bogot\u00e1"},"content":{"rendered":"<p>Ubicadas en un sector estrat\u00e9gicamente \u00fanico de Bogot\u00e1, en el complejo empresarial Northpoint sobre la avenida s\u00e9ptima al norte de la ciudad, encontrar\u00e1s la mejor ubicaci\u00f3n para tu compa\u00f1\u00eda o empresa en el Edificio de Oficinas Centro Empresarial 156, Torre 2, con v\u00eda de acceso norte \u2013 sur por la avenida s\u00e9ptima.<\/p>\n<p>Estas amplias, din\u00e1micas e iluminadas oficinas, constan de un \u00e1rea construida de 96.81m2, y un \u00e1rea privada de 91.25m2 en el piso 9 con vista exterior al occidente de la ciudad.  Se encuentra configurada actualmente con espacios abiertos para \u00e1rea de recepci\u00f3n y recibo, 6 puestos de trabajo, sala de reuniones de 6 puestos, \u00e1rea privada de oficina gerencial, cocina y archivo. Ba\u00f1os a su salida en el mismo piso. Adem\u00e1s 3 parqueaderos cubiertos e independientes en el s\u00f3tano.<\/p>\n<p>El edificio Centro Empresarial 156 Torre 2 cuenta con seguridad 24\/7, porter\u00eda, lobby y ascensores. Se entregan en excelente estado.<\/p>\n","protected":false},"excerpt":{"rendered":"Ubicadas en un sector estrat\u00e9gicamente \u00fanico de Bogot\u00e1, en el...","protected":false},"author":6661,"featured_media":200687,"template":"","es_locations":[2374,110,77],"es_categories":[124],"es_types":[116],"es_rent_periods":[],"es_labels":[],"es_statuses":[],"es_parkings":[],"es_roofs":[],"es_exterior_materials":[],"es_basements":[],"es_floor_coverings":[],"es_features":[131,2130,2224,2131,133,2302,2178,2133,2134,2135,2136,2297,2137],"es_amenities":[152,2138,2247,2139,2154,2303,2193,158,2141,2142,2143,2299,2144],"es_neighborhoods":[],"es_tags":[],"class_list":["post-200685","properties","type-properties","status-publish","has-post-thumbnail","hentry","es_location-barrancas-norte","es_location-bogota","es_location-bogota-d-c","es_category-arriendo","es_type-oficinas","es_feature-ascensor","es_feature-banos-comunales","es_feature-cableado-de-red","es_feature-circuito-cerrado-de-tv","es_feature-citofono","es_feature-cocineta","es_feature-garaje-cubierto","es_feature-porteria-recepcion","es_feature-servicios-publicos","es_feature-sobre-via-principal","es_feature-trans-publico-cercano","es_feature-ubicada-en-edificio","es_feature-zona-comercial","es_amenity-ascensor-privado","es_amenity-banos-comunales","es_amenity-cableado-de-red","es_amenity-circuito-cerrado-de-tv","es_amenity-citofono","es_amenity-cocineta","es_amenity-garaje-cubierto","es_amenity-porteria-recepcion","es_amenity-servicios-publicos","es_amenity-sobre-via-principal","es_amenity-trans-publico-cercano","es_amenity-ubicada-en-edificio","es_amenity-zona-comercial","es-post-entity"],"_links":{"self":[{"href":"https:\/\/arriendo.com\/co\/wp-json\/wp\/v2\/properties\/200685","targetHints":{"allow":["GET"]}}],"collection":[{"href":"https:\/\/arriendo.com\/co\/wp-json\/wp\/v2\/properties"}],"about":[{"href":"https:\/\/arriendo.com\/co\/wp-json\/wp\/v2\/types\/properties"}],"author":[{"embeddable":true,"href":"https:\/\/arriendo.com\/co\/wp-json\/wp\/v2\/users\/6661"}],"version-history":[{"count":0,"href":"https:\/\/arriendo.com\/co\/wp-json\/wp\/v2\/properties\/200685\/revisions"}],"wp:featuredmedia":[{"embeddable":true,"href":"https:\/\/arriendo.com\/co\/wp-json\/wp\/v2\/media\/200687"}],"wp:attachment":[{"href":"https:\/\/arriendo.com\/co\/wp-json\/wp\/v2\/media?parent=200685"}],"wp:term":[{"taxonomy":"es_location","embeddable":true,"href":"https:\/\/arriendo.com\/co\/wp-json\/wp\/v2\/es_locations?post=200685"},{"taxonomy":"es_category","embeddable":true,"href":"https:\/\/arriendo.com\/co\/wp-json\/wp\/v2\/es_categories?post=200685"},{"taxonomy":"es_type","embeddable":true,"href":"https:\/\/arriendo.com\/co\/wp-json\/wp\/v2\/es_types?post=200685"},{"taxonomy":"es_rent_period","embeddable":true,"href":"https:\/\/arriendo.com\/co\/wp-json\/wp\/v2\/es_rent_periods?post=200685"},{"taxonomy":"es_label","embeddable":true,"href":"https:\/\/arriendo.com\/co\/wp-json\/wp\/v2\/es_labels?post=200685"},{"taxonomy":"es_status","embeddable":true,"href":"https:\/\/arriendo.com\/co\/wp-json\/wp\/v2\/es_statuses?post=200685"},{"taxonomy":"es_parking","embeddable":true,"href":"https:\/\/arriendo.com\/co\/wp-json\/wp\/v2\/es_parkings?post=200685"},{"taxonomy":"es_roof","embeddable":true,"href":"https:\/\/arriendo.com\/co\/wp-json\/wp\/v2\/es_roofs?post=200685"},{"taxonomy":"es_exterior_material","embeddable":true,"href":"https:\/\/arriendo.com\/co\/wp-json\/wp\/v2\/es_exterior_materials?post=200685"},{"taxonomy":"es_basement","embeddable":true,"href":"https:\/\/arriendo.com\/co\/wp-json\/wp\/v2\/es_basements?post=200685"},{"taxonomy":"es_floor_covering","embeddable":true,"href":"https:\/\/arriendo.com\/co\/wp-json\/wp\/v2\/es_floor_coverings?post=200685"},{"taxonomy":"es_feature","embeddable":true,"href":"https:\/\/arriendo.com\/co\/wp-json\/wp\/v2\/es_features?post=200685"},{"taxonomy":"es_amenity","embeddable":true,"href":"https:\/\/arriendo.com\/co\/wp-json\/wp\/v2\/es_amenities?post=200685"},{"taxonomy":"es_neighborhood","embeddable":true,"href":"https:\/\/arriendo.com\/co\/wp-json\/wp\/v2\/es_neighborhoods?post=200685"},{"taxonomy":"es_tag","embeddable":true,"href":"https:\/\/arriendo.com\/co\/wp-json\/wp\/v2\/es_tags?post=200685"}],"curies":[{"name":"wp","href":"https:\/\/api.w.org\/{rel}","templated":true}]}}

Oficina en Arriendo en Barrancas Norte, Bogotá

<p>Ubicadas en un sector estratégicamente único de Bogotá, en el complejo empresarial Northpoint sobre la avenida séptima al norte de la ciudad, encontrarás la mejor ubicación para tu compañía o empresa en el Edificio de Oficinas Centro Empresarial 156, Torre 2, con vía de acceso norte – sur por la avenida séptima.</p>
<p>Estas amplias, dinámicas e iluminadas oficinas, constan de un área construida de 96.81m2, y un área privada de 91.25m2 en el piso 9 con vista exterior al occidente de la ciudad.  Se encuentra configurada actualmente con espacios abiertos para área de recepción y recibo, 6 puestos de trabajo, sala de reuniones de 6 puestos, área privada de oficina gerencial, cocina y archivo. Baños a su salida en el mismo piso. Además 3 parqueaderos cubiertos e independientes en el sótano.</p>
<p>El edificio Centro Empresarial 156 Torre 2 cuenta con seguridad 24/7, portería, lobby y ascensores. Se entregan en excelente estado.</p>

Ubicadas en un sector estratégicamente único de Bogotá, en el...
