{"id":19072,"date":"2025-03-25T20:38:56","date_gmt":"2025-03-26T01:38:56","guid":{"rendered":"https:\/\/arriendo.com\/co\/%es_type%\/\/%neighborhood%\/vqw1Wu5H0\/"},"modified":"2025-06-16T11:49:26","modified_gmt":"2025-06-16T16:49:26","slug":"ar-19072","status":"publish","type":"properties","link":"https:\/\/arriendo.com\/co\/apartamentos\/quibdo\/cesar-conto\/ar-19072\/","title":{"rendered":"Se arrienda apartamento amoblado en C\u00e9sar Conto, Quibd\u00f3"},"content":{"rendered":"<div class=\"x11i5rnm xat24cr x1mh8g0r x1vvkbs xtlvy1s x126k92a\">\n<div dir=\"auto\">\n<p>Apartamento amoblado en segundo piso, ubicado en el barrio C\u00e9sar Conto de Quibd\u00f3, sobre la calle 29 entre carreras sexta y s\u00e9ptima. Con un \u00e1rea de 40 m\u00b2, cuenta con 2 habitaciones completamente amobladas, cada una con ba\u00f1o privado, cama doble, TV Smart de 43&#8243;, closet, escritorio o mesa de trabajo, ventilador e internet.<\/p>\n<p>El inmueble incluye sala, comedor, cocina integral dotada con todos sus implementos, lavadora, patio, y servicio de agua constante. Dispone de 1 parqueadero, balc\u00f3n, dep\u00f3sito o bodega, estudio y sistema de seguridad CCTV. El servicio de aseo general, cambio de s\u00e1banas y toallas se realiza semanalmente.<\/p>\n<p>Ubicado en una zona residencial y comercial con excelente conectividad, cerca de universidades, colegios, cl\u00ednicas, supermercados, parques, centros comerciales, transporte p\u00fablico y v\u00edas principales.<\/p>\n<p>Valor del arriendo: $1.600.000 mensual<br \/>\nTambi\u00e9n se arrienda por habitaci\u00f3n individual: $800.000 mensual<br \/>\nSe permiten mascotas<br \/>\nAntig\u00fcedad: menos de 1 a\u00f1o<\/p>\n<\/div>\n<\/div>\n","protected":false},"excerpt":{"rendered":"Apartamento amoblado en segundo piso, ubicado en el barrio C\u00e9sar...","protected":false},"author":996,"featured_media":19061,"template":"","es_locations":[1590,89,418,679],"es_categories":[124],"es_types":[114],"es_rent_periods":[],"es_labels":[51],"es_statuses":[125],"es_parkings":[],"es_roofs":[],"es_exterior_materials":[],"es_basements":[],"es_floor_coverings":[],"es_features":[132,151,136],"es_amenities":[160],"es_neighborhoods":[],"es_tags":[],"class_list":["post-19072","properties","type-properties","status-publish","has-post-thumbnail","hentry","es_location-cesar-conto","es_location-choco","es_location-colombia","es_location-quibdo","es_category-arriendo","es_type-apartamentos","es_label-featured","es_status-nuevo","es_feature-balcon","es_feature-deposito-bodega","es_feature-estudio","es_amenity-seguridad-cctv","es-post-entity"],"_links":{"self":[{"href":"https:\/\/arriendo.com\/co\/wp-json\/wp\/v2\/properties\/19072","targetHints":{"allow":["GET"]}}],"collection":[{"href":"https:\/\/arriendo.com\/co\/wp-json\/wp\/v2\/properties"}],"about":[{"href":"https:\/\/arriendo.com\/co\/wp-json\/wp\/v2\/types\/properties"}],"author":[{"embeddable":true,"href":"https:\/\/arriendo.com\/co\/wp-json\/wp\/v2\/users\/996"}],"version-history":[{"count":0,"href":"https:\/\/arriendo.com\/co\/wp-json\/wp\/v2\/properties\/19072\/revisions"}],"wp:featuredmedia":[{"embeddable":true,"href":"https:\/\/arriendo.com\/co\/wp-json\/wp\/v2\/media\/19061"}],"wp:attachment":[{"href":"https:\/\/arriendo.com\/co\/wp-json\/wp\/v2\/media?parent=19072"}],"wp:term":[{"taxonomy":"es_location","embeddable":true,"href":"https:\/\/arriendo.com\/co\/wp-json\/wp\/v2\/es_locations?post=19072"},{"taxonomy":"es_category","embeddable":true,"href":"https:\/\/arriendo.com\/co\/wp-json\/wp\/v2\/es_categories?post=19072"},{"taxonomy":"es_type","embeddable":true,"href":"https:\/\/arriendo.com\/co\/wp-json\/wp\/v2\/es_types?post=19072"},{"taxonomy":"es_rent_period","embeddable":true,"href":"https:\/\/arriendo.com\/co\/wp-json\/wp\/v2\/es_rent_periods?post=19072"},{"taxonomy":"es_label","embeddable":true,"href":"https:\/\/arriendo.com\/co\/wp-json\/wp\/v2\/es_labels?post=19072"},{"taxonomy":"es_status","embeddable":true,"href":"https:\/\/arriendo.com\/co\/wp-json\/wp\/v2\/es_statuses?post=19072"},{"taxonomy":"es_parking","embeddable":true,"href":"https:\/\/arriendo.com\/co\/wp-json\/wp\/v2\/es_parkings?post=19072"},{"taxonomy":"es_roof","embeddable":true,"href":"https:\/\/arriendo.com\/co\/wp-json\/wp\/v2\/es_roofs?post=19072"},{"taxonomy":"es_exterior_material","embeddable":true,"href":"https:\/\/arriendo.com\/co\/wp-json\/wp\/v2\/es_exterior_materials?post=19072"},{"taxonomy":"es_basement","embeddable":true,"href":"https:\/\/arriendo.com\/co\/wp-json\/wp\/v2\/es_basements?post=19072"},{"taxonomy":"es_floor_covering","embeddable":true,"href":"https:\/\/arriendo.com\/co\/wp-json\/wp\/v2\/es_floor_coverings?post=19072"},{"taxonomy":"es_feature","embeddable":true,"href":"https:\/\/arriendo.com\/co\/wp-json\/wp\/v2\/es_features?post=19072"},{"taxonomy":"es_amenity","embeddable":true,"href":"https:\/\/arriendo.com\/co\/wp-json\/wp\/v2\/es_amenities?post=19072"},{"taxonomy":"es_neighborhood","embeddable":true,"href":"https:\/\/arriendo.com\/co\/wp-json\/wp\/v2\/es_neighborhoods?post=19072"},{"taxonomy":"es_tag","embeddable":true,"href":"https:\/\/arriendo.com\/co\/wp-json\/wp\/v2\/es_tags?post=19072"}],"curies":[{"name":"wp","href":"https:\/\/api.w.org\/{rel}","templated":true}]}}

Se arrienda apartamento amoblado en César Conto, Quibdó

<div class="x11i5rnm xat24cr x1mh8g0r x1vvkbs xtlvy1s x126k92a">
<div dir="auto">
<p>Apartamento amoblado en segundo piso, ubicado en el barrio César Conto de Quibdó, sobre la calle 29 entre carreras sexta y séptima. Con un área de 40 m², cuenta con 2 habitaciones completamente amobladas, cada una con baño privado, cama doble, TV Smart de 43&#8243;, closet, escritorio o mesa de trabajo, ventilador e internet.</p>
<p>El inmueble incluye sala, comedor, cocina integral dotada con todos sus implementos, lavadora, patio, y servicio de agua constante. Dispone de 1 parqueadero, balcón, depósito o bodega, estudio y sistema de seguridad CCTV. El servicio de aseo general, cambio de sábanas y toallas se realiza semanalmente.</p>
<p>Ubicado en una zona residencial y comercial con excelente conectividad, cerca de universidades, colegios, clínicas, supermercados, parques, centros comerciales, transporte público y vías principales.</p>
<p>Valor del arriendo: $1.600.000 mensual<br />
También se arrienda por habitación individual: $800.000 mensual<br />
Se permiten mascotas<br />
Antigüedad: menos de 1 año</p>
</div>
</div>

Apartamento amoblado en segundo piso, ubicado en el barrio César...
