{"id":190104,"date":"2026-01-07T09:05:59","date_gmt":"2026-01-07T14:05:59","guid":{"rendered":"https:\/\/arriendo.com\/co\/%es_type%\/\/%neighborhood%\/AR-0\/"},"modified":"2026-01-07T09:05:59","modified_gmt":"2026-01-07T14:05:59","slug":"ar-190104","status":"publish","type":"properties","link":"https:\/\/arriendo.com\/co\/locales\/medellin\/el-poblado\/ar-190104\/","title":{"rendered":"Local en Arriendo en El Poblado, Medell\u00edn"},"content":{"rendered":"<p>Local disponible para Arriendo en centro comercial del Poblado. Sector Milla de Oro. \u00c1rea: 46mt2. El Centro comercial cuenta con 7 pisos de locales modulares, 4 ascensores, 4 s\u00f3tanos de parqueaderos, pisos habilitados para todo tipo de negocio, zonas exclusivas para tiendas, bares y restaurantes. El precio incluye: Canon + Admin + IVA.<\/p>\n","protected":false},"excerpt":{"rendered":"Local disponible para Arriendo en centro comercial del Poblado. Sector...","protected":false},"author":6702,"featured_media":190106,"template":"","es_locations":[79,308,305],"es_categories":[124],"es_types":[117],"es_rent_periods":[],"es_labels":[],"es_statuses":[],"es_parkings":[],"es_roofs":[],"es_exterior_materials":[],"es_basements":[],"es_floor_coverings":[],"es_features":[2296,2297],"es_amenities":[2298,2299],"es_neighborhoods":[],"es_tags":[],"class_list":["post-190104","properties","type-properties","status-publish","has-post-thumbnail","hentry","es_location-antioquia","es_location-el-poblado","es_location-medellin","es_category-arriendo","es_type-locales","es_feature-en-edificio","es_feature-ubicada-en-edificio","es_amenity-en-edificio","es_amenity-ubicada-en-edificio","es-post-entity"],"_links":{"self":[{"href":"https:\/\/arriendo.com\/co\/wp-json\/wp\/v2\/properties\/190104","targetHints":{"allow":["GET"]}}],"collection":[{"href":"https:\/\/arriendo.com\/co\/wp-json\/wp\/v2\/properties"}],"about":[{"href":"https:\/\/arriendo.com\/co\/wp-json\/wp\/v2\/types\/properties"}],"author":[{"embeddable":true,"href":"https:\/\/arriendo.com\/co\/wp-json\/wp\/v2\/users\/6702"}],"version-history":[{"count":0,"href":"https:\/\/arriendo.com\/co\/wp-json\/wp\/v2\/properties\/190104\/revisions"}],"wp:featuredmedia":[{"embeddable":true,"href":"https:\/\/arriendo.com\/co\/wp-json\/wp\/v2\/media\/190106"}],"wp:attachment":[{"href":"https:\/\/arriendo.com\/co\/wp-json\/wp\/v2\/media?parent=190104"}],"wp:term":[{"taxonomy":"es_location","embeddable":true,"href":"https:\/\/arriendo.com\/co\/wp-json\/wp\/v2\/es_locations?post=190104"},{"taxonomy":"es_category","embeddable":true,"href":"https:\/\/arriendo.com\/co\/wp-json\/wp\/v2\/es_categories?post=190104"},{"taxonomy":"es_type","embeddable":true,"href":"https:\/\/arriendo.com\/co\/wp-json\/wp\/v2\/es_types?post=190104"},{"taxonomy":"es_rent_period","embeddable":true,"href":"https:\/\/arriendo.com\/co\/wp-json\/wp\/v2\/es_rent_periods?post=190104"},{"taxonomy":"es_label","embeddable":true,"href":"https:\/\/arriendo.com\/co\/wp-json\/wp\/v2\/es_labels?post=190104"},{"taxonomy":"es_status","embeddable":true,"href":"https:\/\/arriendo.com\/co\/wp-json\/wp\/v2\/es_statuses?post=190104"},{"taxonomy":"es_parking","embeddable":true,"href":"https:\/\/arriendo.com\/co\/wp-json\/wp\/v2\/es_parkings?post=190104"},{"taxonomy":"es_roof","embeddable":true,"href":"https:\/\/arriendo.com\/co\/wp-json\/wp\/v2\/es_roofs?post=190104"},{"taxonomy":"es_exterior_material","embeddable":true,"href":"https:\/\/arriendo.com\/co\/wp-json\/wp\/v2\/es_exterior_materials?post=190104"},{"taxonomy":"es_basement","embeddable":true,"href":"https:\/\/arriendo.com\/co\/wp-json\/wp\/v2\/es_basements?post=190104"},{"taxonomy":"es_floor_covering","embeddable":true,"href":"https:\/\/arriendo.com\/co\/wp-json\/wp\/v2\/es_floor_coverings?post=190104"},{"taxonomy":"es_feature","embeddable":true,"href":"https:\/\/arriendo.com\/co\/wp-json\/wp\/v2\/es_features?post=190104"},{"taxonomy":"es_amenity","embeddable":true,"href":"https:\/\/arriendo.com\/co\/wp-json\/wp\/v2\/es_amenities?post=190104"},{"taxonomy":"es_neighborhood","embeddable":true,"href":"https:\/\/arriendo.com\/co\/wp-json\/wp\/v2\/es_neighborhoods?post=190104"},{"taxonomy":"es_tag","embeddable":true,"href":"https:\/\/arriendo.com\/co\/wp-json\/wp\/v2\/es_tags?post=190104"}],"curies":[{"name":"wp","href":"https:\/\/api.w.org\/{rel}","templated":true}]}}

Local en Arriendo en El Poblado, Medellín

<p>Local disponible para Arriendo en centro comercial del Poblado. Sector Milla de Oro. Área: 46mt2. El Centro comercial cuenta con 7 pisos de locales modulares, 4 ascensores, 4 sótanos de parqueaderos, pisos habilitados para todo tipo de negocio, zonas exclusivas para tiendas, bares y restaurantes. El precio incluye: Canon + Admin + IVA.</p>
