{"id":189966,"date":"2026-01-07T08:57:39","date_gmt":"2026-01-07T13:57:39","guid":{"rendered":"https:\/\/arriendo.com\/co\/%es_type%\/\/%neighborhood%\/AR-0\/"},"modified":"2026-01-07T08:57:39","modified_gmt":"2026-01-07T13:57:39","slug":"ar-189966","status":"publish","type":"properties","link":"https:\/\/arriendo.com\/co\/casas\/copacabana\/machado\/ar-189966\/","title":{"rendered":"Casa en arriendo en Machado, Copacabana"},"content":{"rendered":"<p>Casa finca para arriendo en Villa Roca Norte, muy cerca de la Porteria Principal, a 200 mt de la autopista, excelente ubicacion, excelente transporte publico, lote de 4.000 mt2, con casa de 250 mt2, 2 pisos, en primero; 2 alcobas, 2 ba\u00f1os, salon comedor, cocina integral, alcoba de servicio, corredores amplios, garaje cerrado para 1 carro y parqueadero para 2 carros cubierto, segundo piso; alcoba principal con su ba\u00f1o y vestier amplios, estar de televisi\u00f3n, amplia terraza, sendero ecol\u00f3gico<\/p>\n","protected":false},"excerpt":{"rendered":"Casa finca para arriendo en Villa Roca Norte, muy cerca...","protected":false},"author":6702,"featured_media":189968,"template":"","es_locations":[79,628,1161],"es_categories":[124],"es_types":[115],"es_rent_periods":[],"es_labels":[],"es_statuses":[],"es_parkings":[],"es_roofs":[],"es_exterior_materials":[],"es_basements":[],"es_floor_coverings":[],"es_features":[2305,2212,2223,2164,133,2166,2175,2146,2196,2149,2203,2133,2181,143,2136,2306,2151,2204],"es_amenities":[2309,2217,2245,2187,2154,2189,2190,2155,2197,2159,2208,158,2194,2290,2143,2308,162,2209],"es_neighborhoods":[],"es_tags":[],"class_list":["post-189966","properties","type-properties","status-publish","has-post-thumbnail","hentry","es_location-antioquia","es_location-copacabana","es_location-machado","es_category-arriendo","es_type-casas","es_feature-area-rural","es_feature-bano-auxiliar","es_feature-bano-compartido","es_feature-bano-independiente","es_feature-citofono","es_feature-closet","es_feature-cochera","es_feature-cocina-integral","es_feature-en-conjunto-cerrado","es_feature-garajes","es_feature-jardines-exteriores","es_feature-porteria-recepcion","es_feature-porteria-vigilancia","es_feature-terraza","es_feature-trans-publico-cercano","es_feature-zona-campestre","es_feature-zona-de-lavanderia","es_feature-zonas-verdes","es_amenity-area-rural","es_amenity-bano-auxiliar","es_amenity-bano-compartido","es_amenity-bano-independiente","es_amenity-citofono","es_amenity-closet","es_amenity-cochera","es_amenity-cocina-integral","es_amenity-en-conjunto-cerrado","es_amenity-garajes","es_amenity-jardines-exteriores","es_amenity-porteria-recepcion","es_amenity-porteria-vigilancia","es_amenity-terraza","es_amenity-trans-publico-cercano","es_amenity-zona-campestre","es_amenity-zona-de-lavanderia","es_amenity-zonas-verdes","es-post-entity"],"_links":{"self":[{"href":"https:\/\/arriendo.com\/co\/wp-json\/wp\/v2\/properties\/189966","targetHints":{"allow":["GET"]}}],"collection":[{"href":"https:\/\/arriendo.com\/co\/wp-json\/wp\/v2\/properties"}],"about":[{"href":"https:\/\/arriendo.com\/co\/wp-json\/wp\/v2\/types\/properties"}],"author":[{"embeddable":true,"href":"https:\/\/arriendo.com\/co\/wp-json\/wp\/v2\/users\/6702"}],"version-history":[{"count":0,"href":"https:\/\/arriendo.com\/co\/wp-json\/wp\/v2\/properties\/189966\/revisions"}],"wp:featuredmedia":[{"embeddable":true,"href":"https:\/\/arriendo.com\/co\/wp-json\/wp\/v2\/media\/189968"}],"wp:attachment":[{"href":"https:\/\/arriendo.com\/co\/wp-json\/wp\/v2\/media?parent=189966"}],"wp:term":[{"taxonomy":"es_location","embeddable":true,"href":"https:\/\/arriendo.com\/co\/wp-json\/wp\/v2\/es_locations?post=189966"},{"taxonomy":"es_category","embeddable":true,"href":"https:\/\/arriendo.com\/co\/wp-json\/wp\/v2\/es_categories?post=189966"},{"taxonomy":"es_type","embeddable":true,"href":"https:\/\/arriendo.com\/co\/wp-json\/wp\/v2\/es_types?post=189966"},{"taxonomy":"es_rent_period","embeddable":true,"href":"https:\/\/arriendo.com\/co\/wp-json\/wp\/v2\/es_rent_periods?post=189966"},{"taxonomy":"es_label","embeddable":true,"href":"https:\/\/arriendo.com\/co\/wp-json\/wp\/v2\/es_labels?post=189966"},{"taxonomy":"es_status","embeddable":true,"href":"https:\/\/arriendo.com\/co\/wp-json\/wp\/v2\/es_statuses?post=189966"},{"taxonomy":"es_parking","embeddable":true,"href":"https:\/\/arriendo.com\/co\/wp-json\/wp\/v2\/es_parkings?post=189966"},{"taxonomy":"es_roof","embeddable":true,"href":"https:\/\/arriendo.com\/co\/wp-json\/wp\/v2\/es_roofs?post=189966"},{"taxonomy":"es_exterior_material","embeddable":true,"href":"https:\/\/arriendo.com\/co\/wp-json\/wp\/v2\/es_exterior_materials?post=189966"},{"taxonomy":"es_basement","embeddable":true,"href":"https:\/\/arriendo.com\/co\/wp-json\/wp\/v2\/es_basements?post=189966"},{"taxonomy":"es_floor_covering","embeddable":true,"href":"https:\/\/arriendo.com\/co\/wp-json\/wp\/v2\/es_floor_coverings?post=189966"},{"taxonomy":"es_feature","embeddable":true,"href":"https:\/\/arriendo.com\/co\/wp-json\/wp\/v2\/es_features?post=189966"},{"taxonomy":"es_amenity","embeddable":true,"href":"https:\/\/arriendo.com\/co\/wp-json\/wp\/v2\/es_amenities?post=189966"},{"taxonomy":"es_neighborhood","embeddable":true,"href":"https:\/\/arriendo.com\/co\/wp-json\/wp\/v2\/es_neighborhoods?post=189966"},{"taxonomy":"es_tag","embeddable":true,"href":"https:\/\/arriendo.com\/co\/wp-json\/wp\/v2\/es_tags?post=189966"}],"curies":[{"name":"wp","href":"https:\/\/api.w.org\/{rel}","templated":true}]}}

<p>Casa finca para arriendo en Villa Roca Norte, muy cerca de la Porteria Principal, a 200 mt de la autopista, excelente ubicacion, excelente transporte publico, lote de 4.000 mt2, con casa de 250 mt2, 2 pisos, en primero; 2 alcobas, 2 baños, salon comedor, cocina integral, alcoba de servicio, corredores amplios, garaje cerrado para 1 carro y parqueadero para 2 carros cubierto, segundo piso; alcoba principal con su baño y vestier amplios, estar de televisión, amplia terraza, sendero ecológico</p>
