{"id":189705,"date":"2026-01-07T08:42:29","date_gmt":"2026-01-07T13:42:29","guid":{"rendered":"https:\/\/arriendo.com\/co\/%es_type%\/\/%neighborhood%\/AR-0\/"},"modified":"2026-01-07T08:42:29","modified_gmt":"2026-01-07T13:42:29","slug":"ar-189705","status":"publish","type":"properties","link":"https:\/\/arriendo.com\/co\/locales\/rionegro\/el-porvenir\/ar-189705\/","title":{"rendered":"Local en Arriendo en El porvenir, Rionegro"},"content":{"rendered":"<p>Local comercial para arriendo en Rionegro, centro comercial SAN NICOLAS, con un \u00e1rea en primer piso de 84 m2, mas el \u00e1rea de mezanine de 21,89 m2, para un \u00e1rea total de 105,89 m2.<\/p>\n","protected":false},"excerpt":{"rendered":"Local comercial para arriendo en Rionegro, centro comercial SAN NICOLAS,...","protected":false},"author":6702,"featured_media":189707,"template":"","es_locations":[79,503,502],"es_categories":[124],"es_types":[117],"es_rent_periods":[],"es_labels":[],"es_statuses":[],"es_parkings":[],"es_roofs":[],"es_exterior_materials":[],"es_basements":[],"es_floor_coverings":[],"es_features":[2164,2200,2293,2148,2296,2201,2135,2150,2136,2297,2137],"es_amenities":[2187,2205,2295,2157,2298,2206,2142,2161,2143,2299,2144],"es_neighborhoods":[],"es_tags":[],"class_list":["post-189705","properties","type-properties","status-publish","has-post-thumbnail","hentry","es_location-antioquia","es_location-el-porvenir","es_location-rionegro","es_category-arriendo","es_type-locales","es_feature-bano-independiente","es_feature-cerca-a-sector-comercial","es_feature-cerca-centro-comercial","es_feature-colegios-universidades","es_feature-en-edificio","es_feature-en-zona-comercial","es_feature-sobre-via-principal","es_feature-supermercados-c-comerciales","es_feature-trans-publico-cercano","es_feature-ubicada-en-edificio","es_feature-zona-comercial","es_amenity-bano-independiente","es_amenity-cerca-a-sector-comercial","es_amenity-cerca-centro-comercial","es_amenity-colegios-universidades","es_amenity-en-edificio","es_amenity-en-zona-comercial","es_amenity-sobre-via-principal","es_amenity-supermercados-c-comerciales","es_amenity-trans-publico-cercano","es_amenity-ubicada-en-edificio","es_amenity-zona-comercial","es-post-entity"],"_links":{"self":[{"href":"https:\/\/arriendo.com\/co\/wp-json\/wp\/v2\/properties\/189705","targetHints":{"allow":["GET"]}}],"collection":[{"href":"https:\/\/arriendo.com\/co\/wp-json\/wp\/v2\/properties"}],"about":[{"href":"https:\/\/arriendo.com\/co\/wp-json\/wp\/v2\/types\/properties"}],"author":[{"embeddable":true,"href":"https:\/\/arriendo.com\/co\/wp-json\/wp\/v2\/users\/6702"}],"version-history":[{"count":0,"href":"https:\/\/arriendo.com\/co\/wp-json\/wp\/v2\/properties\/189705\/revisions"}],"wp:featuredmedia":[{"embeddable":true,"href":"https:\/\/arriendo.com\/co\/wp-json\/wp\/v2\/media\/189707"}],"wp:attachment":[{"href":"https:\/\/arriendo.com\/co\/wp-json\/wp\/v2\/media?parent=189705"}],"wp:term":[{"taxonomy":"es_location","embeddable":true,"href":"https:\/\/arriendo.com\/co\/wp-json\/wp\/v2\/es_locations?post=189705"},{"taxonomy":"es_category","embeddable":true,"href":"https:\/\/arriendo.com\/co\/wp-json\/wp\/v2\/es_categories?post=189705"},{"taxonomy":"es_type","embeddable":true,"href":"https:\/\/arriendo.com\/co\/wp-json\/wp\/v2\/es_types?post=189705"},{"taxonomy":"es_rent_period","embeddable":true,"href":"https:\/\/arriendo.com\/co\/wp-json\/wp\/v2\/es_rent_periods?post=189705"},{"taxonomy":"es_label","embeddable":true,"href":"https:\/\/arriendo.com\/co\/wp-json\/wp\/v2\/es_labels?post=189705"},{"taxonomy":"es_status","embeddable":true,"href":"https:\/\/arriendo.com\/co\/wp-json\/wp\/v2\/es_statuses?post=189705"},{"taxonomy":"es_parking","embeddable":true,"href":"https:\/\/arriendo.com\/co\/wp-json\/wp\/v2\/es_parkings?post=189705"},{"taxonomy":"es_roof","embeddable":true,"href":"https:\/\/arriendo.com\/co\/wp-json\/wp\/v2\/es_roofs?post=189705"},{"taxonomy":"es_exterior_material","embeddable":true,"href":"https:\/\/arriendo.com\/co\/wp-json\/wp\/v2\/es_exterior_materials?post=189705"},{"taxonomy":"es_basement","embeddable":true,"href":"https:\/\/arriendo.com\/co\/wp-json\/wp\/v2\/es_basements?post=189705"},{"taxonomy":"es_floor_covering","embeddable":true,"href":"https:\/\/arriendo.com\/co\/wp-json\/wp\/v2\/es_floor_coverings?post=189705"},{"taxonomy":"es_feature","embeddable":true,"href":"https:\/\/arriendo.com\/co\/wp-json\/wp\/v2\/es_features?post=189705"},{"taxonomy":"es_amenity","embeddable":true,"href":"https:\/\/arriendo.com\/co\/wp-json\/wp\/v2\/es_amenities?post=189705"},{"taxonomy":"es_neighborhood","embeddable":true,"href":"https:\/\/arriendo.com\/co\/wp-json\/wp\/v2\/es_neighborhoods?post=189705"},{"taxonomy":"es_tag","embeddable":true,"href":"https:\/\/arriendo.com\/co\/wp-json\/wp\/v2\/es_tags?post=189705"}],"curies":[{"name":"wp","href":"https:\/\/api.w.org\/{rel}","templated":true}]}}

<p>Local comercial para arriendo en Rionegro, centro comercial SAN NICOLAS, con un área en primer piso de 84 m2, mas el área de mezanine de 21,89 m2, para un área total de 105,89 m2.</p>
