{"id":189668,"date":"2026-01-07T08:40:15","date_gmt":"2026-01-07T13:40:15","guid":{"rendered":"https:\/\/arriendo.com\/co\/%es_type%\/\/%neighborhood%\/AR-0\/"},"modified":"2026-01-07T08:40:15","modified_gmt":"2026-01-07T13:40:15","slug":"ar-189668","status":"publish","type":"properties","link":"https:\/\/arriendo.com\/co\/locales\/envigado\/loma-del-escobero\/ar-189668\/","title":{"rendered":"Local en arriendo en Loma del Escobero, Envigado"},"content":{"rendered":"<p>CALLE 36D SUR N\u00b0 27A \u2013 105): Ubicado en el nivel 2 zona de comidas\u2013 PRIMERA<br \/>\nETAPA, situado en el Municipio de Envigado, destinado al desarrollo de<br \/>\nactividades comerciales, excluyendo el expendio de comidas con cocci\u00f3n en el<br \/>\npropio local, con un \u00e1rea construida aproximada de 6,25 metros cuadrados, un<br \/>\n\u00e1rea privada construida \u00fatil aproximada de 6,25 metros cuadrados, una altura<br \/>\naproximada variable entre una m\u00ednima de 2,30 y una m\u00e1xima de 2,60 metros<br \/>\nlineales, de acuerdo a dise\u00f1o arquitect\u00f3nico especial. Su \u00e1rea y linderos est\u00e1n<br \/>\ndeterminados por el per\u00edmetro formado por las l\u00edneas que unen los puntos del<br \/>\n562 al 565 y 562, punto de partida, del plano n\u00famero 8A \u2013 PH.<\/p>\n","protected":false},"excerpt":{"rendered":"CALLE 36D SUR N\u00b0 27A \u2013 105): Ubicado en el...","protected":false},"author":6702,"featured_media":189670,"template":"","es_locations":[79,511,762],"es_categories":[124],"es_types":[117],"es_rent_periods":[],"es_labels":[],"es_statuses":[],"es_parkings":[],"es_roofs":[],"es_exterior_materials":[],"es_basements":[],"es_floor_coverings":[],"es_features":[2164,2293,2148,2216,2150,2136],"es_amenities":[2187,2295,2157,156,2161,2143],"es_neighborhoods":[],"es_tags":[],"class_list":["post-189668","properties","type-properties","status-publish","has-post-thumbnail","hentry","es_location-antioquia","es_location-envigado","es_location-loma-del-escobero","es_category-arriendo","es_type-locales","es_feature-bano-independiente","es_feature-cerca-centro-comercial","es_feature-colegios-universidades","es_feature-parqueadero-visitantes","es_feature-supermercados-c-comerciales","es_feature-trans-publico-cercano","es_amenity-bano-independiente","es_amenity-cerca-centro-comercial","es_amenity-colegios-universidades","es_amenity-parqueadero-visitantes","es_amenity-supermercados-c-comerciales","es_amenity-trans-publico-cercano","es-post-entity"],"_links":{"self":[{"href":"https:\/\/arriendo.com\/co\/wp-json\/wp\/v2\/properties\/189668","targetHints":{"allow":["GET"]}}],"collection":[{"href":"https:\/\/arriendo.com\/co\/wp-json\/wp\/v2\/properties"}],"about":[{"href":"https:\/\/arriendo.com\/co\/wp-json\/wp\/v2\/types\/properties"}],"author":[{"embeddable":true,"href":"https:\/\/arriendo.com\/co\/wp-json\/wp\/v2\/users\/6702"}],"version-history":[{"count":0,"href":"https:\/\/arriendo.com\/co\/wp-json\/wp\/v2\/properties\/189668\/revisions"}],"wp:featuredmedia":[{"embeddable":true,"href":"https:\/\/arriendo.com\/co\/wp-json\/wp\/v2\/media\/189670"}],"wp:attachment":[{"href":"https:\/\/arriendo.com\/co\/wp-json\/wp\/v2\/media?parent=189668"}],"wp:term":[{"taxonomy":"es_location","embeddable":true,"href":"https:\/\/arriendo.com\/co\/wp-json\/wp\/v2\/es_locations?post=189668"},{"taxonomy":"es_category","embeddable":true,"href":"https:\/\/arriendo.com\/co\/wp-json\/wp\/v2\/es_categories?post=189668"},{"taxonomy":"es_type","embeddable":true,"href":"https:\/\/arriendo.com\/co\/wp-json\/wp\/v2\/es_types?post=189668"},{"taxonomy":"es_rent_period","embeddable":true,"href":"https:\/\/arriendo.com\/co\/wp-json\/wp\/v2\/es_rent_periods?post=189668"},{"taxonomy":"es_label","embeddable":true,"href":"https:\/\/arriendo.com\/co\/wp-json\/wp\/v2\/es_labels?post=189668"},{"taxonomy":"es_status","embeddable":true,"href":"https:\/\/arriendo.com\/co\/wp-json\/wp\/v2\/es_statuses?post=189668"},{"taxonomy":"es_parking","embeddable":true,"href":"https:\/\/arriendo.com\/co\/wp-json\/wp\/v2\/es_parkings?post=189668"},{"taxonomy":"es_roof","embeddable":true,"href":"https:\/\/arriendo.com\/co\/wp-json\/wp\/v2\/es_roofs?post=189668"},{"taxonomy":"es_exterior_material","embeddable":true,"href":"https:\/\/arriendo.com\/co\/wp-json\/wp\/v2\/es_exterior_materials?post=189668"},{"taxonomy":"es_basement","embeddable":true,"href":"https:\/\/arriendo.com\/co\/wp-json\/wp\/v2\/es_basements?post=189668"},{"taxonomy":"es_floor_covering","embeddable":true,"href":"https:\/\/arriendo.com\/co\/wp-json\/wp\/v2\/es_floor_coverings?post=189668"},{"taxonomy":"es_feature","embeddable":true,"href":"https:\/\/arriendo.com\/co\/wp-json\/wp\/v2\/es_features?post=189668"},{"taxonomy":"es_amenity","embeddable":true,"href":"https:\/\/arriendo.com\/co\/wp-json\/wp\/v2\/es_amenities?post=189668"},{"taxonomy":"es_neighborhood","embeddable":true,"href":"https:\/\/arriendo.com\/co\/wp-json\/wp\/v2\/es_neighborhoods?post=189668"},{"taxonomy":"es_tag","embeddable":true,"href":"https:\/\/arriendo.com\/co\/wp-json\/wp\/v2\/es_tags?post=189668"}],"curies":[{"name":"wp","href":"https:\/\/api.w.org\/{rel}","templated":true}]}}

<p>CALLE 36D SUR N° 27A – 105): Ubicado en el nivel 2 zona de comidas– PRIMERA<br />
ETAPA, situado en el Municipio de Envigado, destinado al desarrollo de<br />
actividades comerciales, excluyendo el expendio de comidas con cocción en el<br />
propio local, con un área construida aproximada de 6,25 metros cuadrados, un<br />
área privada construida útil aproximada de 6,25 metros cuadrados, una altura<br />
aproximada variable entre una mínima de 2,30 y una máxima de 2,60 metros<br />
lineales, de acuerdo a diseño arquitectónico especial. Su área y linderos están<br />
determinados por el perímetro formado por las líneas que unen los puntos del<br />
562 al 565 y 562, punto de partida, del plano número 8A – PH.</p>
