{"id":189629,"date":"2026-01-07T08:37:52","date_gmt":"2026-01-07T13:37:52","guid":{"rendered":"https:\/\/arriendo.com\/co\/%es_type%\/\/%neighborhood%\/AR-0\/"},"modified":"2026-01-07T08:37:52","modified_gmt":"2026-01-07T13:37:52","slug":"ar-189629","status":"publish","type":"properties","link":"https:\/\/arriendo.com\/co\/locales\/rionegro\/el-porvenir\/ar-189629\/","title":{"rendered":"Local en  Arriendo en El porvenir, Rionegro"},"content":{"rendered":"<p>Arriendo local ubicado en en el centro comercial San Nicolas etapa 1, local con destinaci\u00f3n exclusivo para comidas, vecino a los verdes, Frisby y marcas reconocidas. cuenta con paredes en cer\u00e1mica, red de gas y horno extractor, canon de arriendo mas&nbsp;IVA mas administraci\u00f3n de $3.600.000.&nbsp;<\/p>\n","protected":false},"excerpt":{"rendered":"Arriendo local ubicado en en el centro comercial San Nicolas...","protected":false},"author":6702,"featured_media":189631,"template":"","es_locations":[79,503,502],"es_categories":[124],"es_types":[117],"es_rent_periods":[],"es_labels":[],"es_statuses":[],"es_parkings":[],"es_roofs":[],"es_exterior_materials":[],"es_basements":[],"es_floor_coverings":[],"es_features":[2168,2200,2293,2302,2148,2296,2201,2176,145,2132,2135,2150,2136,2297,2137,2152],"es_amenities":[2195,2205,2295,2303,2157,2298,2206,2191,2160,2140,2142,2161,2143,2299,2144,2162],"es_neighborhoods":[],"es_tags":[],"class_list":["post-189629","properties","type-properties","status-publish","has-post-thumbnail","hentry","es_location-antioquia","es_location-el-porvenir","es_location-rionegro","es_category-arriendo","es_type-locales","es_feature-area-urbana","es_feature-cerca-a-sector-comercial","es_feature-cerca-centro-comercial","es_feature-cocineta","es_feature-colegios-universidades","es_feature-en-edificio","es_feature-en-zona-comercial","es_feature-en-zona-residencial","es_feature-instalacion-de-gas","es_feature-parques-cercanos","es_feature-sobre-via-principal","es_feature-supermercados-c-comerciales","es_feature-trans-publico-cercano","es_feature-ubicada-en-edificio","es_feature-zona-comercial","es_feature-zona-residencial","es_amenity-area-urbana","es_amenity-cerca-a-sector-comercial","es_amenity-cerca-centro-comercial","es_amenity-cocineta","es_amenity-colegios-universidades","es_amenity-en-edificio","es_amenity-en-zona-comercial","es_amenity-en-zona-residencial","es_amenity-instalacion-de-gas","es_amenity-parques-cercanos","es_amenity-sobre-via-principal","es_amenity-supermercados-c-comerciales","es_amenity-trans-publico-cercano","es_amenity-ubicada-en-edificio","es_amenity-zona-comercial","es_amenity-zona-residencial","es-post-entity"],"_links":{"self":[{"href":"https:\/\/arriendo.com\/co\/wp-json\/wp\/v2\/properties\/189629","targetHints":{"allow":["GET"]}}],"collection":[{"href":"https:\/\/arriendo.com\/co\/wp-json\/wp\/v2\/properties"}],"about":[{"href":"https:\/\/arriendo.com\/co\/wp-json\/wp\/v2\/types\/properties"}],"author":[{"embeddable":true,"href":"https:\/\/arriendo.com\/co\/wp-json\/wp\/v2\/users\/6702"}],"version-history":[{"count":0,"href":"https:\/\/arriendo.com\/co\/wp-json\/wp\/v2\/properties\/189629\/revisions"}],"wp:featuredmedia":[{"embeddable":true,"href":"https:\/\/arriendo.com\/co\/wp-json\/wp\/v2\/media\/189631"}],"wp:attachment":[{"href":"https:\/\/arriendo.com\/co\/wp-json\/wp\/v2\/media?parent=189629"}],"wp:term":[{"taxonomy":"es_location","embeddable":true,"href":"https:\/\/arriendo.com\/co\/wp-json\/wp\/v2\/es_locations?post=189629"},{"taxonomy":"es_category","embeddable":true,"href":"https:\/\/arriendo.com\/co\/wp-json\/wp\/v2\/es_categories?post=189629"},{"taxonomy":"es_type","embeddable":true,"href":"https:\/\/arriendo.com\/co\/wp-json\/wp\/v2\/es_types?post=189629"},{"taxonomy":"es_rent_period","embeddable":true,"href":"https:\/\/arriendo.com\/co\/wp-json\/wp\/v2\/es_rent_periods?post=189629"},{"taxonomy":"es_label","embeddable":true,"href":"https:\/\/arriendo.com\/co\/wp-json\/wp\/v2\/es_labels?post=189629"},{"taxonomy":"es_status","embeddable":true,"href":"https:\/\/arriendo.com\/co\/wp-json\/wp\/v2\/es_statuses?post=189629"},{"taxonomy":"es_parking","embeddable":true,"href":"https:\/\/arriendo.com\/co\/wp-json\/wp\/v2\/es_parkings?post=189629"},{"taxonomy":"es_roof","embeddable":true,"href":"https:\/\/arriendo.com\/co\/wp-json\/wp\/v2\/es_roofs?post=189629"},{"taxonomy":"es_exterior_material","embeddable":true,"href":"https:\/\/arriendo.com\/co\/wp-json\/wp\/v2\/es_exterior_materials?post=189629"},{"taxonomy":"es_basement","embeddable":true,"href":"https:\/\/arriendo.com\/co\/wp-json\/wp\/v2\/es_basements?post=189629"},{"taxonomy":"es_floor_covering","embeddable":true,"href":"https:\/\/arriendo.com\/co\/wp-json\/wp\/v2\/es_floor_coverings?post=189629"},{"taxonomy":"es_feature","embeddable":true,"href":"https:\/\/arriendo.com\/co\/wp-json\/wp\/v2\/es_features?post=189629"},{"taxonomy":"es_amenity","embeddable":true,"href":"https:\/\/arriendo.com\/co\/wp-json\/wp\/v2\/es_amenities?post=189629"},{"taxonomy":"es_neighborhood","embeddable":true,"href":"https:\/\/arriendo.com\/co\/wp-json\/wp\/v2\/es_neighborhoods?post=189629"},{"taxonomy":"es_tag","embeddable":true,"href":"https:\/\/arriendo.com\/co\/wp-json\/wp\/v2\/es_tags?post=189629"}],"curies":[{"name":"wp","href":"https:\/\/api.w.org\/{rel}","templated":true}]}}

<p>Arriendo local ubicado en en el centro comercial San Nicolas etapa 1, local con destinación exclusivo para comidas, vecino a los verdes, Frisby y marcas reconocidas. cuenta con paredes en cerámica, red de gas y horno extractor, canon de arriendo mas&nbsp;IVA mas administración de $3.600.000.&nbsp;</p>
