{"id":189607,"date":"2026-01-07T08:36:43","date_gmt":"2026-01-07T13:36:43","guid":{"rendered":"https:\/\/arriendo.com\/co\/%es_type%\/\/%neighborhood%\/AR-0\/"},"modified":"2026-01-07T08:36:43","modified_gmt":"2026-01-07T13:36:43","slug":"ar-189607","status":"publish","type":"properties","link":"https:\/\/arriendo.com\/co\/locales\/medellin\/el-poblado\/ar-189607\/","title":{"rendered":"Local en  Arriendo en El Poblado, Medell\u00edn"},"content":{"rendered":"<p>Local para arriendo en edificio, ideal para Call center, oficina \u00f3 bodega de almacenamiento liviano, con 641 mt2, bater\u00eda de ba\u00f1os<\/p>\n","protected":false},"excerpt":{"rendered":"Local para arriendo en edificio, ideal para Call center, oficina...","protected":false},"author":6702,"featured_media":189609,"template":"","es_locations":[79,308,305],"es_categories":[124],"es_types":[117],"es_rent_periods":[],"es_labels":[],"es_statuses":[],"es_parkings":[],"es_roofs":[],"es_exterior_materials":[],"es_basements":[],"es_floor_coverings":[],"es_features":[2168,2164,2200,2293,2296,2201,2176,2150,2136,2297,2137,2300,2152],"es_amenities":[2195,2187,2205,2295,2298,2206,2191,2161,2143,2299,2144,2301,2162],"es_neighborhoods":[],"es_tags":[],"class_list":["post-189607","properties","type-properties","status-publish","has-post-thumbnail","hentry","es_location-antioquia","es_location-el-poblado","es_location-medellin","es_category-arriendo","es_type-locales","es_feature-area-urbana","es_feature-bano-independiente","es_feature-cerca-a-sector-comercial","es_feature-cerca-centro-comercial","es_feature-en-edificio","es_feature-en-zona-comercial","es_feature-en-zona-residencial","es_feature-supermercados-c-comerciales","es_feature-trans-publico-cercano","es_feature-ubicada-en-edificio","es_feature-zona-comercial","es_feature-zona-industrial","es_feature-zona-residencial","es_amenity-area-urbana","es_amenity-bano-independiente","es_amenity-cerca-a-sector-comercial","es_amenity-cerca-centro-comercial","es_amenity-en-edificio","es_amenity-en-zona-comercial","es_amenity-en-zona-residencial","es_amenity-supermercados-c-comerciales","es_amenity-trans-publico-cercano","es_amenity-ubicada-en-edificio","es_amenity-zona-comercial","es_amenity-zona-industrial","es_amenity-zona-residencial","es-post-entity"],"_links":{"self":[{"href":"https:\/\/arriendo.com\/co\/wp-json\/wp\/v2\/properties\/189607","targetHints":{"allow":["GET"]}}],"collection":[{"href":"https:\/\/arriendo.com\/co\/wp-json\/wp\/v2\/properties"}],"about":[{"href":"https:\/\/arriendo.com\/co\/wp-json\/wp\/v2\/types\/properties"}],"author":[{"embeddable":true,"href":"https:\/\/arriendo.com\/co\/wp-json\/wp\/v2\/users\/6702"}],"version-history":[{"count":0,"href":"https:\/\/arriendo.com\/co\/wp-json\/wp\/v2\/properties\/189607\/revisions"}],"wp:featuredmedia":[{"embeddable":true,"href":"https:\/\/arriendo.com\/co\/wp-json\/wp\/v2\/media\/189609"}],"wp:attachment":[{"href":"https:\/\/arriendo.com\/co\/wp-json\/wp\/v2\/media?parent=189607"}],"wp:term":[{"taxonomy":"es_location","embeddable":true,"href":"https:\/\/arriendo.com\/co\/wp-json\/wp\/v2\/es_locations?post=189607"},{"taxonomy":"es_category","embeddable":true,"href":"https:\/\/arriendo.com\/co\/wp-json\/wp\/v2\/es_categories?post=189607"},{"taxonomy":"es_type","embeddable":true,"href":"https:\/\/arriendo.com\/co\/wp-json\/wp\/v2\/es_types?post=189607"},{"taxonomy":"es_rent_period","embeddable":true,"href":"https:\/\/arriendo.com\/co\/wp-json\/wp\/v2\/es_rent_periods?post=189607"},{"taxonomy":"es_label","embeddable":true,"href":"https:\/\/arriendo.com\/co\/wp-json\/wp\/v2\/es_labels?post=189607"},{"taxonomy":"es_status","embeddable":true,"href":"https:\/\/arriendo.com\/co\/wp-json\/wp\/v2\/es_statuses?post=189607"},{"taxonomy":"es_parking","embeddable":true,"href":"https:\/\/arriendo.com\/co\/wp-json\/wp\/v2\/es_parkings?post=189607"},{"taxonomy":"es_roof","embeddable":true,"href":"https:\/\/arriendo.com\/co\/wp-json\/wp\/v2\/es_roofs?post=189607"},{"taxonomy":"es_exterior_material","embeddable":true,"href":"https:\/\/arriendo.com\/co\/wp-json\/wp\/v2\/es_exterior_materials?post=189607"},{"taxonomy":"es_basement","embeddable":true,"href":"https:\/\/arriendo.com\/co\/wp-json\/wp\/v2\/es_basements?post=189607"},{"taxonomy":"es_floor_covering","embeddable":true,"href":"https:\/\/arriendo.com\/co\/wp-json\/wp\/v2\/es_floor_coverings?post=189607"},{"taxonomy":"es_feature","embeddable":true,"href":"https:\/\/arriendo.com\/co\/wp-json\/wp\/v2\/es_features?post=189607"},{"taxonomy":"es_amenity","embeddable":true,"href":"https:\/\/arriendo.com\/co\/wp-json\/wp\/v2\/es_amenities?post=189607"},{"taxonomy":"es_neighborhood","embeddable":true,"href":"https:\/\/arriendo.com\/co\/wp-json\/wp\/v2\/es_neighborhoods?post=189607"},{"taxonomy":"es_tag","embeddable":true,"href":"https:\/\/arriendo.com\/co\/wp-json\/wp\/v2\/es_tags?post=189607"}],"curies":[{"name":"wp","href":"https:\/\/api.w.org\/{rel}","templated":true}]}}

Local en  Arriendo en El Poblado, Medellín

<p>Local para arriendo en edificio, ideal para Call center, oficina ó bodega de almacenamiento liviano, con 641 mt2, batería de baños</p>
