{"id":189582,"date":"2026-01-07T08:35:20","date_gmt":"2026-01-07T13:35:20","guid":{"rendered":"https:\/\/arriendo.com\/co\/%es_type%\/\/%neighborhood%\/AR-0\/"},"modified":"2026-01-07T08:35:20","modified_gmt":"2026-01-07T13:35:20","slug":"ar-189582","status":"publish","type":"properties","link":"https:\/\/arriendo.com\/co\/locales\/itagui\/comuna-3\/ar-189582\/","title":{"rendered":"Local en arriendo en Comuna 3, Itagu\u00ed"},"content":{"rendered":"<p>Local con un \u00e1rea construida de 67.9 mtrs2 y \u00e1rea privada de 62.84 mtrs2, ubicado en el tercer piso del centro comercial Plaza Arrayanes, el centro comercial cuenta con un flujo mensual  promedio  de 300.000 personas y se encuentran marcas como Ol\u00edmpica, Royal Films, Smart Fit, Claro, Dollar city, Burguer King, Juan Valdez, Tostao, Frisby, Smart academia idiomas, pr\u00f3ximamente estar\u00e1 EPS Sura.<br \/>\nArriendo Canon $  5.629.928 m\u00e1s IVA $   1.069.686 m\u00e1s adm\u00f3n $  818,275. Total pedido $ $7.517.889<br \/>\nPredial $146,100<br \/>\nPrecio de venta $804.275.500 negociables<\/p>\n","protected":false},"excerpt":{"rendered":"Local con un \u00e1rea construida de 67.9 mtrs2 y \u00e1rea...","protected":false},"author":6702,"featured_media":189584,"template":"","es_locations":[79,320,475],"es_categories":[124],"es_types":[117],"es_rent_periods":[],"es_labels":[],"es_statuses":[],"es_parkings":[],"es_roofs":[],"es_exterior_materials":[],"es_basements":[],"es_floor_coverings":[],"es_features":[2168,2164,2200,2296,2201,2176,2136,2297,2137,2152],"es_amenities":[2195,2187,2205,2298,2206,2191,2143,2299,2144,2162],"es_neighborhoods":[],"es_tags":[],"class_list":["post-189582","properties","type-properties","status-publish","has-post-thumbnail","hentry","es_location-antioquia","es_location-comuna-3","es_location-itagui","es_category-arriendo","es_type-locales","es_feature-area-urbana","es_feature-bano-independiente","es_feature-cerca-a-sector-comercial","es_feature-en-edificio","es_feature-en-zona-comercial","es_feature-en-zona-residencial","es_feature-trans-publico-cercano","es_feature-ubicada-en-edificio","es_feature-zona-comercial","es_feature-zona-residencial","es_amenity-area-urbana","es_amenity-bano-independiente","es_amenity-cerca-a-sector-comercial","es_amenity-en-edificio","es_amenity-en-zona-comercial","es_amenity-en-zona-residencial","es_amenity-trans-publico-cercano","es_amenity-ubicada-en-edificio","es_amenity-zona-comercial","es_amenity-zona-residencial","es-post-entity"],"_links":{"self":[{"href":"https:\/\/arriendo.com\/co\/wp-json\/wp\/v2\/properties\/189582","targetHints":{"allow":["GET"]}}],"collection":[{"href":"https:\/\/arriendo.com\/co\/wp-json\/wp\/v2\/properties"}],"about":[{"href":"https:\/\/arriendo.com\/co\/wp-json\/wp\/v2\/types\/properties"}],"author":[{"embeddable":true,"href":"https:\/\/arriendo.com\/co\/wp-json\/wp\/v2\/users\/6702"}],"version-history":[{"count":0,"href":"https:\/\/arriendo.com\/co\/wp-json\/wp\/v2\/properties\/189582\/revisions"}],"wp:featuredmedia":[{"embeddable":true,"href":"https:\/\/arriendo.com\/co\/wp-json\/wp\/v2\/media\/189584"}],"wp:attachment":[{"href":"https:\/\/arriendo.com\/co\/wp-json\/wp\/v2\/media?parent=189582"}],"wp:term":[{"taxonomy":"es_location","embeddable":true,"href":"https:\/\/arriendo.com\/co\/wp-json\/wp\/v2\/es_locations?post=189582"},{"taxonomy":"es_category","embeddable":true,"href":"https:\/\/arriendo.com\/co\/wp-json\/wp\/v2\/es_categories?post=189582"},{"taxonomy":"es_type","embeddable":true,"href":"https:\/\/arriendo.com\/co\/wp-json\/wp\/v2\/es_types?post=189582"},{"taxonomy":"es_rent_period","embeddable":true,"href":"https:\/\/arriendo.com\/co\/wp-json\/wp\/v2\/es_rent_periods?post=189582"},{"taxonomy":"es_label","embeddable":true,"href":"https:\/\/arriendo.com\/co\/wp-json\/wp\/v2\/es_labels?post=189582"},{"taxonomy":"es_status","embeddable":true,"href":"https:\/\/arriendo.com\/co\/wp-json\/wp\/v2\/es_statuses?post=189582"},{"taxonomy":"es_parking","embeddable":true,"href":"https:\/\/arriendo.com\/co\/wp-json\/wp\/v2\/es_parkings?post=189582"},{"taxonomy":"es_roof","embeddable":true,"href":"https:\/\/arriendo.com\/co\/wp-json\/wp\/v2\/es_roofs?post=189582"},{"taxonomy":"es_exterior_material","embeddable":true,"href":"https:\/\/arriendo.com\/co\/wp-json\/wp\/v2\/es_exterior_materials?post=189582"},{"taxonomy":"es_basement","embeddable":true,"href":"https:\/\/arriendo.com\/co\/wp-json\/wp\/v2\/es_basements?post=189582"},{"taxonomy":"es_floor_covering","embeddable":true,"href":"https:\/\/arriendo.com\/co\/wp-json\/wp\/v2\/es_floor_coverings?post=189582"},{"taxonomy":"es_feature","embeddable":true,"href":"https:\/\/arriendo.com\/co\/wp-json\/wp\/v2\/es_features?post=189582"},{"taxonomy":"es_amenity","embeddable":true,"href":"https:\/\/arriendo.com\/co\/wp-json\/wp\/v2\/es_amenities?post=189582"},{"taxonomy":"es_neighborhood","embeddable":true,"href":"https:\/\/arriendo.com\/co\/wp-json\/wp\/v2\/es_neighborhoods?post=189582"},{"taxonomy":"es_tag","embeddable":true,"href":"https:\/\/arriendo.com\/co\/wp-json\/wp\/v2\/es_tags?post=189582"}],"curies":[{"name":"wp","href":"https:\/\/api.w.org\/{rel}","templated":true}]}}

Local en arriendo en Comuna 3, Itaguí

<p>Local con un área construida de 67.9 mtrs2 y área privada de 62.84 mtrs2, ubicado en el tercer piso del centro comercial Plaza Arrayanes, el centro comercial cuenta con un flujo mensual  promedio  de 300.000 personas y se encuentran marcas como Olímpica, Royal Films, Smart Fit, Claro, Dollar city, Burguer King, Juan Valdez, Tostao, Frisby, Smart academia idiomas, próximamente estará EPS Sura.<br />
Arriendo Canon $  5.629.928 más IVA $   1.069.686 más admón $  818,275. Total pedido $ $7.517.889<br />
Predial $146,100<br />
Precio de venta $804.275.500 negociables</p>

Local con un área construida de 67.9 mtrs2 y área...
