{"id":189405,"date":"2026-01-07T08:25:47","date_gmt":"2026-01-07T13:25:47","guid":{"rendered":"https:\/\/arriendo.com\/co\/%es_type%\/\/%neighborhood%\/AR-0\/"},"modified":"2026-01-07T08:25:47","modified_gmt":"2026-01-07T13:25:47","slug":"ar-189405","status":"publish","type":"properties","link":"https:\/\/arriendo.com\/co\/locales\/medellin\/el-poblado\/ar-189405\/","title":{"rendered":"Local en arriendo en El Poblado, Medell\u00edn"},"content":{"rendered":"<p>Local con un \u00e1rea de 12 mtrs2 ubicado en el centro comercial Monterrey, zona comercial, cerca a la estaci\u00f3n del metro Poblado, es muy reconocido por su amplia oferta en productos electr\u00f3nicos de primera calidad.<br \/>\nPedido $2.500.000, m\u00e1s IVA $475.000. Total Pedido $ 2.975.000<\/p>\n","protected":false},"excerpt":{"rendered":"Local con un \u00e1rea de 12 mtrs2 ubicado en el...","protected":false},"author":6702,"featured_media":189407,"template":"","es_locations":[79,308,305],"es_categories":[124],"es_types":[117],"es_rent_periods":[],"es_labels":[],"es_statuses":[],"es_parkings":[],"es_roofs":[],"es_exterior_materials":[],"es_basements":[],"es_floor_coverings":[],"es_features":[2164,2200,2296,2201,2132,2135,2136,2297,2137],"es_amenities":[2187,2205,2298,2206,2140,2142,2143,2299,2144],"es_neighborhoods":[],"es_tags":[],"class_list":["post-189405","properties","type-properties","status-publish","has-post-thumbnail","hentry","es_location-antioquia","es_location-el-poblado","es_location-medellin","es_category-arriendo","es_type-locales","es_feature-bano-independiente","es_feature-cerca-a-sector-comercial","es_feature-en-edificio","es_feature-en-zona-comercial","es_feature-parques-cercanos","es_feature-sobre-via-principal","es_feature-trans-publico-cercano","es_feature-ubicada-en-edificio","es_feature-zona-comercial","es_amenity-bano-independiente","es_amenity-cerca-a-sector-comercial","es_amenity-en-edificio","es_amenity-en-zona-comercial","es_amenity-parques-cercanos","es_amenity-sobre-via-principal","es_amenity-trans-publico-cercano","es_amenity-ubicada-en-edificio","es_amenity-zona-comercial","es-post-entity"],"_links":{"self":[{"href":"https:\/\/arriendo.com\/co\/wp-json\/wp\/v2\/properties\/189405","targetHints":{"allow":["GET"]}}],"collection":[{"href":"https:\/\/arriendo.com\/co\/wp-json\/wp\/v2\/properties"}],"about":[{"href":"https:\/\/arriendo.com\/co\/wp-json\/wp\/v2\/types\/properties"}],"author":[{"embeddable":true,"href":"https:\/\/arriendo.com\/co\/wp-json\/wp\/v2\/users\/6702"}],"version-history":[{"count":0,"href":"https:\/\/arriendo.com\/co\/wp-json\/wp\/v2\/properties\/189405\/revisions"}],"wp:featuredmedia":[{"embeddable":true,"href":"https:\/\/arriendo.com\/co\/wp-json\/wp\/v2\/media\/189407"}],"wp:attachment":[{"href":"https:\/\/arriendo.com\/co\/wp-json\/wp\/v2\/media?parent=189405"}],"wp:term":[{"taxonomy":"es_location","embeddable":true,"href":"https:\/\/arriendo.com\/co\/wp-json\/wp\/v2\/es_locations?post=189405"},{"taxonomy":"es_category","embeddable":true,"href":"https:\/\/arriendo.com\/co\/wp-json\/wp\/v2\/es_categories?post=189405"},{"taxonomy":"es_type","embeddable":true,"href":"https:\/\/arriendo.com\/co\/wp-json\/wp\/v2\/es_types?post=189405"},{"taxonomy":"es_rent_period","embeddable":true,"href":"https:\/\/arriendo.com\/co\/wp-json\/wp\/v2\/es_rent_periods?post=189405"},{"taxonomy":"es_label","embeddable":true,"href":"https:\/\/arriendo.com\/co\/wp-json\/wp\/v2\/es_labels?post=189405"},{"taxonomy":"es_status","embeddable":true,"href":"https:\/\/arriendo.com\/co\/wp-json\/wp\/v2\/es_statuses?post=189405"},{"taxonomy":"es_parking","embeddable":true,"href":"https:\/\/arriendo.com\/co\/wp-json\/wp\/v2\/es_parkings?post=189405"},{"taxonomy":"es_roof","embeddable":true,"href":"https:\/\/arriendo.com\/co\/wp-json\/wp\/v2\/es_roofs?post=189405"},{"taxonomy":"es_exterior_material","embeddable":true,"href":"https:\/\/arriendo.com\/co\/wp-json\/wp\/v2\/es_exterior_materials?post=189405"},{"taxonomy":"es_basement","embeddable":true,"href":"https:\/\/arriendo.com\/co\/wp-json\/wp\/v2\/es_basements?post=189405"},{"taxonomy":"es_floor_covering","embeddable":true,"href":"https:\/\/arriendo.com\/co\/wp-json\/wp\/v2\/es_floor_coverings?post=189405"},{"taxonomy":"es_feature","embeddable":true,"href":"https:\/\/arriendo.com\/co\/wp-json\/wp\/v2\/es_features?post=189405"},{"taxonomy":"es_amenity","embeddable":true,"href":"https:\/\/arriendo.com\/co\/wp-json\/wp\/v2\/es_amenities?post=189405"},{"taxonomy":"es_neighborhood","embeddable":true,"href":"https:\/\/arriendo.com\/co\/wp-json\/wp\/v2\/es_neighborhoods?post=189405"},{"taxonomy":"es_tag","embeddable":true,"href":"https:\/\/arriendo.com\/co\/wp-json\/wp\/v2\/es_tags?post=189405"}],"curies":[{"name":"wp","href":"https:\/\/api.w.org\/{rel}","templated":true}]}}

Local en arriendo en El Poblado, Medellín

<p>Local con un área de 12 mtrs2 ubicado en el centro comercial Monterrey, zona comercial, cerca a la estación del metro Poblado, es muy reconocido por su amplia oferta en productos electrónicos de primera calidad.<br />
Pedido $2.500.000, más IVA $475.000. Total Pedido $ 2.975.000</p>

Local con un área de 12 mtrs2 ubicado en el...
