{"id":188342,"date":"2026-01-07T07:25:44","date_gmt":"2026-01-07T12:25:44","guid":{"rendered":"https:\/\/arriendo.com\/co\/%es_type%\/\/%neighborhood%\/AR-0\/"},"modified":"2026-01-07T07:25:45","modified_gmt":"2026-01-07T12:25:45","slug":"ar-188342","status":"publish","type":"properties","link":"https:\/\/arriendo.com\/co\/casas\/facatativa\/centro\/ar-188342\/","title":{"rendered":"Casa en  Arriendo en Centro, Facatativa"},"content":{"rendered":"<p>Casa ubicada en la plaza central de Facatativ\u00e1, ideal para hotel o negocio, con un \u00e1rea total de 1.450 m2, distribuidos as\u00ed: primer piso \u00e1rea 1.000 m2,   Segundo piso 450 m2, &nbsp;pisos en cer\u00e1mica,&nbsp;bater\u00eda de ba\u00f1os,&nbsp;multiusos, todos los servicios, en el marco de la plaza principal de Facatativ\u00e1.<\/p>\n","protected":false},"excerpt":{"rendered":"Casa ubicada en la plaza central de Facatativ\u00e1, ideal para...","protected":false},"author":6702,"featured_media":188344,"template":"","es_locations":[505,91,1189],"es_categories":[124],"es_types":[115],"es_rent_periods":[],"es_labels":[],"es_statuses":[],"es_parkings":[],"es_roofs":[],"es_exterior_materials":[],"es_basements":[],"es_floor_coverings":[],"es_features":[2164,2200,2293,2201,2132,2136,2137],"es_amenities":[2187,2205,2295,2206,2140,2143,2144],"es_neighborhoods":[],"es_tags":[],"class_list":["post-188342","properties","type-properties","status-publish","has-post-thumbnail","hentry","es_location-centro","es_location-cundinamarca","es_location-facatativa","es_category-arriendo","es_type-casas","es_feature-bano-independiente","es_feature-cerca-a-sector-comercial","es_feature-cerca-centro-comercial","es_feature-en-zona-comercial","es_feature-parques-cercanos","es_feature-trans-publico-cercano","es_feature-zona-comercial","es_amenity-bano-independiente","es_amenity-cerca-a-sector-comercial","es_amenity-cerca-centro-comercial","es_amenity-en-zona-comercial","es_amenity-parques-cercanos","es_amenity-trans-publico-cercano","es_amenity-zona-comercial","es-post-entity"],"_links":{"self":[{"href":"https:\/\/arriendo.com\/co\/wp-json\/wp\/v2\/properties\/188342","targetHints":{"allow":["GET"]}}],"collection":[{"href":"https:\/\/arriendo.com\/co\/wp-json\/wp\/v2\/properties"}],"about":[{"href":"https:\/\/arriendo.com\/co\/wp-json\/wp\/v2\/types\/properties"}],"author":[{"embeddable":true,"href":"https:\/\/arriendo.com\/co\/wp-json\/wp\/v2\/users\/6702"}],"version-history":[{"count":0,"href":"https:\/\/arriendo.com\/co\/wp-json\/wp\/v2\/properties\/188342\/revisions"}],"wp:featuredmedia":[{"embeddable":true,"href":"https:\/\/arriendo.com\/co\/wp-json\/wp\/v2\/media\/188344"}],"wp:attachment":[{"href":"https:\/\/arriendo.com\/co\/wp-json\/wp\/v2\/media?parent=188342"}],"wp:term":[{"taxonomy":"es_location","embeddable":true,"href":"https:\/\/arriendo.com\/co\/wp-json\/wp\/v2\/es_locations?post=188342"},{"taxonomy":"es_category","embeddable":true,"href":"https:\/\/arriendo.com\/co\/wp-json\/wp\/v2\/es_categories?post=188342"},{"taxonomy":"es_type","embeddable":true,"href":"https:\/\/arriendo.com\/co\/wp-json\/wp\/v2\/es_types?post=188342"},{"taxonomy":"es_rent_period","embeddable":true,"href":"https:\/\/arriendo.com\/co\/wp-json\/wp\/v2\/es_rent_periods?post=188342"},{"taxonomy":"es_label","embeddable":true,"href":"https:\/\/arriendo.com\/co\/wp-json\/wp\/v2\/es_labels?post=188342"},{"taxonomy":"es_status","embeddable":true,"href":"https:\/\/arriendo.com\/co\/wp-json\/wp\/v2\/es_statuses?post=188342"},{"taxonomy":"es_parking","embeddable":true,"href":"https:\/\/arriendo.com\/co\/wp-json\/wp\/v2\/es_parkings?post=188342"},{"taxonomy":"es_roof","embeddable":true,"href":"https:\/\/arriendo.com\/co\/wp-json\/wp\/v2\/es_roofs?post=188342"},{"taxonomy":"es_exterior_material","embeddable":true,"href":"https:\/\/arriendo.com\/co\/wp-json\/wp\/v2\/es_exterior_materials?post=188342"},{"taxonomy":"es_basement","embeddable":true,"href":"https:\/\/arriendo.com\/co\/wp-json\/wp\/v2\/es_basements?post=188342"},{"taxonomy":"es_floor_covering","embeddable":true,"href":"https:\/\/arriendo.com\/co\/wp-json\/wp\/v2\/es_floor_coverings?post=188342"},{"taxonomy":"es_feature","embeddable":true,"href":"https:\/\/arriendo.com\/co\/wp-json\/wp\/v2\/es_features?post=188342"},{"taxonomy":"es_amenity","embeddable":true,"href":"https:\/\/arriendo.com\/co\/wp-json\/wp\/v2\/es_amenities?post=188342"},{"taxonomy":"es_neighborhood","embeddable":true,"href":"https:\/\/arriendo.com\/co\/wp-json\/wp\/v2\/es_neighborhoods?post=188342"},{"taxonomy":"es_tag","embeddable":true,"href":"https:\/\/arriendo.com\/co\/wp-json\/wp\/v2\/es_tags?post=188342"}],"curies":[{"name":"wp","href":"https:\/\/api.w.org\/{rel}","templated":true}]}}

<p>Casa ubicada en la plaza central de Facatativá, ideal para hotel o negocio, con un área total de 1.450 m2, distribuidos así: primer piso área 1.000 m2,   Segundo piso 450 m2, &nbsp;pisos en cerámica,&nbsp;batería de baños,&nbsp;multiusos, todos los servicios, en el marco de la plaza principal de Facatativá.</p>

Casa ubicada en la plaza central de Facatativá, ideal para...
