{"id":160650,"date":"2025-10-06T15:43:07","date_gmt":"2025-10-06T20:43:07","guid":{"rendered":"https:\/\/arriendo.com\/co\/%es_type%\/medellin\/aranjuez\/AR-0\/"},"modified":"2025-11-11T07:43:25","modified_gmt":"2025-11-11T12:43:25","slug":"ar-160650","status":"publish","type":"properties","link":"https:\/\/arriendo.com\/co\/locales\/medellin\/aranjuez\/ar-160650\/","title":{"rendered":"Local comercial en arriendo en Medell\u00edn Aranjuez"},"content":{"rendered":"<article class=\"text-token-text-primary w-full focus:outline-none [--shadow-height:45px] has-data-writing-block:pointer-events-none has-data-writing-block:-mt-(--shadow-height) has-data-writing-block:pt-(--shadow-height) [&amp;:has([data-writing-block])&gt;*]:pointer-events-auto [content-visibility:auto] supports-[content-visibility:auto]:[contain-intrinsic-size:auto_100lvh] scroll-mt-[calc(var(--header-height)+min(200px,max(70px,20svh)))]\" dir=\"auto\" data-turn-id=\"request-69124e20-2518-8326-98eb-e2b2d7e58022-0\" data-testid=\"conversation-turn-8\" data-scroll-anchor=\"true\" data-turn=\"assistant\">\n<div class=\"text-base my-auto mx-auto pb-10 [--thread-content-margin:--spacing(4)] thread-sm:[--thread-content-margin:--spacing(6)] thread-lg:[--thread-content-margin:--spacing(16)] px-(--thread-content-margin)\">\n<div class=\"[--thread-content-max-width:40rem] thread-lg:[--thread-content-max-width:48rem] mx-auto max-w-(--thread-content-max-width) flex-1 group\/turn-messages focus-visible:outline-hidden relative flex w-full min-w-0 flex-col agent-turn\">\n<div class=\"flex max-w-full flex-col grow\">\n<div class=\"min-h-8 text-message relative flex w-full flex-col items-end gap-2 text-start break-words whitespace-normal [.text-message+&amp;]:mt-1\" dir=\"auto\" data-message-author-role=\"assistant\" data-message-id=\"1ecbba26-b7fa-46ff-bb8e-1a6c4a562d2c\" data-message-model-slug=\"gpt-5\">\n<div class=\"flex w-full flex-col gap-1 empty:hidden first:pt-[1px]\">\n<div class=\"markdown prose dark:prose-invert w-full break-words light markdown-new-styling\">\n<p data-start=\"65\" data-end=\"409\">Haz que tu negocio crezca en uno de los puntos m\u00e1s estrat\u00e9gicos de la ciudad con este <strong>local comercial en arriendo en Medell\u00edn<\/strong>, un espacio vers\u00e1til, moderno y con excelente proyecci\u00f3n. Su ubicaci\u00f3n privilegiada, en una zona de alto flujo peatonal y vehicular, garantiza la visibilidad y el acceso que toda marca necesita para destacar.<\/p>\n<p data-start=\"411\" data-end=\"888\">Con 70 m\u00b2 de \u00e1rea total, este local ofrece una distribuci\u00f3n funcional que combina practicidad y comodidad. Su dise\u00f1o incluye una alcoba y un ba\u00f1o, lo que permite adaptarlo tanto a fines comerciales como residenciales, ideal para quienes buscan un espacio que integre trabajo y vivienda. La infraestructura se encuentra en excelente estado, con todos los servicios b\u00e1sicos en funcionamiento y acabados en cer\u00e1mica o m\u00e1rmol, que aportan elegancia y durabilidad.<\/p>\n<p data-start=\"890\" data-end=\"1296\">El interior se caracteriza por su amplia iluminaci\u00f3n natural y una vista panor\u00e1mica que genera un ambiente agradable y profesional. Adem\u00e1s, cuenta con \u00e1rea de lavander\u00eda y una sala de usos m\u00faltiples, perfecta para reuniones, capacitaciones o actividades empresariales. Este<strong> local<\/strong> tambi\u00e9n es <strong>pet-friendly<\/strong>, lo que abre la puerta a negocios con enfoque familiar o de atenci\u00f3n a mascotas.<\/p>\n<p data-start=\"1298\" data-end=\"1641\">El edificio ofrece <strong>acceso para personas con discapacidad<\/strong>, garantizando comodidad y accesibilidad para todos los visitantes. En el entorno, encontrar\u00e1s centros comerciales, universidades, colegios y zonas residenciales, lo que potencia el flujo constante de clientes y asegura una ubicaci\u00f3n estrat\u00e9gica para cualquier tipo de negocio<\/p>\n<p data-start=\"2028\" data-end=\"2408\">Este local comercial en arriendo en Medell\u00edn representa una oportunidad ideal para emprendedores o empresas que buscan consolidar su presencia en una de las ciudades m\u00e1s din\u00e1micas y competitivas de Colombia. Su combinaci\u00f3n de ubicaci\u00f3n estrat\u00e9gica, amplitud y funcionalidad lo convierten en el espacio perfecto para iniciar o expandir tu proyecto con confianza y estilo.<\/p>\n<\/div>\n<\/div>\n<\/div>\n<\/div>\n<div class=\"mt-3 w-full empty:hidden\">\n<div class=\"text-center\"><\/div>\n<\/div>\n<\/div>\n<\/div>\n<\/article>\n<div class=\"pointer-events-none h-px w-px\" aria-hidden=\"true\" data-edge=\"true\"><\/div>\n","protected":false},"excerpt":{"rendered":"Haz que tu negocio crezca en uno de los puntos...","protected":false},"author":833,"featured_media":160652,"template":"","es_locations":[79,641,418,305],"es_categories":[124],"es_types":[117],"es_rent_periods":[],"es_labels":[2090],"es_statuses":[],"es_parkings":[],"es_roofs":[],"es_exterior_materials":[],"es_basements":[],"es_floor_coverings":[],"es_features":[],"es_amenities":[],"es_neighborhoods":[],"es_tags":[],"class_list":["post-160650","properties","type-properties","status-publish","has-post-thumbnail","hentry","es_location-antioquia","es_location-aranjuez","es_location-colombia","es_location-medellin","es_category-arriendo","es_type-locales","es_label-arrendado","es-post-entity"],"_links":{"self":[{"href":"https:\/\/arriendo.com\/co\/wp-json\/wp\/v2\/properties\/160650","targetHints":{"allow":["GET"]}}],"collection":[{"href":"https:\/\/arriendo.com\/co\/wp-json\/wp\/v2\/properties"}],"about":[{"href":"https:\/\/arriendo.com\/co\/wp-json\/wp\/v2\/types\/properties"}],"author":[{"embeddable":true,"href":"https:\/\/arriendo.com\/co\/wp-json\/wp\/v2\/users\/833"}],"version-history":[{"count":0,"href":"https:\/\/arriendo.com\/co\/wp-json\/wp\/v2\/properties\/160650\/revisions"}],"wp:featuredmedia":[{"embeddable":true,"href":"https:\/\/arriendo.com\/co\/wp-json\/wp\/v2\/media\/160652"}],"wp:attachment":[{"href":"https:\/\/arriendo.com\/co\/wp-json\/wp\/v2\/media?parent=160650"}],"wp:term":[{"taxonomy":"es_location","embeddable":true,"href":"https:\/\/arriendo.com\/co\/wp-json\/wp\/v2\/es_locations?post=160650"},{"taxonomy":"es_category","embeddable":true,"href":"https:\/\/arriendo.com\/co\/wp-json\/wp\/v2\/es_categories?post=160650"},{"taxonomy":"es_type","embeddable":true,"href":"https:\/\/arriendo.com\/co\/wp-json\/wp\/v2\/es_types?post=160650"},{"taxonomy":"es_rent_period","embeddable":true,"href":"https:\/\/arriendo.com\/co\/wp-json\/wp\/v2\/es_rent_periods?post=160650"},{"taxonomy":"es_label","embeddable":true,"href":"https:\/\/arriendo.com\/co\/wp-json\/wp\/v2\/es_labels?post=160650"},{"taxonomy":"es_status","embeddable":true,"href":"https:\/\/arriendo.com\/co\/wp-json\/wp\/v2\/es_statuses?post=160650"},{"taxonomy":"es_parking","embeddable":true,"href":"https:\/\/arriendo.com\/co\/wp-json\/wp\/v2\/es_parkings?post=160650"},{"taxonomy":"es_roof","embeddable":true,"href":"https:\/\/arriendo.com\/co\/wp-json\/wp\/v2\/es_roofs?post=160650"},{"taxonomy":"es_exterior_material","embeddable":true,"href":"https:\/\/arriendo.com\/co\/wp-json\/wp\/v2\/es_exterior_materials?post=160650"},{"taxonomy":"es_basement","embeddable":true,"href":"https:\/\/arriendo.com\/co\/wp-json\/wp\/v2\/es_basements?post=160650"},{"taxonomy":"es_floor_covering","embeddable":true,"href":"https:\/\/arriendo.com\/co\/wp-json\/wp\/v2\/es_floor_coverings?post=160650"},{"taxonomy":"es_feature","embeddable":true,"href":"https:\/\/arriendo.com\/co\/wp-json\/wp\/v2\/es_features?post=160650"},{"taxonomy":"es_amenity","embeddable":true,"href":"https:\/\/arriendo.com\/co\/wp-json\/wp\/v2\/es_amenities?post=160650"},{"taxonomy":"es_neighborhood","embeddable":true,"href":"https:\/\/arriendo.com\/co\/wp-json\/wp\/v2\/es_neighborhoods?post=160650"},{"taxonomy":"es_tag","embeddable":true,"href":"https:\/\/arriendo.com\/co\/wp-json\/wp\/v2\/es_tags?post=160650"}],"curies":[{"name":"wp","href":"https:\/\/api.w.org\/{rel}","templated":true}]}}

Local comercial en arriendo en Medellín Aranjuez

<article class="text-token-text-primary w-full focus:outline-none [--shadow-height:45px] has-data-writing-block:pointer-events-none has-data-writing-block:-mt-(--shadow-height) has-data-writing-block:pt-(--shadow-height) [&amp;:has([data-writing-block])&gt;*]:pointer-events-auto [content-visibility:auto] supports-[content-visibility:auto]:[contain-intrinsic-size:auto_100lvh] scroll-mt-[calc(var(--header-height)+min(200px,max(70px,20svh)))]" dir="auto" data-turn-id="request-69124e20-2518-8326-98eb-e2b2d7e58022-0" data-testid="conversation-turn-8" data-scroll-anchor="true" data-turn="assistant">
<div class="text-base my-auto mx-auto pb-10 [--thread-content-margin:--spacing(4)] thread-sm:[--thread-content-margin:--spacing(6)] thread-lg:[--thread-content-margin:--spacing(16)] px-(--thread-content-margin)">
<div class="[--thread-content-max-width:40rem] thread-lg:[--thread-content-max-width:48rem] mx-auto max-w-(--thread-content-max-width) flex-1 group/turn-messages focus-visible:outline-hidden relative flex w-full min-w-0 flex-col agent-turn">
<div class="flex max-w-full flex-col grow">
<div class="min-h-8 text-message relative flex w-full flex-col items-end gap-2 text-start break-words whitespace-normal [.text-message+&amp;]:mt-1" dir="auto" data-message-author-role="assistant" data-message-id="1ecbba26-b7fa-46ff-bb8e-1a6c4a562d2c" data-message-model-slug="gpt-5">
<div class="flex w-full flex-col gap-1 empty:hidden first:pt-[1px]">
<div class="markdown prose dark:prose-invert w-full break-words light markdown-new-styling">
<p data-start="65" data-end="409">Haz que tu negocio crezca en uno de los puntos más estratégicos de la ciudad con este <strong>local comercial en arriendo en Medellín</strong>, un espacio versátil, moderno y con excelente proyección. Su ubicación privilegiada, en una zona de alto flujo peatonal y vehicular, garantiza la visibilidad y el acceso que toda marca necesita para destacar.</p>
<p data-start="411" data-end="888">Con 70 m² de área total, este local ofrece una distribución funcional que combina practicidad y comodidad. Su diseño incluye una alcoba y un baño, lo que permite adaptarlo tanto a fines comerciales como residenciales, ideal para quienes buscan un espacio que integre trabajo y vivienda. La infraestructura se encuentra en excelente estado, con todos los servicios básicos en funcionamiento y acabados en cerámica o mármol, que aportan elegancia y durabilidad.</p>
<p data-start="890" data-end="1296">El interior se caracteriza por su amplia iluminación natural y una vista panorámica que genera un ambiente agradable y profesional. Además, cuenta con área de lavandería y una sala de usos múltiples, perfecta para reuniones, capacitaciones o actividades empresariales. Este<strong> local</strong> también es <strong>pet-friendly</strong>, lo que abre la puerta a negocios con enfoque familiar o de atención a mascotas.</p>
<p data-start="1298" data-end="1641">El edificio ofrece <strong>acceso para personas con discapacidad</strong>, garantizando comodidad y accesibilidad para todos los visitantes. En el entorno, encontrarás centros comerciales, universidades, colegios y zonas residenciales, lo que potencia el flujo constante de clientes y asegura una ubicación estratégica para cualquier tipo de negocio</p>
<p data-start="2028" data-end="2408">Este local comercial en arriendo en Medellín representa una oportunidad ideal para emprendedores o empresas que buscan consolidar su presencia en una de las ciudades más dinámicas y competitivas de Colombia. Su combinación de ubicación estratégica, amplitud y funcionalidad lo convierten en el espacio perfecto para iniciar o expandir tu proyecto con confianza y estilo.</p>
</div>
</div>
</div>
</div>
<div class="mt-3 w-full empty:hidden">
<div class="text-center"></div>
</div>
</div>
</div>
</article>
<div class="pointer-events-none h-px w-px" aria-hidden="true" data-edge="true"></div>
