{"id":159398,"date":"2025-10-06T10:22:13","date_gmt":"2025-10-06T15:22:13","guid":{"rendered":"https:\/\/arriendo.com\/co\/%es_type%\/\/%neighborhood%\/AR-0\/"},"modified":"2025-10-06T10:22:13","modified_gmt":"2025-10-06T15:22:13","slug":"ar-159398","status":"publish","type":"properties","link":"https:\/\/arriendo.com\/co\/apartamentos\/medellin\/poblado\/ar-159398\/","title":{"rendered":"Apartamento Los Balsos, Poblado 93m2"},"content":{"rendered":"<p>Apartamento en arriendo, Los Balsos, Poblado, detr\u00e1s el Centro Comercial Santaf\u00e9.<br \/>\n\u00c1rea Total: 93 m2<br \/>\nSala, comedor y cuarto de estar.<\/p>\n<p>Habitaciones: 3 Ba\u00f1os: 2 Habitaci\u00f3n principal con ba\u00f1o y vestier.<\/p>\n<p>Parqueadero en s\u00f3tano individual.<\/p>\n<p>Cocina Integral con lavavajillas.<\/p>\n<p>Unidad cerrada con piscina, turco, sauna, jacuzzi, gimnasio, cancha multijuegos, cancha squash, juegos infantiles, zonas verdes. Vigilancia 24 horas. Ascensor.<\/p>\n<p>Arriendo directo con due\u00f1o<br \/>\n5. 000. 000\/mes, admon incluida<br \/>\nCel 314.890.2652<\/p>\n","protected":false},"excerpt":{"rendered":"Apartamento en arriendo, Los Balsos, Poblado, detr\u00e1s el Centro Comercial...","protected":false},"author":4938,"featured_media":0,"template":"","es_locations":[79,418,308,305,489],"es_categories":[124],"es_types":[114],"es_rent_periods":[],"es_labels":[],"es_statuses":[126],"es_parkings":[],"es_roofs":[],"es_exterior_materials":[],"es_basements":[],"es_floor_coverings":[],"es_features":[131,132,136,145],"es_amenities":[153,154,155,156,157,158,159,160,161],"es_neighborhoods":[],"es_tags":[],"class_list":["post-159398","properties","type-properties","status-publish","hentry","es_location-antioquia","es_location-colombia","es_location-el-poblado","es_location-medellin","es_location-poblado","es_category-arriendo","es_type-apartamentos","es_status-usado","es_feature-ascensor","es_feature-balcon","es_feature-estudio","es_feature-instalacion-de-gas","es_amenity-conjunto-cerrado","es_amenity-gimnasio","es_amenity-parqueadero-cubierto","es_amenity-parqueadero-visitantes","es_amenity-piscina","es_amenity-porteria-recepcion","es_amenity-salon-comunal","es_amenity-seguridad-cctv","es_amenity-vigilancia-24-7","es-post-entity"],"_links":{"self":[{"href":"https:\/\/arriendo.com\/co\/wp-json\/wp\/v2\/properties\/159398","targetHints":{"allow":["GET"]}}],"collection":[{"href":"https:\/\/arriendo.com\/co\/wp-json\/wp\/v2\/properties"}],"about":[{"href":"https:\/\/arriendo.com\/co\/wp-json\/wp\/v2\/types\/properties"}],"author":[{"embeddable":true,"href":"https:\/\/arriendo.com\/co\/wp-json\/wp\/v2\/users\/4938"}],"version-history":[{"count":0,"href":"https:\/\/arriendo.com\/co\/wp-json\/wp\/v2\/properties\/159398\/revisions"}],"wp:attachment":[{"href":"https:\/\/arriendo.com\/co\/wp-json\/wp\/v2\/media?parent=159398"}],"wp:term":[{"taxonomy":"es_location","embeddable":true,"href":"https:\/\/arriendo.com\/co\/wp-json\/wp\/v2\/es_locations?post=159398"},{"taxonomy":"es_category","embeddable":true,"href":"https:\/\/arriendo.com\/co\/wp-json\/wp\/v2\/es_categories?post=159398"},{"taxonomy":"es_type","embeddable":true,"href":"https:\/\/arriendo.com\/co\/wp-json\/wp\/v2\/es_types?post=159398"},{"taxonomy":"es_rent_period","embeddable":true,"href":"https:\/\/arriendo.com\/co\/wp-json\/wp\/v2\/es_rent_periods?post=159398"},{"taxonomy":"es_label","embeddable":true,"href":"https:\/\/arriendo.com\/co\/wp-json\/wp\/v2\/es_labels?post=159398"},{"taxonomy":"es_status","embeddable":true,"href":"https:\/\/arriendo.com\/co\/wp-json\/wp\/v2\/es_statuses?post=159398"},{"taxonomy":"es_parking","embeddable":true,"href":"https:\/\/arriendo.com\/co\/wp-json\/wp\/v2\/es_parkings?post=159398"},{"taxonomy":"es_roof","embeddable":true,"href":"https:\/\/arriendo.com\/co\/wp-json\/wp\/v2\/es_roofs?post=159398"},{"taxonomy":"es_exterior_material","embeddable":true,"href":"https:\/\/arriendo.com\/co\/wp-json\/wp\/v2\/es_exterior_materials?post=159398"},{"taxonomy":"es_basement","embeddable":true,"href":"https:\/\/arriendo.com\/co\/wp-json\/wp\/v2\/es_basements?post=159398"},{"taxonomy":"es_floor_covering","embeddable":true,"href":"https:\/\/arriendo.com\/co\/wp-json\/wp\/v2\/es_floor_coverings?post=159398"},{"taxonomy":"es_feature","embeddable":true,"href":"https:\/\/arriendo.com\/co\/wp-json\/wp\/v2\/es_features?post=159398"},{"taxonomy":"es_amenity","embeddable":true,"href":"https:\/\/arriendo.com\/co\/wp-json\/wp\/v2\/es_amenities?post=159398"},{"taxonomy":"es_neighborhood","embeddable":true,"href":"https:\/\/arriendo.com\/co\/wp-json\/wp\/v2\/es_neighborhoods?post=159398"},{"taxonomy":"es_tag","embeddable":true,"href":"https:\/\/arriendo.com\/co\/wp-json\/wp\/v2\/es_tags?post=159398"}],"curies":[{"name":"wp","href":"https:\/\/api.w.org\/{rel}","templated":true}]}}

<p>Apartamento en arriendo, Los Balsos, Poblado, detrás el Centro Comercial Santafé.<br />
Área Total: 93 m2<br />
Sala, comedor y cuarto de estar.</p>
<p>Habitaciones: 3 Baños: 2 Habitación principal con baño y vestier.</p>
<p>Parqueadero en sótano individual.</p>
<p>Cocina Integral con lavavajillas.</p>
<p>Unidad cerrada con piscina, turco, sauna, jacuzzi, gimnasio, cancha multijuegos, cancha squash, juegos infantiles, zonas verdes. Vigilancia 24 horas. Ascensor.</p>
<p>Arriendo directo con dueño<br />
5. 000. 000/mes, admon incluida<br />
Cel 314.890.2652</p>

Apartamento en arriendo, Los Balsos, Poblado, detrás el Centro Comercial...
