{"id":151415,"date":"2025-09-16T17:16:24","date_gmt":"2025-09-16T22:16:24","guid":{"rendered":"https:\/\/arriendo.com\/co\/%es_type%\/\/%neighborhood%\/AR-0\/"},"modified":"2025-09-16T17:16:24","modified_gmt":"2025-09-16T22:16:24","slug":"ar-151415","status":"publish","type":"properties","link":"https:\/\/arriendo.com\/co\/apartamentos\/tunja\/centro-historico\/ar-151415\/","title":{"rendered":"Apartamento centrico en tunja amplio e iluminado"},"content":{"rendered":"<p>Apartamento a 3 cuadras de la Plaza de Bol\u00edvar de Tunja. Estrato 3. Administraci\u00f3n incluida. Gas natural, servicios independientes. Iluminaci\u00f3n y ventilaci\u00f3n natural<\/p>\n","protected":false},"excerpt":{"rendered":"Apartamento a 3 cuadras de la Plaza de Bol\u00edvar de...","protected":false},"author":4422,"featured_media":151402,"template":"","es_locations":[83,969,418,394],"es_categories":[124],"es_types":[114],"es_rent_periods":[],"es_labels":[51],"es_statuses":[126],"es_parkings":[],"es_roofs":[],"es_exterior_materials":[],"es_basements":[],"es_floor_coverings":[],"es_features":[133,145,143,144],"es_amenities":[],"es_neighborhoods":[],"es_tags":[],"class_list":["post-151415","properties","type-properties","status-publish","has-post-thumbnail","hentry","es_location-boyaca","es_location-centro-historico","es_location-colombia","es_location-tunja","es_category-arriendo","es_type-apartamentos","es_label-featured","es_status-usado","es_feature-citofono","es_feature-instalacion-de-gas","es_feature-terraza","es_feature-vista-panoramica","es-post-entity"],"_links":{"self":[{"href":"https:\/\/arriendo.com\/co\/wp-json\/wp\/v2\/properties\/151415","targetHints":{"allow":["GET"]}}],"collection":[{"href":"https:\/\/arriendo.com\/co\/wp-json\/wp\/v2\/properties"}],"about":[{"href":"https:\/\/arriendo.com\/co\/wp-json\/wp\/v2\/types\/properties"}],"author":[{"embeddable":true,"href":"https:\/\/arriendo.com\/co\/wp-json\/wp\/v2\/users\/4422"}],"version-history":[{"count":0,"href":"https:\/\/arriendo.com\/co\/wp-json\/wp\/v2\/properties\/151415\/revisions"}],"wp:featuredmedia":[{"embeddable":true,"href":"https:\/\/arriendo.com\/co\/wp-json\/wp\/v2\/media\/151402"}],"wp:attachment":[{"href":"https:\/\/arriendo.com\/co\/wp-json\/wp\/v2\/media?parent=151415"}],"wp:term":[{"taxonomy":"es_location","embeddable":true,"href":"https:\/\/arriendo.com\/co\/wp-json\/wp\/v2\/es_locations?post=151415"},{"taxonomy":"es_category","embeddable":true,"href":"https:\/\/arriendo.com\/co\/wp-json\/wp\/v2\/es_categories?post=151415"},{"taxonomy":"es_type","embeddable":true,"href":"https:\/\/arriendo.com\/co\/wp-json\/wp\/v2\/es_types?post=151415"},{"taxonomy":"es_rent_period","embeddable":true,"href":"https:\/\/arriendo.com\/co\/wp-json\/wp\/v2\/es_rent_periods?post=151415"},{"taxonomy":"es_label","embeddable":true,"href":"https:\/\/arriendo.com\/co\/wp-json\/wp\/v2\/es_labels?post=151415"},{"taxonomy":"es_status","embeddable":true,"href":"https:\/\/arriendo.com\/co\/wp-json\/wp\/v2\/es_statuses?post=151415"},{"taxonomy":"es_parking","embeddable":true,"href":"https:\/\/arriendo.com\/co\/wp-json\/wp\/v2\/es_parkings?post=151415"},{"taxonomy":"es_roof","embeddable":true,"href":"https:\/\/arriendo.com\/co\/wp-json\/wp\/v2\/es_roofs?post=151415"},{"taxonomy":"es_exterior_material","embeddable":true,"href":"https:\/\/arriendo.com\/co\/wp-json\/wp\/v2\/es_exterior_materials?post=151415"},{"taxonomy":"es_basement","embeddable":true,"href":"https:\/\/arriendo.com\/co\/wp-json\/wp\/v2\/es_basements?post=151415"},{"taxonomy":"es_floor_covering","embeddable":true,"href":"https:\/\/arriendo.com\/co\/wp-json\/wp\/v2\/es_floor_coverings?post=151415"},{"taxonomy":"es_feature","embeddable":true,"href":"https:\/\/arriendo.com\/co\/wp-json\/wp\/v2\/es_features?post=151415"},{"taxonomy":"es_amenity","embeddable":true,"href":"https:\/\/arriendo.com\/co\/wp-json\/wp\/v2\/es_amenities?post=151415"},{"taxonomy":"es_neighborhood","embeddable":true,"href":"https:\/\/arriendo.com\/co\/wp-json\/wp\/v2\/es_neighborhoods?post=151415"},{"taxonomy":"es_tag","embeddable":true,"href":"https:\/\/arriendo.com\/co\/wp-json\/wp\/v2\/es_tags?post=151415"}],"curies":[{"name":"wp","href":"https:\/\/api.w.org\/{rel}","templated":true}]}}

<p>Apartamento a 3 cuadras de la Plaza de Bolívar de Tunja. Estrato 3. Administración incluida. Gas natural, servicios independientes. Iluminación y ventilación natural</p>

Apartamento a 3 cuadras de la Plaza de Bolívar de...
