{"id":15066,"date":"2024-10-29T21:17:31","date_gmt":"2024-10-30T02:17:31","guid":{"rendered":"https:\/\/arriendo.com\/co\/%es_type%\/cota\/rural\/vqw1Wu5H0\/"},"modified":"2025-03-19T11:54:16","modified_gmt":"2025-03-19T16:54:16","slug":"ar-15066","status":"publish","type":"properties","link":"https:\/\/arriendo.com\/co\/casas\/vda-el-abra\/vereda-el-abra\/ar-15066\/","title":{"rendered":"Casa Campestre Arriendo Cota $ 1.800.000"},"content":{"rendered":"<p>Casa Campestre Arriendo Cota $ 1.800.000 Primer Nivel: Sala comedor con chimenea, cocina, zona de lavander\u00eda, ba\u00f1o social. Segundo Nivel: habitaci\u00f3n auxiliar, estudio, ba\u00f1o, habitaci\u00f3n principal con ba\u00f1o privado. Parqueadero NO Tiene gas natural (Funciona con GAS de Pipeta) No mascotas \u00c1rea Construida 180m2 Valor Canon $ 1.800.000 Cita previa<\/p>\n","protected":false},"excerpt":{"rendered":"Casa Campestre Arriendo Cota $ 1.800.000 Primer Nivel: Sala comedor...","protected":false},"author":662,"featured_media":15067,"template":"","es_locations":[418,540,91,590],"es_categories":[124],"es_types":[115],"es_rent_periods":[],"es_labels":[],"es_statuses":[],"es_parkings":[],"es_roofs":[],"es_exterior_materials":[],"es_basements":[],"es_floor_coverings":[],"es_features":[],"es_amenities":[],"es_neighborhoods":[],"es_tags":[],"class_list":["post-15066","properties","type-properties","status-publish","has-post-thumbnail","hentry","es_location-colombia","es_location-cota","es_location-cundinamarca","es_location-vereda-el-abra","es_category-arriendo","es_type-casas","es-post-entity"],"_links":{"self":[{"href":"https:\/\/arriendo.com\/co\/wp-json\/wp\/v2\/properties\/15066","targetHints":{"allow":["GET"]}}],"collection":[{"href":"https:\/\/arriendo.com\/co\/wp-json\/wp\/v2\/properties"}],"about":[{"href":"https:\/\/arriendo.com\/co\/wp-json\/wp\/v2\/types\/properties"}],"author":[{"embeddable":true,"href":"https:\/\/arriendo.com\/co\/wp-json\/wp\/v2\/users\/662"}],"version-history":[{"count":0,"href":"https:\/\/arriendo.com\/co\/wp-json\/wp\/v2\/properties\/15066\/revisions"}],"wp:featuredmedia":[{"embeddable":true,"href":"https:\/\/arriendo.com\/co\/wp-json\/wp\/v2\/media\/15067"}],"wp:attachment":[{"href":"https:\/\/arriendo.com\/co\/wp-json\/wp\/v2\/media?parent=15066"}],"wp:term":[{"taxonomy":"es_location","embeddable":true,"href":"https:\/\/arriendo.com\/co\/wp-json\/wp\/v2\/es_locations?post=15066"},{"taxonomy":"es_category","embeddable":true,"href":"https:\/\/arriendo.com\/co\/wp-json\/wp\/v2\/es_categories?post=15066"},{"taxonomy":"es_type","embeddable":true,"href":"https:\/\/arriendo.com\/co\/wp-json\/wp\/v2\/es_types?post=15066"},{"taxonomy":"es_rent_period","embeddable":true,"href":"https:\/\/arriendo.com\/co\/wp-json\/wp\/v2\/es_rent_periods?post=15066"},{"taxonomy":"es_label","embeddable":true,"href":"https:\/\/arriendo.com\/co\/wp-json\/wp\/v2\/es_labels?post=15066"},{"taxonomy":"es_status","embeddable":true,"href":"https:\/\/arriendo.com\/co\/wp-json\/wp\/v2\/es_statuses?post=15066"},{"taxonomy":"es_parking","embeddable":true,"href":"https:\/\/arriendo.com\/co\/wp-json\/wp\/v2\/es_parkings?post=15066"},{"taxonomy":"es_roof","embeddable":true,"href":"https:\/\/arriendo.com\/co\/wp-json\/wp\/v2\/es_roofs?post=15066"},{"taxonomy":"es_exterior_material","embeddable":true,"href":"https:\/\/arriendo.com\/co\/wp-json\/wp\/v2\/es_exterior_materials?post=15066"},{"taxonomy":"es_basement","embeddable":true,"href":"https:\/\/arriendo.com\/co\/wp-json\/wp\/v2\/es_basements?post=15066"},{"taxonomy":"es_floor_covering","embeddable":true,"href":"https:\/\/arriendo.com\/co\/wp-json\/wp\/v2\/es_floor_coverings?post=15066"},{"taxonomy":"es_feature","embeddable":true,"href":"https:\/\/arriendo.com\/co\/wp-json\/wp\/v2\/es_features?post=15066"},{"taxonomy":"es_amenity","embeddable":true,"href":"https:\/\/arriendo.com\/co\/wp-json\/wp\/v2\/es_amenities?post=15066"},{"taxonomy":"es_neighborhood","embeddable":true,"href":"https:\/\/arriendo.com\/co\/wp-json\/wp\/v2\/es_neighborhoods?post=15066"},{"taxonomy":"es_tag","embeddable":true,"href":"https:\/\/arriendo.com\/co\/wp-json\/wp\/v2\/es_tags?post=15066"}],"curies":[{"name":"wp","href":"https:\/\/api.w.org\/{rel}","templated":true}]}}

<p>Casa Campestre Arriendo Cota $ 1.800.000 Primer Nivel: Sala comedor con chimenea, cocina, zona de lavandería, baño social. Segundo Nivel: habitación auxiliar, estudio, baño, habitación principal con baño privado. Parqueadero NO Tiene gas natural (Funciona con GAS de Pipeta) No mascotas Área Construida 180m2 Valor Canon $ 1.800.000 Cita previa</p>
