{"id":146338,"date":"2025-09-03T10:02:35","date_gmt":"2025-09-03T15:02:35","guid":{"rendered":"https:\/\/arriendo.com\/co\/%es_type%\/rionegro\/\/AR-0\/"},"modified":"2025-10-24T11:56:26","modified_gmt":"2025-10-24T16:56:26","slug":"ar-146338","status":"publish","type":"properties","link":"https:\/\/arriendo.com\/co\/locales\/itagui\/fatima\/ar-146338\/","title":{"rendered":"Locales en Alquiler Rionegro"},"content":{"rendered":"<p>\u00bfBuscas un local para tu negocio en Rionegro, Antioquia? \u00a1Este es el lugar perfecto para ti! Ubicado en una zona estrat\u00e9gica de la ciudad, este local cuenta con un \u00e1rea total de 16 M2,\u00a0\u00a0lo que lo convierte en un espacio ideal para emprender cualquier tipo de negocio. En cuanto a sus caracter\u00edsticas internas, el local cuenta con una doble ventana que permite una excelente entrada de luz natural, lo que lo hace a\u00fan m\u00e1s atractivo para cualquier tipo de negocio.\u00a0 Pero sin duda, una de las mayores ventajas de este local es su ubicaci\u00f3n. Est\u00e1 situado sobre una v\u00eda principal y cuenta con transporte p\u00fablico cercano, lo que facilita el acceso y la movilidad, a pocas cuadras del parque,\u00a0lo que garantiza una alto y constante flujo de personas y un entorno din\u00e1mico y activo. Si tienes hijos en edad escolar o est\u00e1s buscando un espacio para tu negocio que est\u00e9 rodeado de un ambiente educativo, este local es perfecto para ti, brindando una excelente oportunidad para un negocio enfocado en este nicho. Por \u00faltimo, pero no menos importante, este local se encuentra en una zona comercial, lo que garantiza la actividad y dinamismo constante. \u00a1No pierdas la oportunidad de ubicar tu negocio en esta zona de Rionegro, llena de potencial y oportunidades!<\/p>\n","protected":false},"excerpt":{"rendered":"\u00bfBuscas un local para tu negocio en Rionegro, Antioquia? \u00a1Este...","protected":false},"author":4804,"featured_media":146340,"template":"","es_locations":[79,418,655,475],"es_categories":[124],"es_types":[117],"es_rent_periods":[],"es_labels":[],"es_statuses":[],"es_parkings":[],"es_roofs":[],"es_exterior_materials":[],"es_basements":[],"es_floor_coverings":[],"es_features":[],"es_amenities":[],"es_neighborhoods":[],"es_tags":[],"class_list":["post-146338","properties","type-properties","status-publish","has-post-thumbnail","hentry","es_location-antioquia","es_location-colombia","es_location-fatima","es_location-itagui","es_category-arriendo","es_type-locales","es-post-entity"],"_links":{"self":[{"href":"https:\/\/arriendo.com\/co\/wp-json\/wp\/v2\/properties\/146338","targetHints":{"allow":["GET"]}}],"collection":[{"href":"https:\/\/arriendo.com\/co\/wp-json\/wp\/v2\/properties"}],"about":[{"href":"https:\/\/arriendo.com\/co\/wp-json\/wp\/v2\/types\/properties"}],"author":[{"embeddable":true,"href":"https:\/\/arriendo.com\/co\/wp-json\/wp\/v2\/users\/4804"}],"version-history":[{"count":0,"href":"https:\/\/arriendo.com\/co\/wp-json\/wp\/v2\/properties\/146338\/revisions"}],"wp:featuredmedia":[{"embeddable":true,"href":"https:\/\/arriendo.com\/co\/wp-json\/wp\/v2\/media\/146340"}],"wp:attachment":[{"href":"https:\/\/arriendo.com\/co\/wp-json\/wp\/v2\/media?parent=146338"}],"wp:term":[{"taxonomy":"es_location","embeddable":true,"href":"https:\/\/arriendo.com\/co\/wp-json\/wp\/v2\/es_locations?post=146338"},{"taxonomy":"es_category","embeddable":true,"href":"https:\/\/arriendo.com\/co\/wp-json\/wp\/v2\/es_categories?post=146338"},{"taxonomy":"es_type","embeddable":true,"href":"https:\/\/arriendo.com\/co\/wp-json\/wp\/v2\/es_types?post=146338"},{"taxonomy":"es_rent_period","embeddable":true,"href":"https:\/\/arriendo.com\/co\/wp-json\/wp\/v2\/es_rent_periods?post=146338"},{"taxonomy":"es_label","embeddable":true,"href":"https:\/\/arriendo.com\/co\/wp-json\/wp\/v2\/es_labels?post=146338"},{"taxonomy":"es_status","embeddable":true,"href":"https:\/\/arriendo.com\/co\/wp-json\/wp\/v2\/es_statuses?post=146338"},{"taxonomy":"es_parking","embeddable":true,"href":"https:\/\/arriendo.com\/co\/wp-json\/wp\/v2\/es_parkings?post=146338"},{"taxonomy":"es_roof","embeddable":true,"href":"https:\/\/arriendo.com\/co\/wp-json\/wp\/v2\/es_roofs?post=146338"},{"taxonomy":"es_exterior_material","embeddable":true,"href":"https:\/\/arriendo.com\/co\/wp-json\/wp\/v2\/es_exterior_materials?post=146338"},{"taxonomy":"es_basement","embeddable":true,"href":"https:\/\/arriendo.com\/co\/wp-json\/wp\/v2\/es_basements?post=146338"},{"taxonomy":"es_floor_covering","embeddable":true,"href":"https:\/\/arriendo.com\/co\/wp-json\/wp\/v2\/es_floor_coverings?post=146338"},{"taxonomy":"es_feature","embeddable":true,"href":"https:\/\/arriendo.com\/co\/wp-json\/wp\/v2\/es_features?post=146338"},{"taxonomy":"es_amenity","embeddable":true,"href":"https:\/\/arriendo.com\/co\/wp-json\/wp\/v2\/es_amenities?post=146338"},{"taxonomy":"es_neighborhood","embeddable":true,"href":"https:\/\/arriendo.com\/co\/wp-json\/wp\/v2\/es_neighborhoods?post=146338"},{"taxonomy":"es_tag","embeddable":true,"href":"https:\/\/arriendo.com\/co\/wp-json\/wp\/v2\/es_tags?post=146338"}],"curies":[{"name":"wp","href":"https:\/\/api.w.org\/{rel}","templated":true}]}}

<p>¿Buscas un local para tu negocio en Rionegro, Antioquia? ¡Este es el lugar perfecto para ti! Ubicado en una zona estratégica de la ciudad, este local cuenta con un área total de 16 M2,  lo que lo convierte en un espacio ideal para emprender cualquier tipo de negocio. En cuanto a sus características internas, el local cuenta con una doble ventana que permite una excelente entrada de luz natural, lo que lo hace aún más atractivo para cualquier tipo de negocio.  Pero sin duda, una de las mayores ventajas de este local es su ubicación. Está situado sobre una vía principal y cuenta con transporte público cercano, lo que facilita el acceso y la movilidad, a pocas cuadras del parque, lo que garantiza una alto y constante flujo de personas y un entorno dinámico y activo. Si tienes hijos en edad escolar o estás buscando un espacio para tu negocio que esté rodeado de un ambiente educativo, este local es perfecto para ti, brindando una excelente oportunidad para un negocio enfocado en este nicho. Por último, pero no menos importante, este local se encuentra en una zona comercial, lo que garantiza la actividad y dinamismo constante. ¡No pierdas la oportunidad de ubicar tu negocio en esta zona de Rionegro, llena de potencial y oportunidades!</p>
