{"id":1245,"date":"2024-07-16T12:09:08","date_gmt":"2024-07-16T17:09:08","guid":{"rendered":"https:\/\/arriendo.com\/co\/%es_type%\/\/\/vqw1Wu5H0\/"},"modified":"2024-09-05T08:45:38","modified_gmt":"2024-09-05T13:45:38","slug":"ar-1245","status":"publish","type":"properties","link":"https:\/\/arriendo.com\/co\/oficinas\/bogota\/cedro-salazar\/ar-1245\/","title":{"rendered":"Arriendo Oficina Centro Comercial Show Place 147"},"content":{"rendered":"<p><span class=\"TextRun SCXW193937329 BCX0\" lang=\"ES-CO\" xml:lang=\"ES-CO\" data-contrast=\"auto\"><span class=\"NormalTextRun AdvancedProofingIssueV2Themed SCXW193937329 BCX0\" data-ccp-parastyle=\"No Spacing\">Show<\/span><span class=\"NormalTextRun SCXW193937329 BCX0\" data-ccp-parastyle=\"No Spacing\">\u00a0Place Centro Comercial tradicional de la zona norte de Bogot\u00e1, ubicado en una zona estrat\u00e9gica de Cedritos, es un lugar donde toda la familia puede vivir experiencias \u00fanicas y encontrar una oferta variada en comercio. Su dise\u00f1o y arquitectura genera un ambiente c\u00e1lido, acogedor y familiar. Cuenta con una afluencia constante de personas de niveles socio econ\u00f3micos 4, 5 y 6. Adicionalmente, encontrar\u00e1s marcas reconocidas como Carulla,\u00a0<\/span><span class=\"NormalTextRun SpellingErrorV2Themed SCXW193937329 BCX0\" data-ccp-parastyle=\"No Spacing\">BodyTech<\/span><span class=\"NormalTextRun SCXW193937329 BCX0\" data-ccp-parastyle=\"No Spacing\">,\u00a0<\/span><span class=\"NormalTextRun AdvancedProofingIssueV2Themed SCXW193937329 BCX0\" data-ccp-parastyle=\"No Spacing\">Show<\/span><span class=\"NormalTextRun SCXW193937329 BCX0\" data-ccp-parastyle=\"No Spacing\">\u00a0Place y\u00a0<\/span><span class=\"NormalTextRun SpellingErrorV2Themed SCXW193937329 BCX0\" data-ccp-parastyle=\"No Spacing\">Jardin<\/span><span class=\"NormalTextRun SCXW193937329 BCX0\" data-ccp-parastyle=\"No Spacing\">\u00a0Infantil Paco y\u00a0<\/span><span class=\"NormalTextRun SpellingErrorV2Themed SCXW193937329 BCX0\" data-ccp-parastyle=\"No Spacing\">Tutti<\/span><span class=\"NormalTextRun SCXW193937329 BCX0\" data-ccp-parastyle=\"No Spacing\">.<\/span><\/span><span class=\"EOP SCXW193937329 BCX0\" data-ccp-props=\"{&quot;201341983&quot;:0,&quot;335551550&quot;:6,&quot;335551620&quot;:6,&quot;335559739&quot;:0,&quot;335559740&quot;:240}\">\u00a0<\/span><\/p>\n","protected":false},"excerpt":{"rendered":"Show\u00a0Place Centro Comercial tradicional de la zona norte de Bogot\u00e1,...","protected":false},"author":39,"featured_media":1238,"template":"","es_locations":[110,418,271,192],"es_categories":[124],"es_types":[116],"es_rent_periods":[],"es_labels":[51],"es_statuses":[126],"es_parkings":[],"es_roofs":[],"es_exterior_materials":[],"es_basements":[],"es_floor_coverings":[],"es_features":[],"es_amenities":[],"es_neighborhoods":[],"es_tags":[],"class_list":["post-1245","properties","type-properties","status-publish","has-post-thumbnail","hentry","es_location-bogota","es_location-colombia","es_location-kalima","es_location-usaquen","es_category-arriendo","es_type-oficinas","es_label-featured","es_status-usado","es-post-entity"],"_links":{"self":[{"href":"https:\/\/arriendo.com\/co\/wp-json\/wp\/v2\/properties\/1245","targetHints":{"allow":["GET"]}}],"collection":[{"href":"https:\/\/arriendo.com\/co\/wp-json\/wp\/v2\/properties"}],"about":[{"href":"https:\/\/arriendo.com\/co\/wp-json\/wp\/v2\/types\/properties"}],"author":[{"embeddable":true,"href":"https:\/\/arriendo.com\/co\/wp-json\/wp\/v2\/users\/39"}],"version-history":[{"count":0,"href":"https:\/\/arriendo.com\/co\/wp-json\/wp\/v2\/properties\/1245\/revisions"}],"wp:featuredmedia":[{"embeddable":true,"href":"https:\/\/arriendo.com\/co\/wp-json\/wp\/v2\/media\/1238"}],"wp:attachment":[{"href":"https:\/\/arriendo.com\/co\/wp-json\/wp\/v2\/media?parent=1245"}],"wp:term":[{"taxonomy":"es_location","embeddable":true,"href":"https:\/\/arriendo.com\/co\/wp-json\/wp\/v2\/es_locations?post=1245"},{"taxonomy":"es_category","embeddable":true,"href":"https:\/\/arriendo.com\/co\/wp-json\/wp\/v2\/es_categories?post=1245"},{"taxonomy":"es_type","embeddable":true,"href":"https:\/\/arriendo.com\/co\/wp-json\/wp\/v2\/es_types?post=1245"},{"taxonomy":"es_rent_period","embeddable":true,"href":"https:\/\/arriendo.com\/co\/wp-json\/wp\/v2\/es_rent_periods?post=1245"},{"taxonomy":"es_label","embeddable":true,"href":"https:\/\/arriendo.com\/co\/wp-json\/wp\/v2\/es_labels?post=1245"},{"taxonomy":"es_status","embeddable":true,"href":"https:\/\/arriendo.com\/co\/wp-json\/wp\/v2\/es_statuses?post=1245"},{"taxonomy":"es_parking","embeddable":true,"href":"https:\/\/arriendo.com\/co\/wp-json\/wp\/v2\/es_parkings?post=1245"},{"taxonomy":"es_roof","embeddable":true,"href":"https:\/\/arriendo.com\/co\/wp-json\/wp\/v2\/es_roofs?post=1245"},{"taxonomy":"es_exterior_material","embeddable":true,"href":"https:\/\/arriendo.com\/co\/wp-json\/wp\/v2\/es_exterior_materials?post=1245"},{"taxonomy":"es_basement","embeddable":true,"href":"https:\/\/arriendo.com\/co\/wp-json\/wp\/v2\/es_basements?post=1245"},{"taxonomy":"es_floor_covering","embeddable":true,"href":"https:\/\/arriendo.com\/co\/wp-json\/wp\/v2\/es_floor_coverings?post=1245"},{"taxonomy":"es_feature","embeddable":true,"href":"https:\/\/arriendo.com\/co\/wp-json\/wp\/v2\/es_features?post=1245"},{"taxonomy":"es_amenity","embeddable":true,"href":"https:\/\/arriendo.com\/co\/wp-json\/wp\/v2\/es_amenities?post=1245"},{"taxonomy":"es_neighborhood","embeddable":true,"href":"https:\/\/arriendo.com\/co\/wp-json\/wp\/v2\/es_neighborhoods?post=1245"},{"taxonomy":"es_tag","embeddable":true,"href":"https:\/\/arriendo.com\/co\/wp-json\/wp\/v2\/es_tags?post=1245"}],"curies":[{"name":"wp","href":"https:\/\/api.w.org\/{rel}","templated":true}]}}

<p><span class="TextRun SCXW193937329 BCX0" lang="ES-CO" xml:lang="ES-CO" data-contrast="auto"><span class="NormalTextRun AdvancedProofingIssueV2Themed SCXW193937329 BCX0" data-ccp-parastyle="No Spacing">Show</span><span class="NormalTextRun SCXW193937329 BCX0" data-ccp-parastyle="No Spacing"> Place Centro Comercial tradicional de la zona norte de Bogotá, ubicado en una zona estratégica de Cedritos, es un lugar donde toda la familia puede vivir experiencias únicas y encontrar una oferta variada en comercio. Su diseño y arquitectura genera un ambiente cálido, acogedor y familiar. Cuenta con una afluencia constante de personas de niveles socio económicos 4, 5 y 6. Adicionalmente, encontrarás marcas reconocidas como Carulla, </span><span class="NormalTextRun SpellingErrorV2Themed SCXW193937329 BCX0" data-ccp-parastyle="No Spacing">BodyTech</span><span class="NormalTextRun SCXW193937329 BCX0" data-ccp-parastyle="No Spacing">, </span><span class="NormalTextRun AdvancedProofingIssueV2Themed SCXW193937329 BCX0" data-ccp-parastyle="No Spacing">Show</span><span class="NormalTextRun SCXW193937329 BCX0" data-ccp-parastyle="No Spacing"> Place y </span><span class="NormalTextRun SpellingErrorV2Themed SCXW193937329 BCX0" data-ccp-parastyle="No Spacing">Jardin</span><span class="NormalTextRun SCXW193937329 BCX0" data-ccp-parastyle="No Spacing"> Infantil Paco y </span><span class="NormalTextRun SpellingErrorV2Themed SCXW193937329 BCX0" data-ccp-parastyle="No Spacing">Tutti</span><span class="NormalTextRun SCXW193937329 BCX0" data-ccp-parastyle="No Spacing">.</span></span><span class="EOP SCXW193937329 BCX0" data-ccp-props="{&quot;201341983&quot;:0,&quot;335551550&quot;:6,&quot;335551620&quot;:6,&quot;335559739&quot;:0,&quot;335559740&quot;:240}"> </span></p>

Show Place Centro Comercial tradicional de la zona norte de Bogotá,...
