{"id":117792,"date":"2025-07-14T11:53:52","date_gmt":"2025-07-14T16:53:52","guid":{"rendered":"https:\/\/arriendo.com\/co\/%es_type%\/\/%neighborhood%\/AR-0\/"},"modified":"2025-07-14T11:53:52","modified_gmt":"2025-07-14T16:53:52","slug":"ar-117792","status":"publish","type":"properties","link":"https:\/\/arriendo.com\/co\/consultorios\/cali\/prados-del-norte\/ar-117792\/","title":{"rendered":"OFICINA \/ CONSULTORIO \/ ESTUDIO \u2013 Frente a la Terminal de Cali (Centro Comercial)"},"content":{"rendered":"<p data-start=\"273\" data-end=\"526\">\u00bfBuscas un espacio estrat\u00e9gico para tu negocio, con excelente ubicaci\u00f3n y tranquilidad? Este moderno local en un centro comercial con alto flujo peatonal y gran conectividad es ideal para profesionales y emprendedores que valoran eficiencia y comodidad.<\/p>\n<p data-start=\"528\" data-end=\"645\"><strong data-start=\"528\" data-end=\"549\">Ubicaci\u00f3n Premium<\/strong><br data-start=\"549\" data-end=\"552\" \/>Justo frente a la Terminal de Cali, con f\u00e1cil acceso a transporte p\u00fablico y v\u00edas principales.<\/p>\n<p data-start=\"647\" data-end=\"815\"><strong data-start=\"647\" data-end=\"678\">Ambiente Exclusivo &#8211; Piso 5<\/strong><br data-start=\"678\" data-end=\"681\" \/>Privacidad, silencio y concentraci\u00f3n. Perfecto para consultor\u00edas, atenci\u00f3n a clientes o trabajo creativo, lejos del ruido de la calle.<\/p>\n<p data-start=\"817\" data-end=\"997\"><strong data-start=\"817\" data-end=\"836\">Listo para Usar<\/strong><br data-start=\"836\" data-end=\"839\" \/>Totalmente remodelado, acabados de calidad, 10 tomas el\u00e9ctricas distribuidas estrat\u00e9gicamente. Ideal para equipos tecnol\u00f3gicos, iluminaci\u00f3n o puntos de venta.<\/p>\n<p data-start=\"999\" data-end=\"1145\"><strong data-start=\"999\" data-end=\"1014\">Comodidades<\/strong><br data-start=\"1014\" data-end=\"1017\" \/>Ba\u00f1os privados y p\u00fablicos.<br data-start=\"1043\" data-end=\"1046\" \/>Ascensor y rampa para acceso con movilidad reducida.<br data-start=\"1098\" data-end=\"1101\" \/>Parqueadero para arrendatarios y visitantes.<\/p>\n<p data-start=\"1147\" data-end=\"1236\"><strong data-start=\"1147\" data-end=\"1171\">Servicios Integrados<\/strong><br data-start=\"1171\" data-end=\"1174\" \/>Mensajer\u00eda y corresponsales dentro del mismo centro comercial.<\/p>\n<p data-start=\"1238\" data-end=\"1256\"><strong data-start=\"1238\" data-end=\"1256\">Seguridad 24\/7<\/strong><\/p>\n<p data-start=\"1258\" data-end=\"1532\"><strong data-start=\"1258\" data-end=\"1272\">Ideal para<\/strong><br data-start=\"1272\" data-end=\"1275\" \/>Consultorios m\u00e9dicos, psicol\u00f3gicos, odontol\u00f3gicos o terap\u00e9uticos.<br data-start=\"1340\" data-end=\"1343\" \/>Oficinas de abogados, contadores, arquitectos o ingenieros.<br data-start=\"1402\" data-end=\"1405\" \/>Agencias de marketing, seguros o viajes.<br data-start=\"1445\" data-end=\"1448\" \/>Centros de capacitaci\u00f3n o estudios creativos.<br data-start=\"1493\" data-end=\"1496\" \/>Atenci\u00f3n al cliente con cita previa.<\/p>\n<p data-start=\"1534\" data-end=\"1621\">Establece tu negocio en un espacio que combina ubicaci\u00f3n, funcionalidad y tranquilidad.<\/p>\n","protected":false},"excerpt":{"rendered":"\u00bfBuscas un espacio estrat\u00e9gico para tu negocio, con excelente ubicaci\u00f3n...","protected":false},"author":4428,"featured_media":117790,"template":"","es_locations":[1754,179,1755,418,1756,895],"es_categories":[124],"es_types":[119,117,116],"es_rent_periods":[],"es_labels":[51],"es_statuses":[126],"es_parkings":[],"es_roofs":[],"es_exterior_materials":[],"es_basements":[],"es_floor_coverings":[],"es_features":[131,136,143],"es_amenities":[153,155,156,158,160,161],"es_neighborhoods":[],"es_tags":[],"class_list":["post-117792","properties","type-properties","status-publish","has-post-thumbnail","hentry","es_location-bueno-madrid","es_location-cali","es_location-centro-comercial-santiago","es_location-colombia","es_location-oficina-139","es_location-san-vicente-nuevo","es_category-arriendo","es_type-consultorios","es_type-locales","es_type-oficinas","es_label-featured","es_status-usado","es_feature-ascensor","es_feature-estudio","es_feature-terraza","es_amenity-conjunto-cerrado","es_amenity-parqueadero-cubierto","es_amenity-parqueadero-visitantes","es_amenity-porteria-recepcion","es_amenity-seguridad-cctv","es_amenity-vigilancia-24-7","es-post-entity"],"_links":{"self":[{"href":"https:\/\/arriendo.com\/co\/wp-json\/wp\/v2\/properties\/117792","targetHints":{"allow":["GET"]}}],"collection":[{"href":"https:\/\/arriendo.com\/co\/wp-json\/wp\/v2\/properties"}],"about":[{"href":"https:\/\/arriendo.com\/co\/wp-json\/wp\/v2\/types\/properties"}],"author":[{"embeddable":true,"href":"https:\/\/arriendo.com\/co\/wp-json\/wp\/v2\/users\/4428"}],"version-history":[{"count":0,"href":"https:\/\/arriendo.com\/co\/wp-json\/wp\/v2\/properties\/117792\/revisions"}],"wp:featuredmedia":[{"embeddable":true,"href":"https:\/\/arriendo.com\/co\/wp-json\/wp\/v2\/media\/117790"}],"wp:attachment":[{"href":"https:\/\/arriendo.com\/co\/wp-json\/wp\/v2\/media?parent=117792"}],"wp:term":[{"taxonomy":"es_location","embeddable":true,"href":"https:\/\/arriendo.com\/co\/wp-json\/wp\/v2\/es_locations?post=117792"},{"taxonomy":"es_category","embeddable":true,"href":"https:\/\/arriendo.com\/co\/wp-json\/wp\/v2\/es_categories?post=117792"},{"taxonomy":"es_type","embeddable":true,"href":"https:\/\/arriendo.com\/co\/wp-json\/wp\/v2\/es_types?post=117792"},{"taxonomy":"es_rent_period","embeddable":true,"href":"https:\/\/arriendo.com\/co\/wp-json\/wp\/v2\/es_rent_periods?post=117792"},{"taxonomy":"es_label","embeddable":true,"href":"https:\/\/arriendo.com\/co\/wp-json\/wp\/v2\/es_labels?post=117792"},{"taxonomy":"es_status","embeddable":true,"href":"https:\/\/arriendo.com\/co\/wp-json\/wp\/v2\/es_statuses?post=117792"},{"taxonomy":"es_parking","embeddable":true,"href":"https:\/\/arriendo.com\/co\/wp-json\/wp\/v2\/es_parkings?post=117792"},{"taxonomy":"es_roof","embeddable":true,"href":"https:\/\/arriendo.com\/co\/wp-json\/wp\/v2\/es_roofs?post=117792"},{"taxonomy":"es_exterior_material","embeddable":true,"href":"https:\/\/arriendo.com\/co\/wp-json\/wp\/v2\/es_exterior_materials?post=117792"},{"taxonomy":"es_basement","embeddable":true,"href":"https:\/\/arriendo.com\/co\/wp-json\/wp\/v2\/es_basements?post=117792"},{"taxonomy":"es_floor_covering","embeddable":true,"href":"https:\/\/arriendo.com\/co\/wp-json\/wp\/v2\/es_floor_coverings?post=117792"},{"taxonomy":"es_feature","embeddable":true,"href":"https:\/\/arriendo.com\/co\/wp-json\/wp\/v2\/es_features?post=117792"},{"taxonomy":"es_amenity","embeddable":true,"href":"https:\/\/arriendo.com\/co\/wp-json\/wp\/v2\/es_amenities?post=117792"},{"taxonomy":"es_neighborhood","embeddable":true,"href":"https:\/\/arriendo.com\/co\/wp-json\/wp\/v2\/es_neighborhoods?post=117792"},{"taxonomy":"es_tag","embeddable":true,"href":"https:\/\/arriendo.com\/co\/wp-json\/wp\/v2\/es_tags?post=117792"}],"curies":[{"name":"wp","href":"https:\/\/api.w.org\/{rel}","templated":true}]}}

<p data-start="273" data-end="526">¿Buscas un espacio estratégico para tu negocio, con excelente ubicación y tranquilidad? Este moderno local en un centro comercial con alto flujo peatonal y gran conectividad es ideal para profesionales y emprendedores que valoran eficiencia y comodidad.</p>
<p data-start="528" data-end="645"><strong data-start="528" data-end="549">Ubicación Premium</strong><br data-start="549" data-end="552" />Justo frente a la Terminal de Cali, con fácil acceso a transporte público y vías principales.</p>
<p data-start="647" data-end="815"><strong data-start="647" data-end="678">Ambiente Exclusivo &#8211; Piso 5</strong><br data-start="678" data-end="681" />Privacidad, silencio y concentración. Perfecto para consultorías, atención a clientes o trabajo creativo, lejos del ruido de la calle.</p>
<p data-start="817" data-end="997"><strong data-start="817" data-end="836">Listo para Usar</strong><br data-start="836" data-end="839" />Totalmente remodelado, acabados de calidad, 10 tomas eléctricas distribuidas estratégicamente. Ideal para equipos tecnológicos, iluminación o puntos de venta.</p>
<p data-start="999" data-end="1145"><strong data-start="999" data-end="1014">Comodidades</strong><br data-start="1014" data-end="1017" />Baños privados y públicos.<br data-start="1043" data-end="1046" />Ascensor y rampa para acceso con movilidad reducida.<br data-start="1098" data-end="1101" />Parqueadero para arrendatarios y visitantes.</p>
<p data-start="1147" data-end="1236"><strong data-start="1147" data-end="1171">Servicios Integrados</strong><br data-start="1171" data-end="1174" />Mensajería y corresponsales dentro del mismo centro comercial.</p>
<p data-start="1238" data-end="1256"><strong data-start="1238" data-end="1256">Seguridad 24/7</strong></p>
<p data-start="1258" data-end="1532"><strong data-start="1258" data-end="1272">Ideal para</strong><br data-start="1272" data-end="1275" />Consultorios médicos, psicológicos, odontológicos o terapéuticos.<br data-start="1340" data-end="1343" />Oficinas de abogados, contadores, arquitectos o ingenieros.<br data-start="1402" data-end="1405" />Agencias de marketing, seguros o viajes.<br data-start="1445" data-end="1448" />Centros de capacitación o estudios creativos.<br data-start="1493" data-end="1496" />Atención al cliente con cita previa.</p>
<p data-start="1534" data-end="1621">Establece tu negocio en un espacio que combina ubicación, funcionalidad y tranquilidad.</p>

¿Buscas un espacio estratégico para tu negocio, con excelente ubicación...
