{"id":11323,"date":"2024-10-28T10:05:59","date_gmt":"2024-10-28T15:05:59","guid":{"rendered":"https:\/\/arriendo.com\/co\/%es_type%\/medellin\/calasanz\/vqw1Wu5H0\/"},"modified":"2025-06-17T16:27:27","modified_gmt":"2025-06-17T21:27:27","slug":"ar-11323","status":"publish","type":"properties","link":"https:\/\/arriendo.com\/co\/casas\/medellin\/calasanz\/ar-11323\/","title":{"rendered":"Arriendo casa con local en Calasanz de 230 m\u00b2"},"content":{"rendered":"<p data-start=\"275\" data-end=\"512\">\u00bfBuscas un espacio amplio, funcional y con ubicaci\u00f3n estrat\u00e9gica para vivir o emprender? Este arriendo casa con local en Calasanz parte baja, Medell\u00edn, es una excelente opci\u00f3n para quienes desean unir hogar y negocio en un solo lugar.<\/p>\n<p data-start=\"514\" data-end=\"861\">Ubicada cerca de la Avenida Colombia y la Avenida 80, esta propiedad goza de alto flujo peatonal y vehicular, lo que la convierte en un punto atractivo para actividades comerciales o de servicios. Su cercan\u00eda a mercados, restaurantes, estaciones de transporte p\u00fablico y v\u00edas principales garantiza comodidad y visibilidad para tu negocio o empresa.<\/p>\n<p data-start=\"863\" data-end=\"1164\">La casa tiene un \u00e1rea construida de 230 m\u00b2 distribuidos en 5 habitaciones amplias, 3 ba\u00f1os, un patio interno ideal para ventilaci\u00f3n natural y espacios de descanso, y una zona que puede adaptarse como local o \u00e1rea comercial seg\u00fan tus necesidades. Adem\u00e1s, cuenta con 2 parqueaderos para mayor comodidad.<\/p>\n<p data-start=\"1166\" data-end=\"1369\">Gracias a su dise\u00f1o vers\u00e1til y su excelente ubicaci\u00f3n, este inmueble es ideal para funcionar como sede de una empresa de servicios, consultorio, bodega, restaurante o incluso como vivienda multifamiliar.<\/p>\n<p data-start=\"1371\" data-end=\"1531\">No dejes pasar esta oportunidad \u00fanica de establecer tu hogar y tu negocio en uno de los sectores m\u00e1s din\u00e1micos de Medell\u00edn. \u00a1Cont\u00e1ctanos para agendar tu visita!<\/p>\n","protected":false},"excerpt":{"rendered":"\u00bfBuscas un espacio amplio, funcional y con ubicaci\u00f3n estrat\u00e9gica para...","protected":false},"author":2614,"featured_media":11325,"template":"","es_locations":[79,495,418,305],"es_categories":[124],"es_types":[115],"es_rent_periods":[],"es_labels":[51],"es_statuses":[],"es_parkings":[],"es_roofs":[],"es_exterior_materials":[],"es_basements":[],"es_floor_coverings":[],"es_features":[],"es_amenities":[],"es_neighborhoods":[],"es_tags":[],"class_list":["post-11323","properties","type-properties","status-publish","has-post-thumbnail","hentry","es_location-antioquia","es_location-calasanz","es_location-colombia","es_location-medellin","es_category-arriendo","es_type-casas","es_label-featured","es-post-entity"],"_links":{"self":[{"href":"https:\/\/arriendo.com\/co\/wp-json\/wp\/v2\/properties\/11323","targetHints":{"allow":["GET"]}}],"collection":[{"href":"https:\/\/arriendo.com\/co\/wp-json\/wp\/v2\/properties"}],"about":[{"href":"https:\/\/arriendo.com\/co\/wp-json\/wp\/v2\/types\/properties"}],"author":[{"embeddable":true,"href":"https:\/\/arriendo.com\/co\/wp-json\/wp\/v2\/users\/2614"}],"version-history":[{"count":0,"href":"https:\/\/arriendo.com\/co\/wp-json\/wp\/v2\/properties\/11323\/revisions"}],"wp:featuredmedia":[{"embeddable":true,"href":"https:\/\/arriendo.com\/co\/wp-json\/wp\/v2\/media\/11325"}],"wp:attachment":[{"href":"https:\/\/arriendo.com\/co\/wp-json\/wp\/v2\/media?parent=11323"}],"wp:term":[{"taxonomy":"es_location","embeddable":true,"href":"https:\/\/arriendo.com\/co\/wp-json\/wp\/v2\/es_locations?post=11323"},{"taxonomy":"es_category","embeddable":true,"href":"https:\/\/arriendo.com\/co\/wp-json\/wp\/v2\/es_categories?post=11323"},{"taxonomy":"es_type","embeddable":true,"href":"https:\/\/arriendo.com\/co\/wp-json\/wp\/v2\/es_types?post=11323"},{"taxonomy":"es_rent_period","embeddable":true,"href":"https:\/\/arriendo.com\/co\/wp-json\/wp\/v2\/es_rent_periods?post=11323"},{"taxonomy":"es_label","embeddable":true,"href":"https:\/\/arriendo.com\/co\/wp-json\/wp\/v2\/es_labels?post=11323"},{"taxonomy":"es_status","embeddable":true,"href":"https:\/\/arriendo.com\/co\/wp-json\/wp\/v2\/es_statuses?post=11323"},{"taxonomy":"es_parking","embeddable":true,"href":"https:\/\/arriendo.com\/co\/wp-json\/wp\/v2\/es_parkings?post=11323"},{"taxonomy":"es_roof","embeddable":true,"href":"https:\/\/arriendo.com\/co\/wp-json\/wp\/v2\/es_roofs?post=11323"},{"taxonomy":"es_exterior_material","embeddable":true,"href":"https:\/\/arriendo.com\/co\/wp-json\/wp\/v2\/es_exterior_materials?post=11323"},{"taxonomy":"es_basement","embeddable":true,"href":"https:\/\/arriendo.com\/co\/wp-json\/wp\/v2\/es_basements?post=11323"},{"taxonomy":"es_floor_covering","embeddable":true,"href":"https:\/\/arriendo.com\/co\/wp-json\/wp\/v2\/es_floor_coverings?post=11323"},{"taxonomy":"es_feature","embeddable":true,"href":"https:\/\/arriendo.com\/co\/wp-json\/wp\/v2\/es_features?post=11323"},{"taxonomy":"es_amenity","embeddable":true,"href":"https:\/\/arriendo.com\/co\/wp-json\/wp\/v2\/es_amenities?post=11323"},{"taxonomy":"es_neighborhood","embeddable":true,"href":"https:\/\/arriendo.com\/co\/wp-json\/wp\/v2\/es_neighborhoods?post=11323"},{"taxonomy":"es_tag","embeddable":true,"href":"https:\/\/arriendo.com\/co\/wp-json\/wp\/v2\/es_tags?post=11323"}],"curies":[{"name":"wp","href":"https:\/\/api.w.org\/{rel}","templated":true}]}}

<p data-start="275" data-end="512">¿Buscas un espacio amplio, funcional y con ubicación estratégica para vivir o emprender? Este arriendo casa con local en Calasanz parte baja, Medellín, es una excelente opción para quienes desean unir hogar y negocio en un solo lugar.</p>
<p data-start="514" data-end="861">Ubicada cerca de la Avenida Colombia y la Avenida 80, esta propiedad goza de alto flujo peatonal y vehicular, lo que la convierte en un punto atractivo para actividades comerciales o de servicios. Su cercanía a mercados, restaurantes, estaciones de transporte público y vías principales garantiza comodidad y visibilidad para tu negocio o empresa.</p>
<p data-start="863" data-end="1164">La casa tiene un área construida de 230 m² distribuidos en 5 habitaciones amplias, 3 baños, un patio interno ideal para ventilación natural y espacios de descanso, y una zona que puede adaptarse como local o área comercial según tus necesidades. Además, cuenta con 2 parqueaderos para mayor comodidad.</p>
<p data-start="1166" data-end="1369">Gracias a su diseño versátil y su excelente ubicación, este inmueble es ideal para funcionar como sede de una empresa de servicios, consultorio, bodega, restaurante o incluso como vivienda multifamiliar.</p>
<p data-start="1371" data-end="1531">No dejes pasar esta oportunidad única de establecer tu hogar y tu negocio en uno de los sectores más dinámicos de Medellín. ¡Contáctanos para agendar tu visita!</p>

¿Buscas un espacio amplio, funcional y con ubicación estratégica para...
