{"id":103220,"date":"2025-06-24T09:12:35","date_gmt":"2025-06-24T14:12:35","guid":{"rendered":"https:\/\/arriendo.com\/co\/%es_type%\/manizales\/avenida-santander\/AR-0\/"},"modified":"2025-10-24T13:07:51","modified_gmt":"2025-10-24T18:07:51","slug":"ar-103220","status":"publish","type":"properties","link":"https:\/\/arriendo.com\/co\/oficinas\/manizales\/avenida-santander\/ar-103220\/","title":{"rendered":"ARRIENDO OFICINA EN AVENIDA SANTANDER | ARRIENDOS MANIZALES"},"content":{"rendered":"<p>\ud83c\udfe2 Venta de Oficina en el Cable, Manizales \ud83c\udfe2 Excelente oportunidad de inversi\u00f3n en la zona rosa de la ciudad. \ud83d\udcc8\u2728 Oficina de 56.60 m\u00b2, con 1 ba\u00f1o, aire acondicionado, balc\u00f3n, cocina equipada y garaje. Incluye sal\u00f3n social, gimnasio, canchas de juegos, y una terraza con vistas panor\u00e1micas. Ubicada cerca de avenidas principales, universidades y centros comerciales. Porter\u00eda 24 horas, ascensor y circuito cerrado de TV. Ideal para negocios y empresas. \ud83c\udfd9\ufe0f\ud83d\ude80<\/p>\n","protected":false},"excerpt":{"rendered":"\ud83c\udfe2 Venta de Oficina en el Cable, Manizales \ud83c\udfe2 Excelente...","protected":false},"author":4152,"featured_media":103222,"template":"","es_locations":[1605,84,418,340],"es_categories":[124],"es_types":[116],"es_rent_periods":[],"es_labels":[],"es_statuses":[],"es_parkings":[],"es_roofs":[],"es_exterior_materials":[],"es_basements":[],"es_floor_coverings":[],"es_features":[],"es_amenities":[],"es_neighborhoods":[],"es_tags":[],"class_list":["post-103220","properties","type-properties","status-publish","has-post-thumbnail","hentry","es_location-avenida-santander","es_location-caldas","es_location-colombia","es_location-manizales","es_category-arriendo","es_type-oficinas","es-post-entity"],"_links":{"self":[{"href":"https:\/\/arriendo.com\/co\/wp-json\/wp\/v2\/properties\/103220","targetHints":{"allow":["GET"]}}],"collection":[{"href":"https:\/\/arriendo.com\/co\/wp-json\/wp\/v2\/properties"}],"about":[{"href":"https:\/\/arriendo.com\/co\/wp-json\/wp\/v2\/types\/properties"}],"author":[{"embeddable":true,"href":"https:\/\/arriendo.com\/co\/wp-json\/wp\/v2\/users\/4152"}],"version-history":[{"count":0,"href":"https:\/\/arriendo.com\/co\/wp-json\/wp\/v2\/properties\/103220\/revisions"}],"wp:featuredmedia":[{"embeddable":true,"href":"https:\/\/arriendo.com\/co\/wp-json\/wp\/v2\/media\/103222"}],"wp:attachment":[{"href":"https:\/\/arriendo.com\/co\/wp-json\/wp\/v2\/media?parent=103220"}],"wp:term":[{"taxonomy":"es_location","embeddable":true,"href":"https:\/\/arriendo.com\/co\/wp-json\/wp\/v2\/es_locations?post=103220"},{"taxonomy":"es_category","embeddable":true,"href":"https:\/\/arriendo.com\/co\/wp-json\/wp\/v2\/es_categories?post=103220"},{"taxonomy":"es_type","embeddable":true,"href":"https:\/\/arriendo.com\/co\/wp-json\/wp\/v2\/es_types?post=103220"},{"taxonomy":"es_rent_period","embeddable":true,"href":"https:\/\/arriendo.com\/co\/wp-json\/wp\/v2\/es_rent_periods?post=103220"},{"taxonomy":"es_label","embeddable":true,"href":"https:\/\/arriendo.com\/co\/wp-json\/wp\/v2\/es_labels?post=103220"},{"taxonomy":"es_status","embeddable":true,"href":"https:\/\/arriendo.com\/co\/wp-json\/wp\/v2\/es_statuses?post=103220"},{"taxonomy":"es_parking","embeddable":true,"href":"https:\/\/arriendo.com\/co\/wp-json\/wp\/v2\/es_parkings?post=103220"},{"taxonomy":"es_roof","embeddable":true,"href":"https:\/\/arriendo.com\/co\/wp-json\/wp\/v2\/es_roofs?post=103220"},{"taxonomy":"es_exterior_material","embeddable":true,"href":"https:\/\/arriendo.com\/co\/wp-json\/wp\/v2\/es_exterior_materials?post=103220"},{"taxonomy":"es_basement","embeddable":true,"href":"https:\/\/arriendo.com\/co\/wp-json\/wp\/v2\/es_basements?post=103220"},{"taxonomy":"es_floor_covering","embeddable":true,"href":"https:\/\/arriendo.com\/co\/wp-json\/wp\/v2\/es_floor_coverings?post=103220"},{"taxonomy":"es_feature","embeddable":true,"href":"https:\/\/arriendo.com\/co\/wp-json\/wp\/v2\/es_features?post=103220"},{"taxonomy":"es_amenity","embeddable":true,"href":"https:\/\/arriendo.com\/co\/wp-json\/wp\/v2\/es_amenities?post=103220"},{"taxonomy":"es_neighborhood","embeddable":true,"href":"https:\/\/arriendo.com\/co\/wp-json\/wp\/v2\/es_neighborhoods?post=103220"},{"taxonomy":"es_tag","embeddable":true,"href":"https:\/\/arriendo.com\/co\/wp-json\/wp\/v2\/es_tags?post=103220"}],"curies":[{"name":"wp","href":"https:\/\/api.w.org\/{rel}","templated":true}]}}

<p>🏢 Venta de Oficina en el Cable, Manizales 🏢 Excelente oportunidad de inversión en la zona rosa de la ciudad. 📈✨ Oficina de 56.60 m², con 1 baño, aire acondicionado, balcón, cocina equipada y garaje. Incluye salón social, gimnasio, canchas de juegos, y una terraza con vistas panorámicas. Ubicada cerca de avenidas principales, universidades y centros comerciales. Portería 24 horas, ascensor y circuito cerrado de TV. Ideal para negocios y empresas. 🏙️🚀</p>
